{"id":65,"date":"2012-11-02T17:23:57","date_gmt":"2012-11-02T16:23:57","guid":{"rendered":"http:\/\/blogs.crespel.me\/usa2013\/?page_id=65"},"modified":"2017-09-12T10:25:40","modified_gmt":"2017-09-12T08:25:40","slug":"campgrounds","status":"publish","type":"page","link":"https:\/\/blogs.crespel.me\/usa2013\/annexes\/campgrounds\/","title":{"rendered":"Campgrounds"},"content":{"rendered":"<h3>Les 13 campgrounds (et commerces\/restaurants + activit\u00e9s environnantes) o\u00f9 nous avons pos\u00e9 notre camping car de 25 pieds (7,60m).<\/h3>\n<p>Rappel des proc\u00e9dures:<\/p>\n<p><em>En g\u00e9n\u00e9ral il faut renseigner ou choisir: <\/em><br \/>\n<em>&#8211; La position du CC sur l&#8217;emplacement (Back In:en marche arri\u00e8re\/Pull Thru: traversant). <\/em><br \/>\n<em>&#8211; la taille du CC: 25pieds (par exemple) Slide out= s&rsquo;il comporte des extensions lat\u00e9rales. Le mod\u00e8le (classe C= motorhome). <\/em><br \/>\n<em>&#8211; Fullhookup simple= tous branchements (courant\/eau\/vidange). Courant= 30 amp\u00e8res (50 c&rsquo;est pour du tr\u00e8s gros&#8230;). <\/em><br \/>\n<em>&#8211; il peut y avoir des fullhookup avec Wifi, c\u00e2ble, mais c&rsquo;est pr\u00e9cis\u00e9 et pas utile. <\/em><br \/>\n<em>&#8211; les dates d&rsquo;arriv\u00e9e et de d\u00e9part. <\/em><br \/>\n<em>&#8211; Le nombre d&rsquo;occupants.<\/em><\/p>\n<p>Privil\u00e9gier les campings des parcs (les localiser sur nps.gov et \u00e0 r\u00e9server sur xanterra.com et recreation.gov).<\/p>\n<p>Alterner ceux \u00ab\u00a0sans\u00a0\u00bb branchement, et ceux \u00ab\u00a0avec\u00a0\u00bb branchements (courant, eau, vidange).<\/p>\n<p>Utiliser rvparkreviews.com puis: la s\u00e9lection par Etat, par ville et les avis des utilisateurs.<\/p>\n<p>Ne pas oublier que le \u00ab camping sauvage \u00bb est interdit presque partout (sauf sur les terres du BLM, et certains supermarch\u00e9s Walmart -mais l\u00e0 bonjour l\u2019environnement et la s\u00e9curit\u00e9 sans parler de l\u2019\u00e9loignement\u2026).<\/p>\n<p>&nbsp;<\/p>\n<p>Rappel de quelques notions:<\/p>\n<p><em>&#8211; sans branchements et sans faire aller le g\u00e9n\u00e9rateur= que le courant d&rsquo;\u00e9clairage sur la batterie auxiliaire (pas de clim, ni de four, ni de recharge d&rsquo;appareils \u00e9lectriques) et chauffage limit\u00e9 qui est au gaz mais son thermostat est sur cette m\u00eame batterie auxiliaire. <\/em><\/p>\n<p><em>&#8211; sans branchement et AVEC le g\u00e9n\u00e9rateur= tout fonctionne, mais le g\u00e9n\u00e9rateur est bruyant et son utilisation r\u00e8glement\u00e9e (entre 8h00 et 20h00). <\/em><\/p>\n<p><em>&#8211; il y a un r\u00e9servoir d&rsquo;eau propre pour \u00e9vier, lavabo, douche, WC. Un r\u00e9servoir d&rsquo;eau sale \u00ab\u00a0grise\u00a0\u00bb pour \u00e9vier, lavabo, douche. Un r\u00e9servoir d&rsquo;eau sale \u00ab\u00a0noire\u00a0\u00bb pour WC.<\/em><br \/>\n<em>&#8211; pour l&rsquo;eau \u00e0 boire et cuisiner, utiliser les bombonnes de 1 gallon (3,8.L).<\/em><\/p>\n<p>&nbsp;<\/p>\n<p><strong>Ci-dessous ma s\u00e9lection 2013:<\/strong><\/p>\n<ul>\n<li><a title=\"Holiday campground West Point Lake\" href=\"http:\/\/blogs.crespel.me\/usa2013\/annexes\/campgrounds\/holiday-campground-west-point-lake\/\">Holiday camp<\/a> \u00e0 West Point Lake\/Ga<\/li>\n<li><a title=\"Shady Acres campground \u00e0 Mobile\" href=\"http:\/\/blogs.crespel.me\/usa2013\/annexes\/campgrounds\/shady-acres-campground-a-mobile\/\">Shady Acres <\/a>home park \u00e0 Mobile\/Al<\/li>\n<li><a title=\"French Quarter RV resort\" href=\"http:\/\/blogs.crespel.me\/usa2013\/annexes\/campgrounds\/french-quarter-rv-resort\/\">French Quarter RV resort<\/a> \u00e0 New Orleans: 3 nuits<\/li>\n<li><a title=\"Capri court campground \u00e0 Houma\" href=\"http:\/\/blogs.crespel.me\/usa2013\/annexes\/campgrounds\/capri-court-campground-a-houma\/\">Capri court campground<\/a> \u00e0 Houma<\/li>\n<li><a title=\"Abbeville RVpark\" href=\"http:\/\/blogs.crespel.me\/usa2013\/annexes\/campgrounds\/abbeville-rvpark\/\">Abbeville RVpark<\/a> \u00e0 Abbeville<\/li>\n<li><a title=\"RVpark KOA \u00e0 Lafayette\" href=\"http:\/\/blogs.crespel.me\/usa2013\/annexes\/campgrounds\/rvpark-koa-a-lafayette\/\">KOA \u00e0 Lafayette<\/a>: 3 nuits<\/li>\n<li><a title=\"River View RVpark \u00e0 Natchez\" href=\"http:\/\/blogs.crespel.me\/usa2013\/annexes\/campgrounds\/river-view-rvpark-a-natchez\/\">River View RV<\/a> \u00e0 Natchez<\/li>\n<li><a title=\"Pecan Grove RVpark Arkansas\" href=\"http:\/\/blogs.crespel.me\/usa2013\/annexes\/campgrounds\/pecan-grove-rvpark-arkansas\/\">Pecan Grove<\/a> \u00e0 Lake village\/Ar<\/li>\n<li><a title=\"Graceland RVpark \u00e0 Memphis\" href=\"http:\/\/blogs.crespel.me\/usa2013\/annexes\/campgrounds\/graceland-rvpark-a-memphis\/\">Graceland RVpark <\/a>\u00e0 Memphis: 2 nuits<\/li>\n<li><a title=\"RVpark KOA \u00e0 Nashville\" href=\"http:\/\/blogs.crespel.me\/usa2013\/annexes\/campgrounds\/rvpark-koa-a-nashville\/\">KOA Opryland<\/a> \u00e0 Nashville: 3 nuits<\/li>\n<li><a title=\"RVpark KOA \u00e0 Townsend\" href=\"http:\/\/blogs.crespel.me\/usa2013\/annexes\/campgrounds\/rvpark-koa-a-townsend\/\">KOA SmokyM<\/a> \u00e0 Townsend<\/li>\n<li><a title=\"RVpark KOA \u00e0 Cherokee\" href=\"http:\/\/blogs.crespel.me\/usa2013\/annexes\/campgrounds\/rvpark-koa-a-cherokee\/\">KOA Big Cove<\/a> \u00e0 Oconaluftee<\/li>\n<li><a title=\"RVpark et lodge \u00e0 Blue Ridge\" href=\"http:\/\/blogs.crespel.me\/usa2013\/annexes\/campgrounds\/rvpark-et-lodge-a-blue-ridge\/\">Blue Ridge lodge et RVpark<\/a> \u00e0 Blue Ridge<\/li>\n<\/ul>\n<h3>On pourra d\u00e9crire aussi l&rsquo; h\u00f4tel.<\/h3>\n<ul>\n<li><a title=\"Quality h\u00f4tel Downton \u00e0 Atlanta\" href=\"http:\/\/blogs.crespel.me\/usa2013\/annexes\/campgrounds\/quality-hotel-downton-a-atlanta\/\">Quality h\u00f4tel Downton<\/a> \u00e0 Atlanta : 2 nuits<\/li>\n<\/ul>\n<p>&nbsp;<\/p>\n","protected":false},"excerpt":{"rendered":"<p>Les 13 campgrounds (et commerces\/restaurants + activit\u00e9s environnantes) o\u00f9 nous avons pos\u00e9 notre camping car de 25 pieds (7,60m). Rappel des proc\u00e9dures: En g\u00e9n\u00e9ral il faut renseigner ou choisir: &#8211; La position du CC sur l&#8217;emplacement (Back In:en marche arri\u00e8re\/Pull Thru: traversant). &#8211; la taille du CC: 25pieds (par exemple) Slide out= s&rsquo;il comporte des [&hellip;]<\/p>\n","protected":false},"author":2,"featured_media":0,"parent":8,"menu_order":0,"comment_status":"open","ping_status":"open","template":"","meta":{"footnotes":""},"class_list":["post-65","page","type-page","status-publish","hentry"],"_links":{"self":[{"href":"https:\/\/blogs.crespel.me\/usa2013\/wp-json\/wp\/v2\/pages\/65","targetHints":{"allow":["GET"]}}],"collection":[{"href":"https:\/\/blogs.crespel.me\/usa2013\/wp-json\/wp\/v2\/pages"}],"about":[{"href":"https:\/\/blogs.crespel.me\/usa2013\/wp-json\/wp\/v2\/types\/page"}],"author":[{"embeddable":true,"href":"https:\/\/blogs.crespel.me\/usa2013\/wp-json\/wp\/v2\/users\/2"}],"replies":[{"embeddable":true,"href":"https:\/\/blogs.crespel.me\/usa2013\/wp-json\/wp\/v2\/comments?post=65"}],"version-history":[{"count":15,"href":"https:\/\/blogs.crespel.me\/usa2013\/wp-json\/wp\/v2\/pages\/65\/revisions"}],"predecessor-version":[{"id":1385,"href":"https:\/\/blogs.crespel.me\/usa2013\/wp-json\/wp\/v2\/pages\/65\/revisions\/1385"}],"up":[{"embeddable":true,"href":"https:\/\/blogs.crespel.me\/usa2013\/wp-json\/wp\/v2\/pages\/8"}],"wp:attachment":[{"href":"https:\/\/blogs.crespel.me\/usa2013\/wp-json\/wp\/v2\/media?parent=65"}],"curies":[{"name":"wp","href":"https:\/\/api.w.org\/{rel}","templated":true}]}}