{"id":1200,"date":"2013-05-27T10:14:40","date_gmt":"2013-05-27T08:14:40","guid":{"rendered":"http:\/\/blogs.crespel.me\/usa2013\/?page_id=1200"},"modified":"2013-05-27T10:14:40","modified_gmt":"2013-05-27T08:14:40","slug":"visitor-center-et-assimiles","status":"publish","type":"page","link":"https:\/\/blogs.crespel.me\/usa2013\/visitor-center-et-assimiles\/","title":{"rendered":"Visitor Center et assimil\u00e9s"},"content":{"rendered":"<h3>Les Visitor ou Cultural Center, o\u00f9 l&rsquo;on obtient toutes les infos pratiques :<\/h3>\n<p>Apr\u00e8s le \u00ab\u00a0p\u00e9age\u00a0\u00bb du parc (qui fournit en g\u00e9n\u00e9ral le plan et le journal), le VC est un passage \u00ab\u00a0oblig\u00e9\u00a0\u00bb o\u00f9 il FAUT consacrer de 15 \u00e0 45 minutes, voire plus suivant l&rsquo;int\u00e9r\u00eat.<\/p>\n<p>Les Visitor ou Cultural Center peuvent \u00eatre aussi situ\u00e9s en ville. On y trouve : les Rangers \u00ab\u00a0toujours pr\u00eats\u00a0\u00bb et autres b\u00e9n\u00e9voles, la m\u00e9t\u00e9o, les cartes d\u00e9taill\u00e9es, une boutique, des panneaux explicatifs, une salle de projection (il suffit de leur demander de d\u00e9marrer le film), et quelquefois un v\u00e9ritable mus\u00e9e, des d\u00e9monstrations d&rsquo;artisanat ou m\u00eame des danses.<\/p>\n<p>Pour les parcs Nationaux*, voir le site nps.gov pour le d\u00e9tail de chacun (exemple pour <a href=\"http:\/\/www.nps.gov\/grsm\/planyourvisit\/visitorcenters.htm\">Smoky Mountains<\/a>).<\/p>\n<p>Pour les autres, rechercher leur propre lien.<\/p>\n<p><em>Voici la liste de ceux rencontr\u00e9s:<br \/>\n<\/em><\/p>\n<ul>\n<li>Gulf Island National Seashore pr\u00e8s de Ocean Springs.<\/li>\n<li>Wetlands Acadian Cultural center \u00e0 Thibodaux.<\/li>\n<li>Acadian Center \u00e0 Lafayette.<\/li>\n<li>Prairie Acadian Cultural center \u00e0 Eunice.<\/li>\n<li>Cultural Center et African museum \u00e0 St Martinville.<\/li>\n<li>Visitor center de Natchez.<\/li>\n<li>Visitor Center du Vicksburg military park.<\/li>\n<li>Heritage center, museum et village \u00e0 Townsend.<\/li>\n<li>Sugarland* visitor center \u00e0 Gatlinburg.<\/li>\n<li>Oconaluftee* visitor center pr\u00e8s de Cherokee.<\/li>\n<li>Visitor center de Tallulah Gorge SP.<\/li>\n<\/ul>\n<p>&nbsp;<\/p>\n<p>&nbsp;<\/p>\n<p>&nbsp;<\/p>\n<p>&nbsp;<\/p>\n<p>&nbsp;<\/p>\n","protected":false},"excerpt":{"rendered":"<p>Les Visitor ou Cultural Center, o\u00f9 l&rsquo;on obtient toutes les infos pratiques : Apr\u00e8s le \u00ab\u00a0p\u00e9age\u00a0\u00bb du parc (qui fournit en g\u00e9n\u00e9ral le plan et le journal), le VC est un passage \u00ab\u00a0oblig\u00e9\u00a0\u00bb o\u00f9 il FAUT consacrer de 15 \u00e0 45 minutes, voire plus suivant l&rsquo;int\u00e9r\u00eat. Les Visitor ou Cultural Center peuvent \u00eatre aussi situ\u00e9s [&hellip;]<\/p>\n","protected":false},"author":2,"featured_media":0,"parent":0,"menu_order":0,"comment_status":"open","ping_status":"open","template":"","meta":{"footnotes":""},"class_list":["post-1200","page","type-page","status-publish","hentry"],"_links":{"self":[{"href":"https:\/\/blogs.crespel.me\/usa2013\/wp-json\/wp\/v2\/pages\/1200","targetHints":{"allow":["GET"]}}],"collection":[{"href":"https:\/\/blogs.crespel.me\/usa2013\/wp-json\/wp\/v2\/pages"}],"about":[{"href":"https:\/\/blogs.crespel.me\/usa2013\/wp-json\/wp\/v2\/types\/page"}],"author":[{"embeddable":true,"href":"https:\/\/blogs.crespel.me\/usa2013\/wp-json\/wp\/v2\/users\/2"}],"replies":[{"embeddable":true,"href":"https:\/\/blogs.crespel.me\/usa2013\/wp-json\/wp\/v2\/comments?post=1200"}],"version-history":[{"count":4,"href":"https:\/\/blogs.crespel.me\/usa2013\/wp-json\/wp\/v2\/pages\/1200\/revisions"}],"predecessor-version":[{"id":1204,"href":"https:\/\/blogs.crespel.me\/usa2013\/wp-json\/wp\/v2\/pages\/1200\/revisions\/1204"}],"wp:attachment":[{"href":"https:\/\/blogs.crespel.me\/usa2013\/wp-json\/wp\/v2\/media?parent=1200"}],"curies":[{"name":"wp","href":"https:\/\/api.w.org\/{rel}","templated":true}]}}