{"id":1128,"date":"2013-05-25T17:59:23","date_gmt":"2013-05-25T15:59:23","guid":{"rendered":"http:\/\/blogs.crespel.me\/usa2013\/?page_id=1128"},"modified":"2013-05-25T17:59:24","modified_gmt":"2013-05-25T15:59:24","slug":"quality-hotel-downton-a-atlanta","status":"publish","type":"page","link":"https:\/\/blogs.crespel.me\/usa2013\/annexes\/campgrounds\/quality-hotel-downton-a-atlanta\/","title":{"rendered":"Quality h\u00f4tel Downton \u00e0 Atlanta"},"content":{"rendered":"<h3>Description<\/h3>\n<ul>\n<li>Situ\u00e9 au 89 Luckie St dans le centre ville d&rsquo;Atlanta (Downton).<\/li>\n<li>R\u00e9sa directe des 2 nuits sur le site Hotelplusportal.<a href=\"http:\/\/www.rockymountaincampground.com\/\"><br \/>\n<\/a><\/li>\n<li>Accueil cordial.<\/li>\n<li>Prix 203,09$ par nuit pour 2 Queen Beds, avec petit d\u00e9jeuner correct, aurait pu \u00eatre plus vari\u00e9, occupation 3 personnes.<\/li>\n<li>Lobby avenant avec piano.<\/li>\n<li>Salle de sports (non test\u00e9e).<\/li>\n<li>M\u00e9fiance*** voir ci-dessous.<\/li>\n<\/ul>\n<h3>Non recommandable !<\/h3>\n<ul>\n<li>Chambre 608 le 26\/04\/2013: fen\u00eatre donnant sur le mur du parking \u00e0 30cm ! baignoire t\u00e2ch\u00e9e (le robinet fuit), moquette sale, la cafeti\u00e8re contient un liquide noir moisi&#8230; D\u00e9plorable.<\/li>\n<li>Chambre 705 le 17\/05\/2013: porte fen\u00eatre c\u00f4t\u00e9 rue ne ferme pas (bruit). Baignoire t\u00e2ch\u00e9e (le robinet fuit), moquette sale, puces de lit constat\u00e9es au lever&#8230; Inadmissible.<\/li>\n<\/ul>\n<h3>Les environs<\/h3>\n<ul>\n<li>Restaurant Italien AZIO \u00e0 500 m.<\/li>\n<li>Aquarium d&rsquo;Atlanta \u00e0 15 mn \u00e0 pieds (vers l&rsquo;Ouest), Martin Luther King Center \u00e0 25 mn \u00e0 pieds (vers l&rsquo;Est).<\/li>\n<\/ul>\n<h3>Photos<\/h3>\n<p><a href=\"http:\/\/blogs.crespel.me\/usa2013\/files\/2013\/05\/IMG_2522.jpg\"><img loading=\"lazy\" decoding=\"async\" class=\"alignnone size-thumbnail wp-image-1147\" alt=\"Chambre au Quality Hotel\" src=\"http:\/\/blogs.crespel.me\/usa2013\/files\/2013\/05\/IMG_2522-150x150.jpg\" width=\"150\" height=\"150\" \/><\/a> <a href=\"http:\/\/blogs.crespel.me\/usa2013\/files\/2013\/05\/IMG_2523.jpg\"><img loading=\"lazy\" decoding=\"async\" class=\"alignnone size-thumbnail wp-image-1148\" alt=\"Chambre au Quality Hotel\" src=\"http:\/\/blogs.crespel.me\/usa2013\/files\/2013\/05\/IMG_2523-150x150.jpg\" width=\"150\" height=\"150\" \/><\/a><\/p>\n","protected":false},"excerpt":{"rendered":"<p>Description Situ\u00e9 au 89 Luckie St dans le centre ville d&rsquo;Atlanta (Downton). R\u00e9sa directe des 2 nuits sur le site Hotelplusportal. Accueil cordial. Prix 203,09$ par nuit pour 2 Queen Beds, avec petit d\u00e9jeuner correct, aurait pu \u00eatre plus vari\u00e9, occupation 3 personnes. Lobby avenant avec piano. Salle de sports (non test\u00e9e). M\u00e9fiance*** voir ci-dessous. [&hellip;]<\/p>\n","protected":false},"author":2,"featured_media":0,"parent":65,"menu_order":0,"comment_status":"open","ping_status":"open","template":"","meta":{"footnotes":""},"class_list":["post-1128","page","type-page","status-publish","hentry"],"_links":{"self":[{"href":"https:\/\/blogs.crespel.me\/usa2013\/wp-json\/wp\/v2\/pages\/1128","targetHints":{"allow":["GET"]}}],"collection":[{"href":"https:\/\/blogs.crespel.me\/usa2013\/wp-json\/wp\/v2\/pages"}],"about":[{"href":"https:\/\/blogs.crespel.me\/usa2013\/wp-json\/wp\/v2\/types\/page"}],"author":[{"embeddable":true,"href":"https:\/\/blogs.crespel.me\/usa2013\/wp-json\/wp\/v2\/users\/2"}],"replies":[{"embeddable":true,"href":"https:\/\/blogs.crespel.me\/usa2013\/wp-json\/wp\/v2\/comments?post=1128"}],"version-history":[{"count":5,"href":"https:\/\/blogs.crespel.me\/usa2013\/wp-json\/wp\/v2\/pages\/1128\/revisions"}],"predecessor-version":[{"id":1150,"href":"https:\/\/blogs.crespel.me\/usa2013\/wp-json\/wp\/v2\/pages\/1128\/revisions\/1150"}],"up":[{"embeddable":true,"href":"https:\/\/blogs.crespel.me\/usa2013\/wp-json\/wp\/v2\/pages\/65"}],"wp:attachment":[{"href":"https:\/\/blogs.crespel.me\/usa2013\/wp-json\/wp\/v2\/media?parent=1128"}],"curies":[{"name":"wp","href":"https:\/\/api.w.org\/{rel}","templated":true}]}}