{"id":105,"date":"2012-01-16T16:24:03","date_gmt":"2012-01-16T15:24:03","guid":{"rendered":"http:\/\/blogs.crespel.me\/usa2012\/?page_id=105"},"modified":"2017-09-12T10:24:28","modified_gmt":"2017-09-12T08:24:28","slug":"campgrounds","status":"publish","type":"page","link":"https:\/\/blogs.crespel.me\/usa2012\/annexes\/campgrounds\/","title":{"rendered":"Campgrounds"},"content":{"rendered":"<h3>Les 14 campgrounds (et commerces\/restaurants + activit\u00e9s environnantes) o\u00f9 nous avons pos\u00e9 notre camping car de 25 pieds (43 photos).<\/h3>\n<p><span style=\"text-decoration: underline\">Rappel des proc\u00e9dures:<\/span><\/p>\n<p><span style=\"color: #ffff00\"><em>En g\u00e9n\u00e9ral il faut renseigner ou choisir: <\/em><\/span><br \/>\n<span style=\"color: #ffff00\"> <em>&#8211; La position du CC sur l&#8217;emplacement (Back In:en marche arri\u00e8re\/Pull Thru: traversant). <\/em><\/span><br \/>\n<span style=\"color: #ffff00\"> <em>&#8211; la taille du CC: 25pieds (par exemple) Slide out= s&rsquo;il comporte des extensions lat\u00e9rales. Le mod\u00e8le (classe C= motorhome). <\/em><\/span><br \/>\n<span style=\"color: #ffff00\"> <em>&#8211; Fullhookup simple= tous branchements (courant\/eau\/vidange). Courant= 30 amp\u00e8res (50 c&rsquo;est pour du tr\u00e8s gros&#8230;). <\/em><\/span><br \/>\n<span style=\"color: #ffff00\"> <em>&#8211; il peut y avoir des fullhookup avec Wifi, c\u00e2ble, mais c&rsquo;est pr\u00e9cis\u00e9 et pas utile. <\/em><\/span><br \/>\n<span style=\"color: #ffff00\"> <em>&#8211; les dates d&rsquo;arriv\u00e9e et de d\u00e9part. <\/em><\/span><br \/>\n<span style=\"color: #ffff00\"> <em>&#8211; Le nombre d&rsquo;occupants.<\/em><\/span><\/p>\n<p>Privil\u00e9gier les campings des parcs (les localiser sur nps.gov et \u00e0 r\u00e9server sur xanterra.com et recreation.gov).<\/p>\n<p>Alterner ceux \u00ab\u00a0sans\u00a0\u00bb branchement, et ceux \u00ab\u00a0avec\u00a0\u00bb branchements (courant, eau, vidange).<\/p>\n<p>Utiliser rvparkreviews.com puis: la s\u00e9lection par Etat, par ville et les avis des utilisateurs.<\/p>\n<p>Ne pas oublier que le \u00ab camping sauvage \u00bb est interdit presque partout (sauf sur les terres du BLM, et certains supermarch\u00e9s Walmart -mais l\u00e0 bonjour l\u2019environnement et la s\u00e9curit\u00e9 sans parler de l\u2019\u00e9loignement\u2026).<\/p>\n<p>&nbsp;<\/p>\n<p><span style=\"text-decoration: underline\">Rappel de quelques notions:<\/span><\/p>\n<p><span style=\"color: #ffff00;font-family: Verdana,Arial,Helvetica;font-size: small\"><em>&#8211; sans branchements et sans faire aller le g\u00e9n\u00e9rateur= que le courant d&rsquo;\u00e9clairage sur la batterie auxiliaire (pas de clim, ni de four, ni de recharge d&rsquo;appareils \u00e9lectriques) et chauffage limit\u00e9 qui est au gaz mais son thermostat est sur cette m\u00eame batterie auxiliaire. <\/em><\/span><\/p>\n<p><span style=\"color: #ffff00\"><em>&#8211; sans branchement et AVEC le g\u00e9n\u00e9rateur= tout fonctionne, mais le g\u00e9n\u00e9rateur est bruyant et son utilisation r\u00e8glement\u00e9e (entre 8h00 et 20h00). <\/em><\/span><\/p>\n<p><span style=\"color: #ffff00\"><em>&#8211; il y a un r\u00e9servoir d&rsquo;eau propre pour \u00e9vier, lavabo, douche, WC. Un r\u00e9servoir d&rsquo;eau sale \u00ab\u00a0grise\u00a0\u00bb pour \u00e9vier, lavabo, douche. Un r\u00e9servoir d&rsquo;eau sale \u00ab\u00a0noire\u00a0\u00bb pour WC. Autonomie env. 3 jours \u00e0 3 personnes.<\/em><\/span><br \/>\n<span style=\"color: #ffff00\"> <em>&#8211; pour l&rsquo;eau \u00e0 boire et cuisiner, utiliser les bombonnes de 1 gallon (3,8.L).<\/em><\/span><\/p>\n<p>&nbsp;<\/p>\n<p><span style=\"text-decoration: underline\">Ci-dessous ma s\u00e9lection 2012:<\/span><\/p>\n<ul>\n<li><a title=\"Lottie Dell campground \u00e0 Snowville\" href=\"http:\/\/blogs.crespel.me\/usa2012\/annexes\/campgrounds\/lottie-dell-campground-a-snowville\/\">Lottie Dell campground <\/a>\u00e0 Snowville\/Ut<\/li>\n<li><a title=\"RV park KOA \u00e0 Arco\" href=\"http:\/\/blogs.crespel.me\/usa2012\/annexes\/campgrounds\/rv-park-koa-a-arco\/\">KOA \u00e0 Arco<\/a>\/Id<\/li>\n<li><a title=\"Gros Ventre campground \u00e0 Grand Teton\" href=\"http:\/\/blogs.crespel.me\/usa2012\/annexes\/campgrounds\/gros-ventre-campground-a-grand-teton\/\">Gros Ventre campground<\/a> pr\u00e8s de Grand Teton<\/li>\n<li><a title=\"Colter Bay RV park \u00e0 Grand Teton\" href=\"http:\/\/blogs.crespel.me\/usa2012\/annexes\/campgrounds\/colter-bay-rv-park-a-grand-teton\/\">Colter Bay RVpark<\/a> \u00e0 Grand Teton<\/li>\n<li><a title=\"Grant village campground \u00e0 Yellowstone\" href=\"http:\/\/blogs.crespel.me\/usa2012\/annexes\/campgrounds\/grant-village-campground-a-yellowstone\/\">Grant village<\/a> campground \u00e0 Yellowstone<\/li>\n<li><a title=\"Madison campground \u00e0 Yellowstone\" href=\"http:\/\/blogs.crespel.me\/usa2012\/annexes\/campgrounds\/madison-campground-a-yellowstone\/\">Madison campground<\/a> \u00e0 Yellowstone<\/li>\n<li><a title=\"Wagon wheel campground \u00e0 West Yellowstone\" href=\"http:\/\/blogs.crespel.me\/usa2012\/annexes\/campgrounds\/wagon-wheel-campground-a-west-yellowstone\/\">Wagon Wheel campground<\/a> \u00e0 West Yellowstone<\/li>\n<li><a title=\"Rocky Mountain campground \u00e0 Gardiner\" href=\"http:\/\/blogs.crespel.me\/usa2012\/rocky-mountain-campground-a-gardiner\/\">Rocky Mountain <\/a>campground \u00e0 Gardiner<\/li>\n<li><a title=\"Canyon campground \u00e0 Yellowstone\" href=\"http:\/\/blogs.crespel.me\/usa2012\/annexes\/campgrounds\/canyon-campground-a-yellowstone\/\">Canyon Village<\/a> campground \u00e0 Yellowstone<\/li>\n<li><a title=\"Ponderosa campground \u00e0 Cody\" href=\"http:\/\/blogs.crespel.me\/usa2012\/annexes\/campgrounds\/ponderosa-campground-a-cody\/\">Ponderosa campground<\/a> \u00e0 Cody : 2 nuits<\/li>\n<li><a title=\"Deer park campground \u00e0 Buffalo\" href=\"http:\/\/blogs.crespel.me\/usa2012\/annexes\/campgrounds\/deer-park-campground-a-buffalo\/\">Deer park RV<\/a> \u00e0 Buffalo<\/li>\n<li><a title=\"Sleeping Bear campground \u00e0 Lander\" href=\"http:\/\/blogs.crespel.me\/usa2012\/annexes\/campgrounds\/sleeping-bear-campground-a-lander\/\">Sleeping Bear RV <\/a>\u00e0 Lander<\/li>\n<li><a title=\"RV park KOA \u00e0 Manila\" href=\"http:\/\/blogs.crespel.me\/usa2012\/annexes\/campgrounds\/rv-park-koa-a-manila\/\">KOA \u00e0 Manila<\/a> (remplace Lucerne campground \u00e0 Flaming Gorge)<\/li>\n<li><a title=\"Fossil Valley RV \u00e0 Vernal\" href=\"http:\/\/blogs.crespel.me\/usa2012\/annexes\/campgrounds\/fossil-valley-rv-a-vernal\/\">Fossil Valley RV<\/a> \u00e0 Vernal: 2 nuits<\/li>\n<\/ul>\n<h3>On pourra d\u00e9crire aussi les 3 h\u00f4tels (12 photos).<\/h3>\n<ul>\n<li><a title=\"H\u00f4tel Hampton Inn \u00e0 Salt Lake City\" href=\"http:\/\/blogs.crespel.me\/usa2012\/annexes\/campgrounds\/hotel-hampton-inn-a-salt-lake-city\/\">Hampton Inn Downton<\/a> \u00e0 Salt Lake City : 2 nuits<\/li>\n<li><a title=\"H\u00f4tel La Quinta Inn \u00e0 Salt Lake City\" href=\"http:\/\/blogs.crespel.me\/usa2012\/annexes\/campgrounds\/hotel-la-quinta-inn-a-salt-lake-city\/\">La Quinta Inn Airport<\/a> \u00e0 Salt Lake City<\/li>\n<li><a title=\"H\u00f4tel Holiday Inn Fisherman\u2019s \u00e0 San Francisco\" href=\"http:\/\/blogs.crespel.me\/usa2012\/annexes\/campgrounds\/hotel-holiday-inn-fishermans-a-san-francisco\/\">Holiday Inn \u00e0 Fisherman<\/a>\/San Francisco : 2 nuits<\/li>\n<\/ul>\n","protected":false},"excerpt":{"rendered":"<p>Les 14 campgrounds (et commerces\/restaurants + activit\u00e9s environnantes) o\u00f9 nous avons pos\u00e9 notre camping car de 25 pieds (43 photos). Rappel des proc\u00e9dures: En g\u00e9n\u00e9ral il faut renseigner ou choisir: &#8211; La position du CC sur l&#8217;emplacement (Back In:en marche arri\u00e8re\/Pull Thru: traversant). &#8211; la taille du CC: 25pieds (par exemple) Slide out= s&rsquo;il comporte [&hellip;]<\/p>\n","protected":false},"author":2,"featured_media":0,"parent":10,"menu_order":0,"comment_status":"open","ping_status":"open","template":"","meta":{"footnotes":""},"class_list":["post-105","page","type-page","status-publish","hentry"],"_links":{"self":[{"href":"https:\/\/blogs.crespel.me\/usa2012\/wp-json\/wp\/v2\/pages\/105","targetHints":{"allow":["GET"]}}],"collection":[{"href":"https:\/\/blogs.crespel.me\/usa2012\/wp-json\/wp\/v2\/pages"}],"about":[{"href":"https:\/\/blogs.crespel.me\/usa2012\/wp-json\/wp\/v2\/types\/page"}],"author":[{"embeddable":true,"href":"https:\/\/blogs.crespel.me\/usa2012\/wp-json\/wp\/v2\/users\/2"}],"replies":[{"embeddable":true,"href":"https:\/\/blogs.crespel.me\/usa2012\/wp-json\/wp\/v2\/comments?post=105"}],"version-history":[{"count":36,"href":"https:\/\/blogs.crespel.me\/usa2012\/wp-json\/wp\/v2\/pages\/105\/revisions"}],"predecessor-version":[{"id":1344,"href":"https:\/\/blogs.crespel.me\/usa2012\/wp-json\/wp\/v2\/pages\/105\/revisions\/1344"}],"up":[{"embeddable":true,"href":"https:\/\/blogs.crespel.me\/usa2012\/wp-json\/wp\/v2\/pages\/10"}],"wp:attachment":[{"href":"https:\/\/blogs.crespel.me\/usa2012\/wp-json\/wp\/v2\/media?parent=105"}],"curies":[{"name":"wp","href":"https:\/\/api.w.org\/{rel}","templated":true}]}}