{"id":10,"date":"2011-12-27T19:44:03","date_gmt":"2011-12-27T18:44:03","guid":{"rendered":"http:\/\/blogs.crespel.me\/usa2012\/?page_id=10"},"modified":"2018-01-23T13:41:46","modified_gmt":"2018-01-23T12:41:46","slug":"annexes","status":"publish","type":"page","link":"https:\/\/blogs.crespel.me\/usa2012\/annexes\/","title":{"rendered":"Annexes"},"content":{"rendered":"<p><strong>Comptes rendus mis \u00e0 disposition des personnes int\u00e9ress\u00e9es&#8230; des curieux&#8230; et comme pour les blogs de 2009 et 2011, des cr\u00e9ateurs de mes 4 sites pr\u00e9f\u00e9r\u00e9s pour leur libre usage, s&rsquo;ils le souhaitent (ouestusa.fr\/roadtrippin.fr\/parcs.net\/sunsetbld.com).<br \/>\n<\/strong><\/p>\n<p>&nbsp;<\/p>\n<h3>\u00c9tapes touristiques<\/h3>\n<p><em>Nota : ne comporteront un \u00ab\u00a0lien\u00a0\u00bb, <strong>que<\/strong> les endroits effectivement visit\u00e9s.<\/em><\/p>\n<ul>\n<li><a title=\"Campgrounds\" href=\"http:\/\/blogs.crespel.me\/usa2012\/annexes\/campgrounds\/\"><strong><em>Les 14 campgrounds<\/em><\/strong><\/a> (avec les magasins et commerces environnants) o\u00f9 nous nous sommes pos\u00e9s avec le camping-car (25 pieds). Et en sus les <strong>3 h\u00f4tels<\/strong> de Salt Lake City et San Francisco. <a title=\"Planning2012 Yellowst et SF H\u00e9bergements\" href=\"http:\/\/blogs.crespel.me\/usa2012\/files\/2011\/12\/Planning2012-Yellowst-et-SF-H\u00e9bergements.pdf\">T\u00e9l\u00e9charger le r\u00e9capitulatif pr\u00e9visionnel<\/a>.<\/li>\n<\/ul>\n<ul>\n<li><em><strong>La d\u00e9couverte de <a title=\"Endroits insolites\" href=\"\/usa2012\/annexes\/endroits-insolites\/\">3 endroits insolites<\/a><\/strong><\/em> assortis de belles rencontres.<\/li>\n<\/ul>\n<ul>\n<li><a title=\"Visitor Center\" href=\"http:\/\/blogs.crespel.me\/usa2012\/annexes\/visitor-center\/\"><em><strong>Les 19 Visitor Center<\/strong><\/em> <\/a>o\u00f9 l&rsquo;on obtient toutes les infos pratiques.<\/li>\n<\/ul>\n<ul>\n<li><a title=\"Randonn\u00e9es et visites\" href=\"http:\/\/blogs.crespel.me\/usa2012\/randonnees-et-visites\/\"><em><strong>Les 107 randonn\u00e9es, balades et visites<\/strong><\/em><\/a>, programm\u00e9es (hors San Francisco). <a title=\"Programme de visites 2012\" href=\"http:\/\/blogs.crespel.me\/usa2012\/files\/2011\/12\/Programme-de-visites-2012.pdf\">T\u00e9l\u00e9charger le programme de visites 2012<\/a>.<\/li>\n<\/ul>\n<p>&nbsp;<\/p>\n<h3>Renseignements utiles<\/h3>\n<ul>\n<li><a title=\"le bilan\" href=\"le-bilan\"><strong><em>Le Bilan<\/em><\/strong><span style=\"color: #ffff00\"><em><strong><br \/>\n<\/strong><\/em><\/span><\/a><\/li>\n<li><a title=\"Voyager en camping-car\" href=\"http:\/\/blogs.crespel.me\/usa2012\/annexes\/voyager-en-camping-car\/\"><em><strong>Voyager en camping-car<\/strong><\/em><\/a><\/li>\n<\/ul>\n<p>&nbsp;<\/p>\n","protected":false},"excerpt":{"rendered":"<p>Comptes rendus mis \u00e0 disposition des personnes int\u00e9ress\u00e9es&#8230; des curieux&#8230; et comme pour les blogs de 2009 et 2011, des cr\u00e9ateurs de mes 4 sites pr\u00e9f\u00e9r\u00e9s pour leur libre usage, s&rsquo;ils le souhaitent (ouestusa.fr\/roadtrippin.fr\/parcs.net\/sunsetbld.com). &nbsp; \u00c9tapes touristiques Nota : ne comporteront un \u00ab\u00a0lien\u00a0\u00bb, que les endroits effectivement visit\u00e9s. Les 14 campgrounds (avec les magasins et [&hellip;]<\/p>\n","protected":false},"author":2,"featured_media":0,"parent":0,"menu_order":0,"comment_status":"open","ping_status":"closed","template":"","meta":{"footnotes":""},"class_list":["post-10","page","type-page","status-publish","hentry"],"_links":{"self":[{"href":"https:\/\/blogs.crespel.me\/usa2012\/wp-json\/wp\/v2\/pages\/10","targetHints":{"allow":["GET"]}}],"collection":[{"href":"https:\/\/blogs.crespel.me\/usa2012\/wp-json\/wp\/v2\/pages"}],"about":[{"href":"https:\/\/blogs.crespel.me\/usa2012\/wp-json\/wp\/v2\/types\/page"}],"author":[{"embeddable":true,"href":"https:\/\/blogs.crespel.me\/usa2012\/wp-json\/wp\/v2\/users\/2"}],"replies":[{"embeddable":true,"href":"https:\/\/blogs.crespel.me\/usa2012\/wp-json\/wp\/v2\/comments?post=10"}],"version-history":[{"count":24,"href":"https:\/\/blogs.crespel.me\/usa2012\/wp-json\/wp\/v2\/pages\/10\/revisions"}],"predecessor-version":[{"id":1346,"href":"https:\/\/blogs.crespel.me\/usa2012\/wp-json\/wp\/v2\/pages\/10\/revisions\/1346"}],"wp:attachment":[{"href":"https:\/\/blogs.crespel.me\/usa2012\/wp-json\/wp\/v2\/media?parent=10"}],"curies":[{"name":"wp","href":"https:\/\/api.w.org\/{rel}","templated":true}]}}