{"id":50,"date":"2011-05-30T19:39:33","date_gmt":"2011-05-30T17:39:33","guid":{"rendered":"http:\/\/blogs.crespel.me\/usa2011\/?page_id=50"},"modified":"2018-01-23T13:37:07","modified_gmt":"2018-01-23T12:37:07","slug":"annexes","status":"publish","type":"page","link":"https:\/\/blogs.crespel.me\/usa2011\/annexes\/","title":{"rendered":"Annexes"},"content":{"rendered":"<p>&nbsp;<\/p>\n<p><strong>Comptes rendus mis \u00e0 disposition des personnes int\u00e9ress\u00e9es&#8230; des curieux&#8230; et, comme pour le blog de 2009, des cr\u00e9ateurs de mes 4 sites pr\u00e9f\u00e9r\u00e9s pour leur libre usage, s&rsquo;ils le souhaitent (ouestusa.fr\/roadtrippin.fr\/parcs.net\/sunsetbld.com). Dans l&rsquo;ordre du circuit :<\/strong><\/p>\n<p>Nota: ne comportent un \u00ab\u00a0lien\u00a0\u00bb, <strong>que<\/strong> les endroits effectivement visit\u00e9s.<\/p>\n<p><strong><br \/>\n<\/strong><\/p>\n<ul>\n<li><strong><em><a href=\"campgrounds\/\">Les 13 campgrounds<\/a><\/em><\/strong> o\u00f9 nous nous sommes pos\u00e9s avec le camping-car (25 pieds). Et en sus les 3 h\u00f4tels. 48 photos illustrent cette page.<\/li>\n<\/ul>\n<p>&nbsp;<\/p>\n<ul>\n<li><em><strong><a title=\"Endroits insolites\" href=\"http:\/\/blogs.crespel.me\/usa2011\/annexes\/endroits-insolites\/\">Les 4 endroits insolites<\/a><\/strong><\/em> avec de belles rencontres.<\/li>\n<\/ul>\n<p>&nbsp;<\/p>\n<ul>\n<li><em><strong><a href=\"visitor-center\/\">Les 30 Visitor Center<\/a><\/strong><\/em> o\u00f9 l&rsquo;on obtient toutes les infos pratiques.<\/li>\n<\/ul>\n<p>&nbsp;<\/p>\n<ul>\n<li><a href=\"randonnees-et-visites\/\"><em><strong>Les 68 randonn\u00e9es, balades et visites<\/strong><\/em> (27+20+8+13)<\/a>, programm\u00e9es mais plus ou moins r\u00e9alis\u00e9es (hors NYC).<\/li>\n<\/ul>\n<p>&nbsp;<\/p>\n<ul>\n<li><strong><em><a href=\"le-bilan\/\">Le Bilan<\/a><\/em><\/strong><\/li>\n<\/ul>\n<p>&nbsp;<\/p>\n<ul>\n<li><em><strong><a href=\"voyager-en-camping-car\/\">Voyager en camping-car<\/a><\/strong><\/em><\/li>\n<\/ul>\n<p>&nbsp;<\/p>\n<p>&nbsp;<\/p>\n","protected":false},"excerpt":{"rendered":"<p>&nbsp; Comptes rendus mis \u00e0 disposition des personnes int\u00e9ress\u00e9es&#8230; des curieux&#8230; et, comme pour le blog de 2009, des cr\u00e9ateurs de mes 4 sites pr\u00e9f\u00e9r\u00e9s pour leur libre usage, s&rsquo;ils le souhaitent (ouestusa.fr\/roadtrippin.fr\/parcs.net\/sunsetbld.com). Dans l&rsquo;ordre du circuit : Nota: ne comportent un \u00ab\u00a0lien\u00a0\u00bb, que les endroits effectivement visit\u00e9s. Les 13 campgrounds o\u00f9 nous nous sommes [&hellip;]<\/p>\n","protected":false},"author":2,"featured_media":0,"parent":0,"menu_order":3,"comment_status":"open","ping_status":"open","template":"","meta":{"footnotes":""},"class_list":["post-50","page","type-page","status-publish","hentry"],"_links":{"self":[{"href":"https:\/\/blogs.crespel.me\/usa2011\/wp-json\/wp\/v2\/pages\/50","targetHints":{"allow":["GET"]}}],"collection":[{"href":"https:\/\/blogs.crespel.me\/usa2011\/wp-json\/wp\/v2\/pages"}],"about":[{"href":"https:\/\/blogs.crespel.me\/usa2011\/wp-json\/wp\/v2\/types\/page"}],"author":[{"embeddable":true,"href":"https:\/\/blogs.crespel.me\/usa2011\/wp-json\/wp\/v2\/users\/2"}],"replies":[{"embeddable":true,"href":"https:\/\/blogs.crespel.me\/usa2011\/wp-json\/wp\/v2\/comments?post=50"}],"version-history":[{"count":24,"href":"https:\/\/blogs.crespel.me\/usa2011\/wp-json\/wp\/v2\/pages\/50\/revisions"}],"predecessor-version":[{"id":1133,"href":"https:\/\/blogs.crespel.me\/usa2011\/wp-json\/wp\/v2\/pages\/50\/revisions\/1133"}],"wp:attachment":[{"href":"https:\/\/blogs.crespel.me\/usa2011\/wp-json\/wp\/v2\/media?parent=50"}],"curies":[{"name":"wp","href":"https:\/\/api.w.org\/{rel}","templated":true}]}}