{"id":369,"date":"2009-07-06T15:05:19","date_gmt":"2009-07-06T13:05:19","guid":{"rendered":"http:\/\/jean.crespel.homedns.org\/?page_id=369"},"modified":"2020-05-10T10:07:04","modified_gmt":"2020-05-10T08:07:04","slug":"annexes","status":"publish","type":"page","link":"https:\/\/blogs.crespel.me\/usa2009\/annexes\/","title":{"rendered":"Annexes"},"content":{"rendered":"<p><strong>Comptes rendus mis \u00e0 disposition des personnes int\u00e9ress\u00e9es&#8230;des curieux&#8230;et des cr\u00e9ateurs de mes 4 sites pr\u00e9f\u00e9r\u00e9s pour leur libre usage, s&rsquo;ils le souhaitent (ouestusa.fr\/roadtrippin.fr\/parcs.net\/sunsetbld.com). <span style=\"text-decoration: underline\">Dans l&rsquo;ordre du circuit:<\/span><\/strong><\/p>\n<p><span style=\"color: #ffcc00\">Nota: ne comportent un \u00ab\u00a0lien\u00a0\u00bb, <span style=\"text-decoration: underline\"><strong>que<\/strong><\/span> les endroits effectivement visit\u00e9s.<\/span><strong><span style=\"text-decoration: underline\"><br \/>\n<\/span><\/strong><\/p>\n<ul>\n<li><a href=\"campgrounds\/\">Les 14 campgrounds<\/a> o\u00f9 nous nous sommes pos\u00e9s avec le camping-car (25 pieds).<\/li>\n<li><a href=\"visitor-center\/\">Les 29 Visitor Center<\/a> o\u00f9 l&rsquo;on obtient toutes les infos pratiques.<\/li>\n<\/ul>\n<p>108 photos illustrent ces 2 rubriques.<\/p>\n<ul>\n<li><a href=\"randonnees-et-visites\/\">Les 90 randonn\u00e9es, balades et visites (31+30+29)<\/a>, programm\u00e9es mais plus ou moins r\u00e9alis\u00e9es (56 en r\u00e9alit\u00e9).<\/li>\n<\/ul>\n<p>165 photos illustrent cette rubrique.<\/p>\n<ul>\n<li><a href=\"bonus\/\">Bonus<\/a><\/li>\n<li><a href=\"le-bilan\/\"><strong>Bilan<\/strong> financier<\/a><\/li>\n<li><a href=\"commerces-dalimentation\/\">Commerces d&rsquo;alimentation<\/a><\/li>\n<li><\/li>\n<li><em><strong><a href=\"voyager-en-camping-car\/\">Voyager en camping-car<\/a><\/strong><\/em><\/li>\n<\/ul>\n<p>12 photos pour cette derni\u00e8re rubrique.<\/p>\n","protected":false},"excerpt":{"rendered":"<p>Comptes rendus mis \u00e0 disposition des personnes int\u00e9ress\u00e9es&#8230;des curieux&#8230;et des cr\u00e9ateurs de mes 4 sites pr\u00e9f\u00e9r\u00e9s pour leur libre usage, s&rsquo;ils le souhaitent (ouestusa.fr\/roadtrippin.fr\/parcs.net\/sunsetbld.com). Dans l&rsquo;ordre du circuit: Nota: ne comportent un \u00ab\u00a0lien\u00a0\u00bb, que les endroits effectivement visit\u00e9s. Les 14 campgrounds o\u00f9 nous nous sommes pos\u00e9s avec le camping-car (25 pieds). Les 29 Visitor Center [&hellip;]<\/p>\n","protected":false},"author":2,"featured_media":0,"parent":0,"menu_order":3,"comment_status":"open","ping_status":"open","template":"","meta":{"footnotes":""},"class_list":["post-369","page","type-page","status-publish","hentry"],"_links":{"self":[{"href":"https:\/\/blogs.crespel.me\/usa2009\/wp-json\/wp\/v2\/pages\/369","targetHints":{"allow":["GET"]}}],"collection":[{"href":"https:\/\/blogs.crespel.me\/usa2009\/wp-json\/wp\/v2\/pages"}],"about":[{"href":"https:\/\/blogs.crespel.me\/usa2009\/wp-json\/wp\/v2\/types\/page"}],"author":[{"embeddable":true,"href":"https:\/\/blogs.crespel.me\/usa2009\/wp-json\/wp\/v2\/users\/2"}],"replies":[{"embeddable":true,"href":"https:\/\/blogs.crespel.me\/usa2009\/wp-json\/wp\/v2\/comments?post=369"}],"version-history":[{"count":63,"href":"https:\/\/blogs.crespel.me\/usa2009\/wp-json\/wp\/v2\/pages\/369\/revisions"}],"predecessor-version":[{"id":2312,"href":"https:\/\/blogs.crespel.me\/usa2009\/wp-json\/wp\/v2\/pages\/369\/revisions\/2312"}],"wp:attachment":[{"href":"https:\/\/blogs.crespel.me\/usa2009\/wp-json\/wp\/v2\/media?parent=369"}],"curies":[{"name":"wp","href":"https:\/\/api.w.org\/{rel}","templated":true}]}}