{"id":2142,"date":"2009-12-19T13:41:44","date_gmt":"2009-12-19T11:41:44","guid":{"rendered":"http:\/\/jean.crespel.me\/?page_id=2142"},"modified":"2009-12-19T13:41:44","modified_gmt":"2009-12-19T11:41:44","slug":"hoover-dam","status":"publish","type":"page","link":"https:\/\/blogs.crespel.me\/usa2009\/annexes\/randonnees-et-visites\/hoover-dam\/","title":{"rendered":"Hoover Dam"},"content":{"rendered":"<h3>Description<\/h3>\n<ul>\n<li>Le barrage Hoover est situ\u00e9 32 miles au sud de Las Vegas pr\u00e8s de Boulder City, il forme le lac Mead.<\/li>\n<li>Construit de 1931 \u00e0 1935 sur le Colorado, il est \u00e0 la fronti\u00e8re de l&rsquo;Arizona et du Nevada.<\/li>\n<li>Il mesure 221m de haut et 366m de long. Les Rangers contr\u00f4lent les acc\u00e8s (fouilles possibles).<\/li>\n<li>Un pont est en construction pour doubler le passage Nord\/Sud.<\/li>\n<\/ul>\n<h3>Photos<\/h3>\n<p style=\"text-align: center;\"><a href=\"\/usa2009\/files\/2009\/12\/IMG_0108.JPG\"><img loading=\"lazy\" decoding=\"async\" class=\"alignnone size-thumbnail wp-image-2145\" title=\"Amont de Hoover Dam\" src=\"\/usa2009\/files\/2009\/12\/IMG_0108-150x150.jpg\" alt=\"Amont de Hoover Dam\" width=\"150\" height=\"150\" \/><\/a> <a href=\"\/usa2009\/files\/2009\/12\/IMG_0104.JPG\"><img loading=\"lazy\" decoding=\"async\" class=\"alignnone size-thumbnail wp-image-2146\" title=\"Hoover Dam\" src=\"\/usa2009\/files\/2009\/12\/IMG_0104-150x150.jpg\" alt=\"Hoover Dam\" width=\"150\" height=\"150\" \/><\/a> <a href=\"\/usa2009\/files\/2009\/12\/DSCF8856.JPG\"><img loading=\"lazy\" decoding=\"async\" class=\"alignnone size-thumbnail wp-image-2147\" title=\"Pont en construction\" src=\"\/usa2009\/files\/2009\/12\/DSCF8856-150x150.jpg\" alt=\"Pont en construction\" width=\"150\" height=\"150\" \/><\/a><\/p>\n","protected":false},"excerpt":{"rendered":"<p>Description Le barrage Hoover est situ\u00e9 32 miles au sud de Las Vegas pr\u00e8s de Boulder City, il forme le lac Mead. Construit de 1931 \u00e0 1935 sur le Colorado, il est \u00e0 la fronti\u00e8re de l&rsquo;Arizona et du Nevada. Il mesure 221m de haut et 366m de long. Les Rangers contr\u00f4lent les acc\u00e8s (fouilles [&hellip;]<\/p>\n","protected":false},"author":2,"featured_media":0,"parent":569,"menu_order":0,"comment_status":"open","ping_status":"open","template":"","meta":{"footnotes":""},"class_list":["post-2142","page","type-page","status-publish","hentry"],"_links":{"self":[{"href":"https:\/\/blogs.crespel.me\/usa2009\/wp-json\/wp\/v2\/pages\/2142","targetHints":{"allow":["GET"]}}],"collection":[{"href":"https:\/\/blogs.crespel.me\/usa2009\/wp-json\/wp\/v2\/pages"}],"about":[{"href":"https:\/\/blogs.crespel.me\/usa2009\/wp-json\/wp\/v2\/types\/page"}],"author":[{"embeddable":true,"href":"https:\/\/blogs.crespel.me\/usa2009\/wp-json\/wp\/v2\/users\/2"}],"replies":[{"embeddable":true,"href":"https:\/\/blogs.crespel.me\/usa2009\/wp-json\/wp\/v2\/comments?post=2142"}],"version-history":[{"count":5,"href":"https:\/\/blogs.crespel.me\/usa2009\/wp-json\/wp\/v2\/pages\/2142\/revisions"}],"predecessor-version":[{"id":2170,"href":"https:\/\/blogs.crespel.me\/usa2009\/wp-json\/wp\/v2\/pages\/2142\/revisions\/2170"}],"up":[{"embeddable":true,"href":"https:\/\/blogs.crespel.me\/usa2009\/wp-json\/wp\/v2\/pages\/569"}],"wp:attachment":[{"href":"https:\/\/blogs.crespel.me\/usa2009\/wp-json\/wp\/v2\/media?parent=2142"}],"curies":[{"name":"wp","href":"https:\/\/api.w.org\/{rel}","templated":true}]}}