{"id":2126,"date":"2009-12-19T13:39:22","date_gmt":"2009-12-19T11:39:22","guid":{"rendered":"http:\/\/jean.crespel.me\/?page_id=2126"},"modified":"2009-12-19T13:39:22","modified_gmt":"2009-12-19T11:39:22","slug":"davis-dam","status":"publish","type":"page","link":"https:\/\/blogs.crespel.me\/usa2009\/annexes\/randonnees-et-visites\/davis-dam\/","title":{"rendered":"Davis Dam"},"content":{"rendered":"<h3>Description<\/h3>\n<ul>\n<li>Le Davis Dam est situ\u00e9 \u00e0 3 miles au Nord de Laughlin (Bulhead City).<\/li>\n<li>Ce barrage sur le Colorado forme le lac Mohave.<\/li>\n<li>Davis Dam est \u00e0 45 miles apr\u00e8s le Hoover Dam (au Sud de Las Vegas).<\/li>\n<li>Il mesure 490m de longueur et 60m de hauteur, inaugur\u00e9 en 1951, il est frontalier entre l&rsquo;Arizona et le Nevada.<\/li>\n<li>Faible d\u00e9tour si vous \u00eates dans le coin, mais peu d&rsquo;int\u00e9r\u00eat.<\/li>\n<\/ul>\n<h3>Photos<\/h3>\n<p style=\"text-align: center;\"><a href=\"\/usa2009\/files\/2009\/12\/IMG_0093.JPG\"><img loading=\"lazy\" decoding=\"async\" class=\"alignnone size-thumbnail wp-image-2127\" title=\"Pas g\u00e9nial Laughlin\" src=\"\/usa2009\/files\/2009\/12\/IMG_0093-150x150.jpg\" alt=\"Pas g\u00e9nial Laughlin\" width=\"150\" height=\"150\" \/><\/a> <a href=\"\/usa2009\/files\/2009\/12\/IMG_0095.JPG\"><img loading=\"lazy\" decoding=\"async\" class=\"alignnone size-thumbnail wp-image-2128\" title=\"Lake Mohave\" src=\"\/usa2009\/files\/2009\/12\/IMG_0095-150x150.jpg\" alt=\"Lake Mohave\" width=\"150\" height=\"150\" \/><\/a> <a href=\"\/usa2009\/files\/2009\/12\/IMG_0099.JPG\"><img loading=\"lazy\" decoding=\"async\" class=\"alignnone size-thumbnail wp-image-2129\" title=\"Davis Dam\" src=\"\/usa2009\/files\/2009\/12\/IMG_0099-150x150.jpg\" alt=\"Davis Dam\" width=\"150\" height=\"150\" \/><\/a><\/p>\n","protected":false},"excerpt":{"rendered":"<p>Description Le Davis Dam est situ\u00e9 \u00e0 3 miles au Nord de Laughlin (Bulhead City). Ce barrage sur le Colorado forme le lac Mohave. Davis Dam est \u00e0 45 miles apr\u00e8s le Hoover Dam (au Sud de Las Vegas). Il mesure 490m de longueur et 60m de hauteur, inaugur\u00e9 en 1951, il est frontalier entre [&hellip;]<\/p>\n","protected":false},"author":2,"featured_media":0,"parent":569,"menu_order":0,"comment_status":"open","ping_status":"open","template":"","meta":{"footnotes":""},"class_list":["post-2126","page","type-page","status-publish","hentry"],"_links":{"self":[{"href":"https:\/\/blogs.crespel.me\/usa2009\/wp-json\/wp\/v2\/pages\/2126","targetHints":{"allow":["GET"]}}],"collection":[{"href":"https:\/\/blogs.crespel.me\/usa2009\/wp-json\/wp\/v2\/pages"}],"about":[{"href":"https:\/\/blogs.crespel.me\/usa2009\/wp-json\/wp\/v2\/types\/page"}],"author":[{"embeddable":true,"href":"https:\/\/blogs.crespel.me\/usa2009\/wp-json\/wp\/v2\/users\/2"}],"replies":[{"embeddable":true,"href":"https:\/\/blogs.crespel.me\/usa2009\/wp-json\/wp\/v2\/comments?post=2126"}],"version-history":[{"count":3,"href":"https:\/\/blogs.crespel.me\/usa2009\/wp-json\/wp\/v2\/pages\/2126\/revisions"}],"predecessor-version":[{"id":2168,"href":"https:\/\/blogs.crespel.me\/usa2009\/wp-json\/wp\/v2\/pages\/2126\/revisions\/2168"}],"up":[{"embeddable":true,"href":"https:\/\/blogs.crespel.me\/usa2009\/wp-json\/wp\/v2\/pages\/569"}],"wp:attachment":[{"href":"https:\/\/blogs.crespel.me\/usa2009\/wp-json\/wp\/v2\/media?parent=2126"}],"curies":[{"name":"wp","href":"https:\/\/api.w.org\/{rel}","templated":true}]}}