{"id":2050,"date":"2009-11-29T00:07:47","date_gmt":"2009-11-28T22:07:47","guid":{"rendered":"http:\/\/jean.crespel.me\/?page_id=2050"},"modified":"2009-11-29T00:07:47","modified_gmt":"2009-11-28T22:07:47","slug":"rim-trail","status":"publish","type":"page","link":"https:\/\/blogs.crespel.me\/usa2009\/annexes\/randonnees-et-visites\/rim-trail\/","title":{"rendered":"Rim Trail"},"content":{"rendered":"<h3>Description<\/h3>\n<ul>\n<li>Le Rim Trail de Walnut Canyon est une balade facile sur le haut du canyon.<\/li>\n<li>Le chemin d\u00e9marre pr\u00e8s du Visitor Center et d\u00e9crit une boucle de 1,1 km.<\/li>\n<li>Le site est surtout int\u00e9ressant par le Visitor Center (description de l&rsquo;habitat des indiens Sinagua).<\/li>\n<\/ul>\n<h3>Photos<\/h3>\n<p style=\"text-align: center;\"><a href=\"\/usa2009\/files\/2009\/11\/DSCF8734.JPG\"><img loading=\"lazy\" decoding=\"async\" class=\"alignnone size-thumbnail wp-image-2052\" title=\"Le VC vu depuis Rim Trail\" src=\"\/usa2009\/files\/2009\/11\/DSCF8734-150x150.jpg\" alt=\"Le VC vu depuis Rim Trail\" width=\"150\" height=\"150\" \/><\/a> <a href=\"\/usa2009\/files\/2009\/11\/IMG_0017.JPG\"><img loading=\"lazy\" decoding=\"async\" class=\"alignnone size-thumbnail wp-image-2053\" title=\"L\u00e9zard \u00e0 Walnut Canyon\" src=\"\/usa2009\/files\/2009\/11\/IMG_0017-150x150.jpg\" alt=\"L\u00e9zard \u00e0 Walnut Canyon\" width=\"150\" height=\"150\" \/><\/a><\/p>\n","protected":false},"excerpt":{"rendered":"<p>Description Le Rim Trail de Walnut Canyon est une balade facile sur le haut du canyon. Le chemin d\u00e9marre pr\u00e8s du Visitor Center et d\u00e9crit une boucle de 1,1 km. Le site est surtout int\u00e9ressant par le Visitor Center (description de l&rsquo;habitat des indiens Sinagua). Photos<\/p>\n","protected":false},"author":2,"featured_media":0,"parent":569,"menu_order":0,"comment_status":"open","ping_status":"open","template":"","meta":{"footnotes":""},"class_list":["post-2050","page","type-page","status-publish","hentry"],"_links":{"self":[{"href":"https:\/\/blogs.crespel.me\/usa2009\/wp-json\/wp\/v2\/pages\/2050","targetHints":{"allow":["GET"]}}],"collection":[{"href":"https:\/\/blogs.crespel.me\/usa2009\/wp-json\/wp\/v2\/pages"}],"about":[{"href":"https:\/\/blogs.crespel.me\/usa2009\/wp-json\/wp\/v2\/types\/page"}],"author":[{"embeddable":true,"href":"https:\/\/blogs.crespel.me\/usa2009\/wp-json\/wp\/v2\/users\/2"}],"replies":[{"embeddable":true,"href":"https:\/\/blogs.crespel.me\/usa2009\/wp-json\/wp\/v2\/comments?post=2050"}],"version-history":[{"count":5,"href":"https:\/\/blogs.crespel.me\/usa2009\/wp-json\/wp\/v2\/pages\/2050\/revisions"}],"predecessor-version":[{"id":2068,"href":"https:\/\/blogs.crespel.me\/usa2009\/wp-json\/wp\/v2\/pages\/2050\/revisions\/2068"}],"up":[{"embeddable":true,"href":"https:\/\/blogs.crespel.me\/usa2009\/wp-json\/wp\/v2\/pages\/569"}],"wp:attachment":[{"href":"https:\/\/blogs.crespel.me\/usa2009\/wp-json\/wp\/v2\/media?parent=2050"}],"curies":[{"name":"wp","href":"https:\/\/api.w.org\/{rel}","templated":true}]}}