{"id":1991,"date":"2009-11-23T20:39:11","date_gmt":"2009-11-23T18:39:11","guid":{"rendered":"http:\/\/jean.crespel.me\/?page_id=1991"},"modified":"2009-11-23T20:39:11","modified_gmt":"2009-11-23T18:39:11","slug":"vol-en-helico","status":"publish","type":"page","link":"https:\/\/blogs.crespel.me\/usa2009\/annexes\/randonnees-et-visites\/vol-en-helico\/","title":{"rendered":"Vol en H\u00e9lico"},"content":{"rendered":"<h3>Description<\/h3>\n<ul>\n<li>Grand Canyon Airport est situ\u00e9 \u00e0 Tusayan, \u00e0 7 miles au sud de Grand Canyon Village &#8211; South Rim.<\/li>\n<li>Papillon Helicopter est le premier b\u00e2timent \u00e0 gauche en arrivant.<\/li>\n<li>Le Tour de 30mn consiste en un aller\/retour vers la North Rim.<\/li>\n<li>Apr\u00e8s un passage au dessus de la for\u00eat on d\u00e9couvre le Grand Canyon dans toute son immensit\u00e9.<\/li>\n<li>6 passagers sont emmen\u00e9s, 3 \u00e0 l&rsquo;arri\u00e8re et 2 en contre-sens, et 1 \u00e0 c\u00f4t\u00e9 du pilote. Pas de choix de la place, c&rsquo;est en fonction de la r\u00e9partition du poids.<\/li>\n<li>Prix Internet 2009 = 130$ par adulte, photo de famille \u00e0 20$ en sus. C&rsquo;est un moment inoubliable.<\/li>\n<\/ul>\n<h3>Photos<\/h3>\n<p style=\"text-align: center;\"><a href=\"\/usa2009\/files\/2009\/11\/IMG_9715.JPG\"><img loading=\"lazy\" decoding=\"async\" class=\"alignnone size-thumbnail wp-image-1993\" title=\"L\u2019h\u00e9lico Papillon\" src=\"\/usa2009\/files\/2009\/11\/IMG_9715-150x150.jpg\" alt=\"L\u2019h\u00e9lico Papillon\" width=\"150\" height=\"150\" \/><\/a> <a href=\"\/usa2009\/files\/2009\/11\/IMG_9722.JPG\"><img loading=\"lazy\" decoding=\"async\" class=\"alignnone size-thumbnail wp-image-1994\" title=\"Arriv\u00e9e sur GC\" src=\"\/usa2009\/files\/2009\/11\/IMG_9722-150x150.jpg\" alt=\"Arriv\u00e9e sur GC\" width=\"150\" height=\"150\" \/><\/a> <a href=\"\/usa2009\/files\/2009\/11\/IMG_9737.JPG\"><img loading=\"lazy\" decoding=\"async\" class=\"alignnone size-thumbnail wp-image-1995\" title=\"Au dessus du GC\" src=\"\/usa2009\/files\/2009\/11\/IMG_9737-150x150.jpg\" alt=\"Au dessus du GC\" width=\"150\" height=\"150\" \/><\/a><\/p>\n","protected":false},"excerpt":{"rendered":"<p>Description Grand Canyon Airport est situ\u00e9 \u00e0 Tusayan, \u00e0 7 miles au sud de Grand Canyon Village &#8211; South Rim. Papillon Helicopter est le premier b\u00e2timent \u00e0 gauche en arrivant. Le Tour de 30mn consiste en un aller\/retour vers la North Rim. Apr\u00e8s un passage au dessus de la for\u00eat on d\u00e9couvre le Grand Canyon [&hellip;]<\/p>\n","protected":false},"author":2,"featured_media":0,"parent":569,"menu_order":0,"comment_status":"open","ping_status":"open","template":"","meta":{"footnotes":""},"class_list":["post-1991","page","type-page","status-publish","hentry"],"_links":{"self":[{"href":"https:\/\/blogs.crespel.me\/usa2009\/wp-json\/wp\/v2\/pages\/1991","targetHints":{"allow":["GET"]}}],"collection":[{"href":"https:\/\/blogs.crespel.me\/usa2009\/wp-json\/wp\/v2\/pages"}],"about":[{"href":"https:\/\/blogs.crespel.me\/usa2009\/wp-json\/wp\/v2\/types\/page"}],"author":[{"embeddable":true,"href":"https:\/\/blogs.crespel.me\/usa2009\/wp-json\/wp\/v2\/users\/2"}],"replies":[{"embeddable":true,"href":"https:\/\/blogs.crespel.me\/usa2009\/wp-json\/wp\/v2\/comments?post=1991"}],"version-history":[{"count":4,"href":"https:\/\/blogs.crespel.me\/usa2009\/wp-json\/wp\/v2\/pages\/1991\/revisions"}],"predecessor-version":[{"id":2020,"href":"https:\/\/blogs.crespel.me\/usa2009\/wp-json\/wp\/v2\/pages\/1991\/revisions\/2020"}],"up":[{"embeddable":true,"href":"https:\/\/blogs.crespel.me\/usa2009\/wp-json\/wp\/v2\/pages\/569"}],"wp:attachment":[{"href":"https:\/\/blogs.crespel.me\/usa2009\/wp-json\/wp\/v2\/media?parent=1991"}],"curies":[{"name":"wp","href":"https:\/\/api.w.org\/{rel}","templated":true}]}}