{"id":1929,"date":"2009-11-06T18:38:46","date_gmt":"2009-11-06T16:38:46","guid":{"rendered":"http:\/\/jean.crespel.me\/?page_id=1929"},"modified":"2009-11-06T18:38:46","modified_gmt":"2009-11-06T16:38:46","slug":"antelope-canyon","status":"publish","type":"page","link":"https:\/\/blogs.crespel.me\/usa2009\/annexes\/randonnees-et-visites\/antelope-canyon\/","title":{"rendered":"Antelope Canyon"},"content":{"rendered":"<h3>Description<\/h3>\n<ul>\n<li>Antelope Canyon est situ\u00e9 sur la route 98 \u00e0 l&rsquo;Est de Page.<\/li>\n<li>C&rsquo;est un canyon menant au lac Powell.<\/li>\n<li>Depuis Wahweap Marina, balade de 1h30 en bateau dans la partie \u00e9merg\u00e9e (superbe).<\/li>\n<li>Pour rep\u00e9rer Upper et Lower, viser les 2 affreuses chemin\u00e9es de l&rsquo;usine proche.<\/li>\n<li>Lower Antelope est \u00e0 droite (en allant vers Page), prendre la route vers Antelope Point, le parking sera en contrebas \u00e0 gauche \u00e0 1 mile. On y acc\u00e8de en descendant (en se faufilant&#8230;) dans la faille. C&rsquo;est un amusant et incroyable parcours avec des formes et couleurs inimaginables. C&rsquo;est \u00e0 faire le matin t\u00f4t. Dur\u00e9e 1h00.<\/li>\n<li>Upper Antelope est de l&rsquo;autre c\u00f4t\u00e9 de la route. Il faut r\u00e9server \u00e0 l&rsquo;avance pour obtenir un d\u00e9part \u00e0 11h00, les rayons n&rsquo;apparaissent que vers midi en \u00e9t\u00e9. Parcours en 4&#215;4 collectif dans le sable (tr\u00e8s secouant) pour arriver devant la faille. Le parcours est plat. Encore des formes et couleurs. Beaucoup de monde. Retour en 4&#215;4. Dur\u00e9e 1h15.<\/li>\n<li>Horaires 8h00\/17h00. Prix de l&rsquo;acc\u00e8s aux sites pour les 2= 6$. Prix de chaque visite (en sus) Lower= 20$. Upper= 25$. Par personne.<\/li>\n<li>Les photos ne peuvent rendre la beaut\u00e9 des lieux, c&rsquo;est un Must de l&rsquo;Ouest Am\u00e9ricain.<\/li>\n<\/ul>\n<h3>Photos<\/h3>\n<p style=\"text-align: center;\"><a href=\"\/usa2009\/files\/2009\/11\/DSCF8440.JPG\"><img loading=\"lazy\" decoding=\"async\" class=\"alignnone size-thumbnail wp-image-1931\" title=\"Entr\u00e9e de Lower\" src=\"\/usa2009\/files\/2009\/11\/DSCF8440-150x150.jpg\" alt=\"Entr\u00e9e de Lower\" width=\"150\" height=\"150\" \/><\/a> <a href=\"\/usa2009\/files\/2009\/11\/IMG_9411.JPG\"><img loading=\"lazy\" decoding=\"async\" class=\"alignnone size-thumbnail wp-image-1932\" title=\"Dans Lower\" src=\"\/usa2009\/files\/2009\/11\/IMG_9411-150x150.jpg\" alt=\"Dans Lower\" width=\"150\" height=\"150\" \/><\/a> <a href=\"\/usa2009\/files\/2009\/11\/IMG_9441.JPG\"><img loading=\"lazy\" decoding=\"async\" class=\"alignnone size-thumbnail wp-image-1933\" title=\"Dans Lower\" src=\"\/usa2009\/files\/2009\/11\/IMG_9441-150x150.jpg\" alt=\"Dans Lower\" width=\"150\" height=\"150\" \/><\/a><br \/>\n<a href=\"\/usa2009\/files\/2009\/08\/DSCF8528.JPG\"><img loading=\"lazy\" decoding=\"async\" class=\"alignnone size-thumbnail wp-image-915\" title=\"Upper les 4x4\" src=\"\/usa2009\/files\/2009\/08\/DSCF8528-150x150.jpg\" alt=\"Upper les 4x4\" width=\"150\" height=\"150\" \/><\/a> <a href=\"\/usa2009\/files\/2009\/11\/IMG_9527.JPG\"><img loading=\"lazy\" decoding=\"async\" class=\"alignnone size-thumbnail wp-image-1935\" title=\"Dans Upper\" src=\"\/usa2009\/files\/2009\/11\/IMG_9527-150x150.jpg\" alt=\"Dans Upper\" width=\"150\" height=\"150\" \/><\/a> <a href=\"\/usa2009\/files\/2009\/11\/DSCF8522.JPG\"><img loading=\"lazy\" decoding=\"async\" class=\"alignnone size-thumbnail wp-image-1936\" title=\"Dans Upper\" src=\"\/usa2009\/files\/2009\/11\/DSCF8522-150x150.jpg\" alt=\"Dans Upper\" width=\"150\" height=\"150\" \/><\/a><\/p>\n","protected":false},"excerpt":{"rendered":"<p>Description Antelope Canyon est situ\u00e9 sur la route 98 \u00e0 l&rsquo;Est de Page. C&rsquo;est un canyon menant au lac Powell. Depuis Wahweap Marina, balade de 1h30 en bateau dans la partie \u00e9merg\u00e9e (superbe). Pour rep\u00e9rer Upper et Lower, viser les 2 affreuses chemin\u00e9es de l&rsquo;usine proche. Lower Antelope est \u00e0 droite (en allant vers Page), [&hellip;]<\/p>\n","protected":false},"author":2,"featured_media":0,"parent":569,"menu_order":0,"comment_status":"open","ping_status":"open","template":"","meta":{"footnotes":""},"class_list":["post-1929","page","type-page","status-publish","hentry"],"_links":{"self":[{"href":"https:\/\/blogs.crespel.me\/usa2009\/wp-json\/wp\/v2\/pages\/1929","targetHints":{"allow":["GET"]}}],"collection":[{"href":"https:\/\/blogs.crespel.me\/usa2009\/wp-json\/wp\/v2\/pages"}],"about":[{"href":"https:\/\/blogs.crespel.me\/usa2009\/wp-json\/wp\/v2\/types\/page"}],"author":[{"embeddable":true,"href":"https:\/\/blogs.crespel.me\/usa2009\/wp-json\/wp\/v2\/users\/2"}],"replies":[{"embeddable":true,"href":"https:\/\/blogs.crespel.me\/usa2009\/wp-json\/wp\/v2\/comments?post=1929"}],"version-history":[{"count":4,"href":"https:\/\/blogs.crespel.me\/usa2009\/wp-json\/wp\/v2\/pages\/1929\/revisions"}],"predecessor-version":[{"id":1942,"href":"https:\/\/blogs.crespel.me\/usa2009\/wp-json\/wp\/v2\/pages\/1929\/revisions\/1942"}],"up":[{"embeddable":true,"href":"https:\/\/blogs.crespel.me\/usa2009\/wp-json\/wp\/v2\/pages\/569"}],"wp:attachment":[{"href":"https:\/\/blogs.crespel.me\/usa2009\/wp-json\/wp\/v2\/media?parent=1929"}],"curies":[{"name":"wp","href":"https:\/\/api.w.org\/{rel}","templated":true}]}}