{"id":1922,"date":"2009-11-06T18:43:50","date_gmt":"2009-11-06T16:43:50","guid":{"rendered":"http:\/\/jean.crespel.me\/?page_id=1922"},"modified":"2009-11-06T18:43:50","modified_gmt":"2009-11-06T16:43:50","slug":"horseshoe-bend","status":"publish","type":"page","link":"https:\/\/blogs.crespel.me\/usa2009\/annexes\/randonnees-et-visites\/horseshoe-bend\/","title":{"rendered":"Horseshoe Bend"},"content":{"rendered":"<h3>Description<\/h3>\n<ul>\n<li>Horseshoe Bend est situ\u00e9 sur la 89 \u00e0 5 miles au Sud de Page.<\/li>\n<li>Pr\u00e8s de la borne 545 une petite route vers l&rsquo;Ouest m\u00e8ne au parking.<\/li>\n<li>Prendre le chemin en sable montant sur la dune et continuer pendant 1,2 km.<\/li>\n<li>La surprise est au bout avec un imposant et superbe m\u00e9andre du Colorado.<\/li>\n<li>Attention aux enfants, l&rsquo;\u00e0-pic est important et les abords non prot\u00e9g\u00e9s.<\/li>\n<li>Prendre \u00e0 boire car m\u00eame le matin il y fait tr\u00e8s chaud.<\/li>\n<\/ul>\n<h3>Photos<\/h3>\n<p style=\"text-align: center;\"><a href=\"\/usa2009\/files\/2009\/11\/IMG_9379.JPG\"><img loading=\"lazy\" decoding=\"async\" class=\"alignnone size-thumbnail wp-image-1923\" title=\"Horseshoe \u00e0 Gauche\" src=\"\/usa2009\/files\/2009\/11\/IMG_9379-150x150.jpg\" alt=\"Horseshoe \u00e0 Gauche\" width=\"150\" height=\"150\" \/><\/a> <a href=\"\/usa2009\/files\/2009\/11\/DSCF8432.JPG\"><img loading=\"lazy\" decoding=\"async\" class=\"alignnone size-thumbnail wp-image-1924\" title=\"Horseshoe Milieu\" src=\"\/usa2009\/files\/2009\/11\/DSCF8432-150x150.jpg\" alt=\"Horseshoe Milieu\" width=\"150\" height=\"150\" \/><\/a> <a href=\"\/usa2009\/files\/2009\/11\/DSCF8437.JPG\"><img loading=\"lazy\" decoding=\"async\" class=\"alignnone size-thumbnail wp-image-1925\" title=\"Horseshoe \u00e0 Droite\" src=\"\/usa2009\/files\/2009\/11\/DSCF8437-150x150.jpg\" alt=\"Horseshoe \u00e0 Droite\" width=\"150\" height=\"150\" \/><\/a><\/p>\n","protected":false},"excerpt":{"rendered":"<p>Description Horseshoe Bend est situ\u00e9 sur la 89 \u00e0 5 miles au Sud de Page. Pr\u00e8s de la borne 545 une petite route vers l&rsquo;Ouest m\u00e8ne au parking. Prendre le chemin en sable montant sur la dune et continuer pendant 1,2 km. La surprise est au bout avec un imposant et superbe m\u00e9andre du Colorado. [&hellip;]<\/p>\n","protected":false},"author":2,"featured_media":0,"parent":569,"menu_order":0,"comment_status":"open","ping_status":"open","template":"","meta":{"footnotes":""},"class_list":["post-1922","page","type-page","status-publish","hentry"],"_links":{"self":[{"href":"https:\/\/blogs.crespel.me\/usa2009\/wp-json\/wp\/v2\/pages\/1922","targetHints":{"allow":["GET"]}}],"collection":[{"href":"https:\/\/blogs.crespel.me\/usa2009\/wp-json\/wp\/v2\/pages"}],"about":[{"href":"https:\/\/blogs.crespel.me\/usa2009\/wp-json\/wp\/v2\/types\/page"}],"author":[{"embeddable":true,"href":"https:\/\/blogs.crespel.me\/usa2009\/wp-json\/wp\/v2\/users\/2"}],"replies":[{"embeddable":true,"href":"https:\/\/blogs.crespel.me\/usa2009\/wp-json\/wp\/v2\/comments?post=1922"}],"version-history":[{"count":3,"href":"https:\/\/blogs.crespel.me\/usa2009\/wp-json\/wp\/v2\/pages\/1922\/revisions"}],"predecessor-version":[{"id":1944,"href":"https:\/\/blogs.crespel.me\/usa2009\/wp-json\/wp\/v2\/pages\/1922\/revisions\/1944"}],"up":[{"embeddable":true,"href":"https:\/\/blogs.crespel.me\/usa2009\/wp-json\/wp\/v2\/pages\/569"}],"wp:attachment":[{"href":"https:\/\/blogs.crespel.me\/usa2009\/wp-json\/wp\/v2\/media?parent=1922"}],"curies":[{"name":"wp","href":"https:\/\/api.w.org\/{rel}","templated":true}]}}