{"id":1859,"date":"2009-11-06T14:23:01","date_gmt":"2009-11-06T12:23:01","guid":{"rendered":"http:\/\/jean.crespel.me\/?page_id=1859"},"modified":"2009-11-06T14:23:01","modified_gmt":"2009-11-06T12:23:01","slug":"windows-section","status":"publish","type":"page","link":"https:\/\/blogs.crespel.me\/usa2009\/annexes\/randonnees-et-visites\/windows-section\/","title":{"rendered":"Windows Section"},"content":{"rendered":"<h3>Description<\/h3>\n<ul>\n<li>La zone Windows de Arches NP est situ\u00e9e \u00e0 9,5 miles \/ 15,3 km apr\u00e8s le Visitor Center.<\/li>\n<li>Juste apr\u00e8s Balanced Rock, prendre \u00e0 droite sur 2,5 miles pour d\u00e9couvrir Ham Rock, Cove Arch, puis tout au bout Turret Arch,  North et South Window.<\/li>\n<li>Depuis le parking un chemin de 0,7 mile \/ 1,1 km permet de voir de pr\u00e8s ces 3 derni\u00e8res.<\/li>\n<li>Balade facile mais souvent par forte temp\u00e9rature.<\/li>\n<\/ul>\n<h3>Photos<\/h3>\n<p style=\"text-align: center;\"><a href=\"\/usa2009\/files\/2009\/11\/IMG_8883.JPG\"><img loading=\"lazy\" decoding=\"async\" class=\"alignnone size-thumbnail wp-image-1860\" title=\"Windows Section\" src=\"\/usa2009\/files\/2009\/11\/IMG_8883-150x150.jpg\" alt=\"Windows Section\" width=\"150\" height=\"150\" \/><\/a> <a href=\"\/usa2009\/files\/2009\/11\/IMG_8885.JPG\"><img loading=\"lazy\" decoding=\"async\" class=\"alignnone size-thumbnail wp-image-1861\" title=\"Windows Section\" src=\"\/usa2009\/files\/2009\/11\/IMG_8885-150x150.jpg\" alt=\"Windows Section\" width=\"150\" height=\"150\" \/><\/a> <a href=\"\/usa2009\/files\/2009\/11\/IMG_8902.JPG\"><img loading=\"lazy\" decoding=\"async\" class=\"alignnone size-thumbnail wp-image-1862\" title=\"South Window\" src=\"\/usa2009\/files\/2009\/11\/IMG_8902-150x150.jpg\" alt=\"South Window\" width=\"150\" height=\"150\" \/><\/a><\/p>\n","protected":false},"excerpt":{"rendered":"<p>Description La zone Windows de Arches NP est situ\u00e9e \u00e0 9,5 miles \/ 15,3 km apr\u00e8s le Visitor Center. Juste apr\u00e8s Balanced Rock, prendre \u00e0 droite sur 2,5 miles pour d\u00e9couvrir Ham Rock, Cove Arch, puis tout au bout Turret Arch, North et South Window. Depuis le parking un chemin de 0,7 mile \/ 1,1 [&hellip;]<\/p>\n","protected":false},"author":2,"featured_media":0,"parent":569,"menu_order":0,"comment_status":"open","ping_status":"open","template":"","meta":{"footnotes":""},"class_list":["post-1859","page","type-page","status-publish","hentry"],"_links":{"self":[{"href":"https:\/\/blogs.crespel.me\/usa2009\/wp-json\/wp\/v2\/pages\/1859","targetHints":{"allow":["GET"]}}],"collection":[{"href":"https:\/\/blogs.crespel.me\/usa2009\/wp-json\/wp\/v2\/pages"}],"about":[{"href":"https:\/\/blogs.crespel.me\/usa2009\/wp-json\/wp\/v2\/types\/page"}],"author":[{"embeddable":true,"href":"https:\/\/blogs.crespel.me\/usa2009\/wp-json\/wp\/v2\/users\/2"}],"replies":[{"embeddable":true,"href":"https:\/\/blogs.crespel.me\/usa2009\/wp-json\/wp\/v2\/comments?post=1859"}],"version-history":[{"count":3,"href":"https:\/\/blogs.crespel.me\/usa2009\/wp-json\/wp\/v2\/pages\/1859\/revisions"}],"predecessor-version":[{"id":1910,"href":"https:\/\/blogs.crespel.me\/usa2009\/wp-json\/wp\/v2\/pages\/1859\/revisions\/1910"}],"up":[{"embeddable":true,"href":"https:\/\/blogs.crespel.me\/usa2009\/wp-json\/wp\/v2\/pages\/569"}],"wp:attachment":[{"href":"https:\/\/blogs.crespel.me\/usa2009\/wp-json\/wp\/v2\/media?parent=1859"}],"curies":[{"name":"wp","href":"https:\/\/api.w.org\/{rel}","templated":true}]}}