{"id":1854,"date":"2009-11-06T14:14:52","date_gmt":"2009-11-06T12:14:52","guid":{"rendered":"http:\/\/jean.crespel.me\/?page_id=1854"},"modified":"2009-11-06T14:14:52","modified_gmt":"2009-11-06T12:14:52","slug":"wilson-arch","status":"publish","type":"page","link":"https:\/\/blogs.crespel.me\/usa2009\/annexes\/randonnees-et-visites\/wilson-arch\/","title":{"rendered":"Wilson Arch"},"content":{"rendered":"<h3>Description<\/h3>\n<ul>\n<li>Wilson Arch est situ\u00e9e sur la 191 \u00e0 24 miles au Sud de Moab, juste apr\u00e8s La Sal Jct.<\/li>\n<li>C&rsquo;est une imposante arche tr\u00e8s proche de la route.<\/li>\n<li>M\u00e9rite un petit stop.<\/li>\n<li>Parking  de chaque c\u00f4t\u00e9 de la route.<\/li>\n<\/ul>\n<h3>Photos<\/h3>\n<p style=\"text-align: center;\"><a href=\"\/usa2009\/files\/2009\/11\/IMG_8932.JPG\"><img loading=\"lazy\" decoding=\"async\" class=\"alignnone size-thumbnail wp-image-1855\" title=\"Wilson Arch\" src=\"\/usa2009\/files\/2009\/11\/IMG_8932-150x150.jpg\" alt=\"Wilson Arch\" width=\"150\" height=\"150\" \/><\/a> <a href=\"\/usa2009\/files\/2009\/11\/DSCF8131.JPG\"><img loading=\"lazy\" decoding=\"async\" class=\"alignnone size-thumbnail wp-image-1856\" title=\"Wilson Arch\" src=\"\/usa2009\/files\/2009\/11\/DSCF8131-150x150.jpg\" alt=\"Wilson Arch\" width=\"150\" height=\"150\" \/><\/a><\/p>\n","protected":false},"excerpt":{"rendered":"<p>Description Wilson Arch est situ\u00e9e sur la 191 \u00e0 24 miles au Sud de Moab, juste apr\u00e8s La Sal Jct. C&rsquo;est une imposante arche tr\u00e8s proche de la route. M\u00e9rite un petit stop. Parking de chaque c\u00f4t\u00e9 de la route. Photos<\/p>\n","protected":false},"author":2,"featured_media":0,"parent":569,"menu_order":0,"comment_status":"open","ping_status":"open","template":"","meta":{"footnotes":""},"class_list":["post-1854","page","type-page","status-publish","hentry"],"_links":{"self":[{"href":"https:\/\/blogs.crespel.me\/usa2009\/wp-json\/wp\/v2\/pages\/1854","targetHints":{"allow":["GET"]}}],"collection":[{"href":"https:\/\/blogs.crespel.me\/usa2009\/wp-json\/wp\/v2\/pages"}],"about":[{"href":"https:\/\/blogs.crespel.me\/usa2009\/wp-json\/wp\/v2\/types\/page"}],"author":[{"embeddable":true,"href":"https:\/\/blogs.crespel.me\/usa2009\/wp-json\/wp\/v2\/users\/2"}],"replies":[{"embeddable":true,"href":"https:\/\/blogs.crespel.me\/usa2009\/wp-json\/wp\/v2\/comments?post=1854"}],"version-history":[{"count":2,"href":"https:\/\/blogs.crespel.me\/usa2009\/wp-json\/wp\/v2\/pages\/1854\/revisions"}],"predecessor-version":[{"id":1904,"href":"https:\/\/blogs.crespel.me\/usa2009\/wp-json\/wp\/v2\/pages\/1854\/revisions\/1904"}],"up":[{"embeddable":true,"href":"https:\/\/blogs.crespel.me\/usa2009\/wp-json\/wp\/v2\/pages\/569"}],"wp:attachment":[{"href":"https:\/\/blogs.crespel.me\/usa2009\/wp-json\/wp\/v2\/media?parent=1854"}],"curies":[{"name":"wp","href":"https:\/\/api.w.org\/{rel}","templated":true}]}}