{"id":1810,"date":"2009-11-06T13:49:20","date_gmt":"2009-11-06T11:49:20","guid":{"rendered":"http:\/\/jean.crespel.me\/?page_id=1810"},"modified":"2009-11-06T13:53:05","modified_gmt":"2009-11-06T11:53:05","slug":"gouldings-lodge","status":"publish","type":"page","link":"https:\/\/blogs.crespel.me\/usa2009\/annexes\/randonnees-et-visites\/gouldings-lodge\/","title":{"rendered":"Goulding&rsquo;s Lodge"},"content":{"rendered":"<h3>Description<\/h3>\n<ul>\n<li>Le Museum du Goulding&rsquo;s Lodge de Monument Valley est situ\u00e9 juste \u00e0 c\u00f4t\u00e9 du Lodge.<\/li>\n<li>Install\u00e9 dans le Trading Post (1927), o\u00f9 v\u00e9curent les fondateurs du Goulding&rsquo;s, Harry et \u00ab\u00a0Mike\u00a0\u00bb, de nombreuses pi\u00e8ces y sont consacr\u00e9es aux films tourn\u00e9s \u00e0 Monument Valley. Les pi\u00e8ces d&rsquo;habitations sont meubl\u00e9es et rest\u00e9es dans l&rsquo;\u00e9tat.<\/li>\n<li>Entr\u00e9e libre de 8h00 \u00e0 20h00 (donation conseill\u00e9e de 2$).<\/li>\n<li>Si vous logez au Campground ou au Lodge, n&rsquo;h\u00e9sitez pas et poussez la porte, c&rsquo;est un endroit int\u00e9ressant.<\/li>\n<\/ul>\n<h3>Photos<\/h3>\n<p style=\"text-align: center;\"><a href=\"\/usa2009\/files\/2009\/08\/IMG_9277.JPG\"><img loading=\"lazy\" decoding=\"async\" class=\"alignnone size-thumbnail wp-image-865\" title=\"Int\u00e9rieur Gouldings Museum\" src=\"\/usa2009\/files\/2009\/08\/IMG_9277-150x150.jpg\" alt=\"Int\u00e9rieur Gouldings Museum\" width=\"150\" height=\"150\" \/><\/a> <a href=\"\/usa2009\/files\/2009\/10\/DSCF8360.JPG\"><img loading=\"lazy\" decoding=\"async\" class=\"alignnone size-thumbnail wp-image-1812\" title=\"Int\u00e9rieur du Museum\" src=\"\/usa2009\/files\/2009\/10\/DSCF8360-150x150.jpg\" alt=\"Int\u00e9rieur du Museum\" width=\"150\" height=\"150\" \/><\/a> <a href=\"\/usa2009\/files\/2009\/10\/DSCF8356.JPG\"><img loading=\"lazy\" decoding=\"async\" class=\"alignnone size-thumbnail wp-image-1813\" title=\"Depuis le Gouldings Museum\" src=\"\/usa2009\/files\/2009\/10\/DSCF8356-150x150.jpg\" alt=\"Depuis le Gouldings Museum\" width=\"150\" height=\"150\" \/><\/a><\/p>\n","protected":false},"excerpt":{"rendered":"<p>Description Le Museum du Goulding&rsquo;s Lodge de Monument Valley est situ\u00e9 juste \u00e0 c\u00f4t\u00e9 du Lodge. Install\u00e9 dans le Trading Post (1927), o\u00f9 v\u00e9curent les fondateurs du Goulding&rsquo;s, Harry et \u00ab\u00a0Mike\u00a0\u00bb, de nombreuses pi\u00e8ces y sont consacr\u00e9es aux films tourn\u00e9s \u00e0 Monument Valley. Les pi\u00e8ces d&rsquo;habitations sont meubl\u00e9es et rest\u00e9es dans l&rsquo;\u00e9tat. Entr\u00e9e libre de [&hellip;]<\/p>\n","protected":false},"author":2,"featured_media":0,"parent":569,"menu_order":0,"comment_status":"open","ping_status":"open","template":"","meta":{"footnotes":""},"class_list":["post-1810","page","type-page","status-publish","hentry"],"_links":{"self":[{"href":"https:\/\/blogs.crespel.me\/usa2009\/wp-json\/wp\/v2\/pages\/1810","targetHints":{"allow":["GET"]}}],"collection":[{"href":"https:\/\/blogs.crespel.me\/usa2009\/wp-json\/wp\/v2\/pages"}],"about":[{"href":"https:\/\/blogs.crespel.me\/usa2009\/wp-json\/wp\/v2\/types\/page"}],"author":[{"embeddable":true,"href":"https:\/\/blogs.crespel.me\/usa2009\/wp-json\/wp\/v2\/users\/2"}],"replies":[{"embeddable":true,"href":"https:\/\/blogs.crespel.me\/usa2009\/wp-json\/wp\/v2\/comments?post=1810"}],"version-history":[{"count":6,"href":"https:\/\/blogs.crespel.me\/usa2009\/wp-json\/wp\/v2\/pages\/1810\/revisions"}],"predecessor-version":[{"id":1892,"href":"https:\/\/blogs.crespel.me\/usa2009\/wp-json\/wp\/v2\/pages\/1810\/revisions\/1892"}],"up":[{"embeddable":true,"href":"https:\/\/blogs.crespel.me\/usa2009\/wp-json\/wp\/v2\/pages\/569"}],"wp:attachment":[{"href":"https:\/\/blogs.crespel.me\/usa2009\/wp-json\/wp\/v2\/media?parent=1810"}],"curies":[{"name":"wp","href":"https:\/\/api.w.org\/{rel}","templated":true}]}}