{"id":1793,"date":"2009-11-06T14:03:50","date_gmt":"2009-11-06T12:03:50","guid":{"rendered":"http:\/\/jean.crespel.me\/?page_id=1793"},"modified":"2009-11-06T14:24:51","modified_gmt":"2009-11-06T12:24:51","slug":"newspaper-rock","status":"publish","type":"page","link":"https:\/\/blogs.crespel.me\/usa2009\/annexes\/randonnees-et-visites\/newspaper-rock\/","title":{"rendered":"Newspaper Rock"},"content":{"rendered":"<h3>Description<\/h3>\n<ul>\n<li>Les p\u00e9troglyphes de Newspaper Rock \u00e0 Canyonland Needles sont situ\u00e9s sur la 211, \u00e0 12 miles\/15 km apr\u00e8s l&#8217;embranchement sur la 191 (Moab\/Monticello).<\/li>\n<li>Parking \u00e0 droite puis 50m \u00e0 parcourir, les p\u00e9troglyphes sont concentr\u00e9s sur un seul endroit.<\/li>\n<li>Le d\u00e9tour n&rsquo;est pas important si vous passez sur la 191 de Moab \u00e0 Cortez.<\/li>\n<li>Ce panel important et \u00e0 port\u00e9e de main (&#8230;ne pas toucher), vaut le coup !<\/li>\n<\/ul>\n<h3>Photos<\/h3>\n<p style=\"text-align: center;\"><a href=\"\/usa2009\/files\/2009\/08\/DSCF8133.JPG\"><img loading=\"lazy\" decoding=\"async\" class=\"alignnone size-thumbnail wp-image-756\" title=\"Newspaper Rock\" src=\"\/usa2009\/files\/2009\/08\/DSCF8133-150x150.jpg\" alt=\"Newspaper Rock\" width=\"150\" height=\"150\" \/><\/a> <a href=\"\/usa2009\/files\/2009\/10\/DSCF8132.JPG\"><img loading=\"lazy\" decoding=\"async\" class=\"alignnone size-thumbnail wp-image-1796\" title=\"Petroglyphes\" src=\"\/usa2009\/files\/2009\/10\/DSCF8132-150x150.jpg\" alt=\"Petroglyphes\" width=\"150\" height=\"150\" \/><\/a> <a href=\"\/usa2009\/files\/2009\/10\/IMG_8934.JPG\"><img loading=\"lazy\" decoding=\"async\" class=\"alignnone size-thumbnail wp-image-1797\" title=\"Newspaper Rock\" src=\"\/usa2009\/files\/2009\/10\/IMG_8934-150x150.jpg\" alt=\"Newspaper Rock\" width=\"150\" height=\"150\" \/><\/a><\/p>\n","protected":false},"excerpt":{"rendered":"<p>Description Les p\u00e9troglyphes de Newspaper Rock \u00e0 Canyonland Needles sont situ\u00e9s sur la 211, \u00e0 12 miles\/15 km apr\u00e8s l&#8217;embranchement sur la 191 (Moab\/Monticello). Parking \u00e0 droite puis 50m \u00e0 parcourir, les p\u00e9troglyphes sont concentr\u00e9s sur un seul endroit. Le d\u00e9tour n&rsquo;est pas important si vous passez sur la 191 de Moab \u00e0 Cortez. Ce [&hellip;]<\/p>\n","protected":false},"author":2,"featured_media":0,"parent":569,"menu_order":0,"comment_status":"open","ping_status":"open","template":"","meta":{"footnotes":""},"class_list":["post-1793","page","type-page","status-publish","hentry"],"_links":{"self":[{"href":"https:\/\/blogs.crespel.me\/usa2009\/wp-json\/wp\/v2\/pages\/1793","targetHints":{"allow":["GET"]}}],"collection":[{"href":"https:\/\/blogs.crespel.me\/usa2009\/wp-json\/wp\/v2\/pages"}],"about":[{"href":"https:\/\/blogs.crespel.me\/usa2009\/wp-json\/wp\/v2\/types\/page"}],"author":[{"embeddable":true,"href":"https:\/\/blogs.crespel.me\/usa2009\/wp-json\/wp\/v2\/users\/2"}],"replies":[{"embeddable":true,"href":"https:\/\/blogs.crespel.me\/usa2009\/wp-json\/wp\/v2\/comments?post=1793"}],"version-history":[{"count":6,"href":"https:\/\/blogs.crespel.me\/usa2009\/wp-json\/wp\/v2\/pages\/1793\/revisions"}],"predecessor-version":[{"id":1914,"href":"https:\/\/blogs.crespel.me\/usa2009\/wp-json\/wp\/v2\/pages\/1793\/revisions\/1914"}],"up":[{"embeddable":true,"href":"https:\/\/blogs.crespel.me\/usa2009\/wp-json\/wp\/v2\/pages\/569"}],"wp:attachment":[{"href":"https:\/\/blogs.crespel.me\/usa2009\/wp-json\/wp\/v2\/media?parent=1793"}],"curies":[{"name":"wp","href":"https:\/\/api.w.org\/{rel}","templated":true}]}}