{"id":1785,"date":"2009-11-06T14:10:15","date_gmt":"2009-11-06T12:10:15","guid":{"rendered":"http:\/\/jean.crespel.me\/?page_id=1785"},"modified":"2009-11-06T14:10:15","modified_gmt":"2009-11-06T12:10:15","slug":"petroglyphes","status":"publish","type":"page","link":"https:\/\/blogs.crespel.me\/usa2009\/annexes\/randonnees-et-visites\/petroglyphes\/","title":{"rendered":"P\u00e9troglyphes"},"content":{"rendered":"<h3>Description<\/h3>\n<ul>\n<li>Les P\u00e9troglyphes de la Potash Road, sont situ\u00e9s sur la route 279, le long du Colorado et \u00e0 5 miles de l&#8217;embranchement de la 191 en sortie Nord de Moab.<\/li>\n<li>L&#8217;emplacement est indiqu\u00e9 par un panneau, et on peut se garer sur le bas c\u00f4t\u00e9.<\/li>\n<li>Ils sont visibles sur plusieurs zones.<\/li>\n<li>Le d\u00e9tour vaut le coup et la route est peu fr\u00e9quent\u00e9e.<\/li>\n<\/ul>\n<h3>Photos<\/h3>\n<p style=\"text-align: center;\"><a href=\"\/usa2009\/files\/2009\/08\/IMG_8816.JPG\"><img loading=\"lazy\" decoding=\"async\" class=\"alignnone size-thumbnail wp-image-733\" title=\"P\u00e9troglyphes\" src=\"\/usa2009\/files\/2009\/08\/IMG_8816-150x150.jpg\" alt=\"P\u00e9troglyphes\" width=\"150\" height=\"150\" \/><\/a> <a href=\"\/usa2009\/files\/2009\/10\/IMG_8820.JPG\"><img loading=\"lazy\" decoding=\"async\" class=\"alignnone size-thumbnail wp-image-1787\" title=\"Observateurs \" src=\"\/usa2009\/files\/2009\/10\/IMG_8820-150x150.jpg\" alt=\"Observateurs \" width=\"150\" height=\"150\" \/><\/a> <a href=\"\/usa2009\/files\/2009\/10\/IMG_8827.JPG\"><img loading=\"lazy\" decoding=\"async\" class=\"alignnone size-thumbnail wp-image-1788\" title=\"Panneau \u00e0 Droite\" src=\"\/usa2009\/files\/2009\/10\/IMG_8827-150x150.jpg\" alt=\"Panneau \u00e0 Droite\" width=\"150\" height=\"150\" \/><\/a><\/p>\n","protected":false},"excerpt":{"rendered":"<p>Description Les P\u00e9troglyphes de la Potash Road, sont situ\u00e9s sur la route 279, le long du Colorado et \u00e0 5 miles de l&#8217;embranchement de la 191 en sortie Nord de Moab. L&#8217;emplacement est indiqu\u00e9 par un panneau, et on peut se garer sur le bas c\u00f4t\u00e9. Ils sont visibles sur plusieurs zones. Le d\u00e9tour vaut [&hellip;]<\/p>\n","protected":false},"author":2,"featured_media":0,"parent":569,"menu_order":0,"comment_status":"open","ping_status":"open","template":"","meta":{"footnotes":""},"class_list":["post-1785","page","type-page","status-publish","hentry"],"_links":{"self":[{"href":"https:\/\/blogs.crespel.me\/usa2009\/wp-json\/wp\/v2\/pages\/1785","targetHints":{"allow":["GET"]}}],"collection":[{"href":"https:\/\/blogs.crespel.me\/usa2009\/wp-json\/wp\/v2\/pages"}],"about":[{"href":"https:\/\/blogs.crespel.me\/usa2009\/wp-json\/wp\/v2\/types\/page"}],"author":[{"embeddable":true,"href":"https:\/\/blogs.crespel.me\/usa2009\/wp-json\/wp\/v2\/users\/2"}],"replies":[{"embeddable":true,"href":"https:\/\/blogs.crespel.me\/usa2009\/wp-json\/wp\/v2\/comments?post=1785"}],"version-history":[{"count":3,"href":"https:\/\/blogs.crespel.me\/usa2009\/wp-json\/wp\/v2\/pages\/1785\/revisions"}],"predecessor-version":[{"id":1901,"href":"https:\/\/blogs.crespel.me\/usa2009\/wp-json\/wp\/v2\/pages\/1785\/revisions\/1901"}],"up":[{"embeddable":true,"href":"https:\/\/blogs.crespel.me\/usa2009\/wp-json\/wp\/v2\/pages\/569"}],"wp:attachment":[{"href":"https:\/\/blogs.crespel.me\/usa2009\/wp-json\/wp\/v2\/media?parent=1785"}],"curies":[{"name":"wp","href":"https:\/\/api.w.org\/{rel}","templated":true}]}}