{"id":1663,"date":"2009-09-25T18:49:58","date_gmt":"2009-09-25T16:49:58","guid":{"rendered":"http:\/\/jean.crespel.me\/?page_id=1663"},"modified":"2009-09-25T18:49:58","modified_gmt":"2009-09-25T16:49:58","slug":"goblin-valley","status":"publish","type":"page","link":"https:\/\/blogs.crespel.me\/usa2009\/annexes\/randonnees-et-visites\/goblin-valley\/","title":{"rendered":"Goblin Valley"},"content":{"rendered":"<h3>Description<\/h3>\n<ul>\n<li>Pour rejoindre Goblin Valley depuis la UT.24, il faut tourner vers l&rsquo;Ouest au mile 136 (19,5 miles depuis Hanksville ou 24 miles depuis I.70- assez mal indiqu\u00e9) vers Temple Mountain Jct \u00e0 5 miles, puis encore 6 miles vers le Sud-Ouest.<\/li>\n<li>Annual Pass non accept\u00e9, p\u00e9age 6$ par v\u00e9hicule.<\/li>\n<li>Goblin Valley est un petit State Park limit\u00e9 \u00e0 une courte Scenic Drive, 2 Overlook  et 3 randonn\u00e9es.<\/li>\n<li>Observation Point est situ\u00e9 sur les hauteurs du \u00ab\u00a0champ de Goblins\u00a0\u00bb le plus important. Heureusement cet Overlook comporte un abri car les temp\u00e9ratures (en \u00e9t\u00e9) y sont souvent tr\u00e8s, tr\u00e8s \u00e9lev\u00e9es.<\/li>\n<li>On peut descendre dans le champ de Goblins, mais bien s\u00fbr il ne faut pas les escalader.<\/li>\n<li>Compter 1h30 pour l&rsquo;aller\/retour depuis la 24 et cette int\u00e9ressante et \u00e9trange visite.<\/li>\n<\/ul>\n<h3>Photos<\/h3>\n<p style=\"text-align: center;\"><a href=\"\/usa2009\/files\/2009\/09\/DSCF8010.JPG\"><img loading=\"lazy\" decoding=\"async\" class=\"alignnone size-thumbnail wp-image-1667\" title=\"Observation Point au fond\" src=\"\/usa2009\/files\/2009\/09\/DSCF8010-150x150.jpg\" alt=\"Observation Point au fond\" width=\"150\" height=\"150\" \/><\/a> <a href=\"\/usa2009\/files\/2009\/08\/DSCF8011.JPG\"><img loading=\"lazy\" decoding=\"async\" class=\"alignnone size-thumbnail wp-image-723\" title=\"Etrange Goblin\" src=\"\/usa2009\/files\/2009\/08\/DSCF8011-150x150.jpg\" alt=\"Etrange Goblin\" width=\"150\" height=\"150\" \/><\/a> <a href=\"\/usa2009\/files\/2009\/08\/IMG_8750.JPG\"><img loading=\"lazy\" decoding=\"async\" class=\"alignnone size-thumbnail wp-image-722\" title=\"Goblin Valley (dont un Goblin vivant)\" src=\"\/usa2009\/files\/2009\/08\/IMG_8750-150x150.jpg\" alt=\"Goblin Valley (dont un Goblin vivant)\" width=\"150\" height=\"150\" \/><\/a><\/p>\n","protected":false},"excerpt":{"rendered":"<p>Description Pour rejoindre Goblin Valley depuis la UT.24, il faut tourner vers l&rsquo;Ouest au mile 136 (19,5 miles depuis Hanksville ou 24 miles depuis I.70- assez mal indiqu\u00e9) vers Temple Mountain Jct \u00e0 5 miles, puis encore 6 miles vers le Sud-Ouest. Annual Pass non accept\u00e9, p\u00e9age 6$ par v\u00e9hicule. Goblin Valley est un petit [&hellip;]<\/p>\n","protected":false},"author":2,"featured_media":0,"parent":569,"menu_order":0,"comment_status":"open","ping_status":"open","template":"","meta":{"footnotes":""},"class_list":["post-1663","page","type-page","status-publish","hentry"],"_links":{"self":[{"href":"https:\/\/blogs.crespel.me\/usa2009\/wp-json\/wp\/v2\/pages\/1663","targetHints":{"allow":["GET"]}}],"collection":[{"href":"https:\/\/blogs.crespel.me\/usa2009\/wp-json\/wp\/v2\/pages"}],"about":[{"href":"https:\/\/blogs.crespel.me\/usa2009\/wp-json\/wp\/v2\/types\/page"}],"author":[{"embeddable":true,"href":"https:\/\/blogs.crespel.me\/usa2009\/wp-json\/wp\/v2\/users\/2"}],"replies":[{"embeddable":true,"href":"https:\/\/blogs.crespel.me\/usa2009\/wp-json\/wp\/v2\/comments?post=1663"}],"version-history":[{"count":5,"href":"https:\/\/blogs.crespel.me\/usa2009\/wp-json\/wp\/v2\/pages\/1663\/revisions"}],"predecessor-version":[{"id":1686,"href":"https:\/\/blogs.crespel.me\/usa2009\/wp-json\/wp\/v2\/pages\/1663\/revisions\/1686"}],"up":[{"embeddable":true,"href":"https:\/\/blogs.crespel.me\/usa2009\/wp-json\/wp\/v2\/pages\/569"}],"wp:attachment":[{"href":"https:\/\/blogs.crespel.me\/usa2009\/wp-json\/wp\/v2\/media?parent=1663"}],"curies":[{"name":"wp","href":"https:\/\/api.w.org\/{rel}","templated":true}]}}