{"id":1630,"date":"2009-09-25T18:43:59","date_gmt":"2009-09-25T16:43:59","guid":{"rendered":"http:\/\/jean.crespel.me\/?page_id=1630"},"modified":"2009-09-25T18:43:59","modified_gmt":"2009-09-25T16:43:59","slug":"angels-palace","status":"publish","type":"page","link":"https:\/\/blogs.crespel.me\/usa2009\/annexes\/randonnees-et-visites\/angels-palace\/","title":{"rendered":"Angels Palace"},"content":{"rendered":"<h3>Description<\/h3>\n<ul>\n<li>La balade Angels Palace Trail est situ\u00e9e le long de la Scenic Drive de Kodachrome Basin montant vers le Nord, peu avant le campground.<\/li>\n<li>Le d\u00e9part est \u00e0 droite de la route en face du parking, boucle de 2,4 km.<\/li>\n<li>De l&rsquo;autre c\u00f4t\u00e9 de la route, au fond du parking, se situe le d\u00e9part de Nature Trail.<\/li>\n<li>Une mont\u00e9e (46 m) m\u00e8ne \u00e0 un plateau pour une belle vue d&rsquo;ensemble.<\/li>\n<\/ul>\n<h3>Photos<\/h3>\n<p style=\"text-align: center;\"><a href=\"\/usa2009\/files\/2009\/09\/IMG_8482.JPG\"><img loading=\"lazy\" decoding=\"async\" class=\"alignnone size-thumbnail wp-image-1651\" title=\"Pr\u00e8s de Angels Palace\" src=\"\/usa2009\/files\/2009\/09\/IMG_8482-150x150.jpg\" alt=\"Pr\u00e8s de Angels Palace\" width=\"150\" height=\"150\" \/><\/a> <a href=\"\/usa2009\/files\/2009\/09\/IMG_8483.JPG\"><img loading=\"lazy\" decoding=\"async\" class=\"alignnone size-thumbnail wp-image-1652\" title=\"Depuis Angels Palace\" src=\"\/usa2009\/files\/2009\/09\/IMG_8483-150x150.jpg\" alt=\"Depuis Angels Palace\" width=\"150\" height=\"150\" \/><\/a><\/p>\n","protected":false},"excerpt":{"rendered":"<p>Description La balade Angels Palace Trail est situ\u00e9e le long de la Scenic Drive de Kodachrome Basin montant vers le Nord, peu avant le campground. Le d\u00e9part est \u00e0 droite de la route en face du parking, boucle de 2,4 km. De l&rsquo;autre c\u00f4t\u00e9 de la route, au fond du parking, se situe le d\u00e9part [&hellip;]<\/p>\n","protected":false},"author":2,"featured_media":0,"parent":569,"menu_order":0,"comment_status":"open","ping_status":"open","template":"","meta":{"footnotes":""},"class_list":["post-1630","page","type-page","status-publish","hentry"],"_links":{"self":[{"href":"https:\/\/blogs.crespel.me\/usa2009\/wp-json\/wp\/v2\/pages\/1630","targetHints":{"allow":["GET"]}}],"collection":[{"href":"https:\/\/blogs.crespel.me\/usa2009\/wp-json\/wp\/v2\/pages"}],"about":[{"href":"https:\/\/blogs.crespel.me\/usa2009\/wp-json\/wp\/v2\/types\/page"}],"author":[{"embeddable":true,"href":"https:\/\/blogs.crespel.me\/usa2009\/wp-json\/wp\/v2\/users\/2"}],"replies":[{"embeddable":true,"href":"https:\/\/blogs.crespel.me\/usa2009\/wp-json\/wp\/v2\/comments?post=1630"}],"version-history":[{"count":6,"href":"https:\/\/blogs.crespel.me\/usa2009\/wp-json\/wp\/v2\/pages\/1630\/revisions"}],"predecessor-version":[{"id":1684,"href":"https:\/\/blogs.crespel.me\/usa2009\/wp-json\/wp\/v2\/pages\/1630\/revisions\/1684"}],"up":[{"embeddable":true,"href":"https:\/\/blogs.crespel.me\/usa2009\/wp-json\/wp\/v2\/pages\/569"}],"wp:attachment":[{"href":"https:\/\/blogs.crespel.me\/usa2009\/wp-json\/wp\/v2\/media?parent=1630"}],"curies":[{"name":"wp","href":"https:\/\/api.w.org\/{rel}","templated":true}]}}