{"id":1593,"date":"2009-09-21T18:07:49","date_gmt":"2009-09-21T16:07:49","guid":{"rendered":"http:\/\/jean.crespel.me\/?page_id=1593"},"modified":"2009-09-25T18:45:44","modified_gmt":"2009-09-25T16:45:44","slug":"emerald-pool","status":"publish","type":"page","link":"https:\/\/blogs.crespel.me\/usa2009\/annexes\/randonnees-et-visites\/emerald-pool\/","title":{"rendered":"Emerald Pool"},"content":{"rendered":"<h3>Description<\/h3>\n<ul>\n<li>Acc\u00e8s par la navette du Scenic Drive, 4\u00e8me arr\u00eat (Zion Lodge).<\/li>\n<li>Pour acc\u00e9der \u00e0 Middle, on passe par Lower (chemin facile jusque Lower, puis plus pentu avec sable et gros cailloux), total environ 1,6 km.<\/li>\n<li>L&rsquo;aller\/retour vers Upper est plus escarp\u00e9 (sable et gros cailloux, encore&#8230;), 1 km A\/R.<\/li>\n<li>En bas de Upper, donc en haut de Middle&#8230; prendre \u00e0 gauche le Kayenta Trail (1,6 km) qui ram\u00e8ne \u00e0 The Grotto en longeant, sur les hauteurs, la Virgin River. Beaux points de vues et flore int\u00e9ressante.<\/li>\n<li>The Grotto est un endroit agr\u00e9able, ombrag\u00e9, pour le pique-nique (toilettes sur place).<\/li>\n<\/ul>\n<h3>Photos<\/h3>\n<p style=\"text-align: center;\"><a href=\"\/usa2009\/files\/2009\/09\/DSCF7737.JPG\"><img loading=\"lazy\" decoding=\"async\" class=\"alignnone size-thumbnail wp-image-1596\" title=\"Emerald pool Middle\" src=\"\/usa2009\/files\/2009\/09\/DSCF7737-150x150.jpg\" alt=\"Emerald pool Middle\" width=\"150\" height=\"150\" \/><\/a> <a href=\"\/usa2009\/files\/2009\/09\/DSCF7742.JPG\"><img loading=\"lazy\" decoding=\"async\" class=\"alignnone size-thumbnail wp-image-1597\" title=\"Depuis Kayenta Trail\" src=\"\/usa2009\/files\/2009\/09\/DSCF7742-150x150.jpg\" alt=\"Depuis Kayenta Trail\" width=\"150\" height=\"150\" \/><\/a> <a href=\"\/usa2009\/files\/2009\/09\/DSCF7739.JPG\"><img loading=\"lazy\" decoding=\"async\" class=\"alignnone size-thumbnail wp-image-1598\" title=\"Cactus sur Kayenta Trail\" src=\"\/usa2009\/files\/2009\/09\/DSCF7739-150x150.jpg\" alt=\"Cactus sur Kayenta Trail\" width=\"150\" height=\"150\" \/><\/a><\/p>\n","protected":false},"excerpt":{"rendered":"<p>Description Acc\u00e8s par la navette du Scenic Drive, 4\u00e8me arr\u00eat (Zion Lodge). Pour acc\u00e9der \u00e0 Middle, on passe par Lower (chemin facile jusque Lower, puis plus pentu avec sable et gros cailloux), total environ 1,6 km. L&rsquo;aller\/retour vers Upper est plus escarp\u00e9 (sable et gros cailloux, encore&#8230;), 1 km A\/R. En bas de Upper, donc [&hellip;]<\/p>\n","protected":false},"author":2,"featured_media":0,"parent":569,"menu_order":0,"comment_status":"open","ping_status":"open","template":"","meta":{"footnotes":""},"class_list":["post-1593","page","type-page","status-publish","hentry"],"_links":{"self":[{"href":"https:\/\/blogs.crespel.me\/usa2009\/wp-json\/wp\/v2\/pages\/1593","targetHints":{"allow":["GET"]}}],"collection":[{"href":"https:\/\/blogs.crespel.me\/usa2009\/wp-json\/wp\/v2\/pages"}],"about":[{"href":"https:\/\/blogs.crespel.me\/usa2009\/wp-json\/wp\/v2\/types\/page"}],"author":[{"embeddable":true,"href":"https:\/\/blogs.crespel.me\/usa2009\/wp-json\/wp\/v2\/users\/2"}],"replies":[{"embeddable":true,"href":"https:\/\/blogs.crespel.me\/usa2009\/wp-json\/wp\/v2\/comments?post=1593"}],"version-history":[{"count":7,"href":"https:\/\/blogs.crespel.me\/usa2009\/wp-json\/wp\/v2\/pages\/1593\/revisions"}],"predecessor-version":[{"id":1685,"href":"https:\/\/blogs.crespel.me\/usa2009\/wp-json\/wp\/v2\/pages\/1593\/revisions\/1685"}],"up":[{"embeddable":true,"href":"https:\/\/blogs.crespel.me\/usa2009\/wp-json\/wp\/v2\/pages\/569"}],"wp:attachment":[{"href":"https:\/\/blogs.crespel.me\/usa2009\/wp-json\/wp\/v2\/media?parent=1593"}],"curies":[{"name":"wp","href":"https:\/\/api.w.org\/{rel}","templated":true}]}}