{"id":1547,"date":"2009-09-14T20:05:32","date_gmt":"2009-09-14T18:05:32","guid":{"rendered":"http:\/\/jean.crespel.me\/?page_id=1547"},"modified":"2009-09-14T20:05:32","modified_gmt":"2009-09-14T18:05:32","slug":"visitor-center-petrified-forest","status":"publish","type":"page","link":"https:\/\/blogs.crespel.me\/usa2009\/annexes\/visitor-center\/visitor-center-petrified-forest\/","title":{"rendered":"Visitor Center &#8211; Petrified Forest"},"content":{"rendered":"<h3>Description<\/h3>\n<ul>\n<li>En r\u00e9alit\u00e9 le Visitor Center s&rsquo;appelle \u00ab\u00a0Rainbow Forest Museum\u00a0\u00bb, il est ouvert de 7h00 \u00e0 19h00.<\/li>\n<li>Il est situ\u00e9 au Sud du site, \u00e0 2 miles apr\u00e8s la jonction avec la 180 venant de Holbrook.<\/li>\n<li>Voir le film int\u00e9ressant sur la for\u00eat p\u00e9trifi\u00e9e, et l&rsquo;exposition sur les animaux pr\u00e9historiques.<\/li>\n<li>On acc\u00e8de au trail (boucle de 0,7 km), Giant Logs, par ce Visitor Center.<\/li>\n<li>La Scenic Drive monte vers le Nord (jusqu&rsquo;au Painted Desert) sur 40 km et 10 points de vue.<\/li>\n<li>La For\u00eat P\u00e9trifi\u00e9e et le D\u00e9sert Peint peuvent \u00eatre combin\u00e9s sur une journ\u00e9e (en y ajoutant quelques balades).<\/li>\n<\/ul>\n<h3>Photos<\/h3>\n<p style=\"text-align: center;\"><a href=\"\/usa2009\/files\/2009\/09\/DSCF8717.JPG\"><img loading=\"lazy\" decoding=\"async\" class=\"alignnone size-thumbnail wp-image-1550\" title=\"Rainbow Forest Museum\" src=\"\/usa2009\/files\/2009\/09\/DSCF8717-150x150.jpg\" alt=\"Rainbow Forest Museum\" width=\"150\" height=\"150\" \/><\/a> <a href=\"\/usa2009\/files\/2009\/09\/IMG_9873.JPG\"><img loading=\"lazy\" decoding=\"async\" class=\"alignnone size-thumbnail wp-image-1551\" title=\"Pr\u00e9histoire\" src=\"\/usa2009\/files\/2009\/09\/IMG_9873-150x150.jpg\" alt=\"Pr\u00e9histoire\" width=\"150\" height=\"150\" \/><\/a> <a href=\"\/usa2009\/files\/2009\/09\/IMG_9879.JPG\"><img loading=\"lazy\" decoding=\"async\" class=\"alignnone size-thumbnail wp-image-1552\" title=\"Arbres P\u00e9trifi\u00e9s\" src=\"\/usa2009\/files\/2009\/09\/IMG_9879-150x150.jpg\" alt=\"Arbres P\u00e9trifi\u00e9s\" width=\"150\" height=\"150\" \/><\/a><\/p>\n","protected":false},"excerpt":{"rendered":"<p>Description En r\u00e9alit\u00e9 le Visitor Center s&rsquo;appelle \u00ab\u00a0Rainbow Forest Museum\u00a0\u00bb, il est ouvert de 7h00 \u00e0 19h00. Il est situ\u00e9 au Sud du site, \u00e0 2 miles apr\u00e8s la jonction avec la 180 venant de Holbrook. Voir le film int\u00e9ressant sur la for\u00eat p\u00e9trifi\u00e9e, et l&rsquo;exposition sur les animaux pr\u00e9historiques. On acc\u00e8de au trail (boucle [&hellip;]<\/p>\n","protected":false},"author":2,"featured_media":0,"parent":572,"menu_order":0,"comment_status":"open","ping_status":"open","template":"","meta":{"footnotes":""},"class_list":["post-1547","page","type-page","status-publish","hentry"],"_links":{"self":[{"href":"https:\/\/blogs.crespel.me\/usa2009\/wp-json\/wp\/v2\/pages\/1547","targetHints":{"allow":["GET"]}}],"collection":[{"href":"https:\/\/blogs.crespel.me\/usa2009\/wp-json\/wp\/v2\/pages"}],"about":[{"href":"https:\/\/blogs.crespel.me\/usa2009\/wp-json\/wp\/v2\/types\/page"}],"author":[{"embeddable":true,"href":"https:\/\/blogs.crespel.me\/usa2009\/wp-json\/wp\/v2\/users\/2"}],"replies":[{"embeddable":true,"href":"https:\/\/blogs.crespel.me\/usa2009\/wp-json\/wp\/v2\/comments?post=1547"}],"version-history":[{"count":5,"href":"https:\/\/blogs.crespel.me\/usa2009\/wp-json\/wp\/v2\/pages\/1547\/revisions"}],"predecessor-version":[{"id":1559,"href":"https:\/\/blogs.crespel.me\/usa2009\/wp-json\/wp\/v2\/pages\/1547\/revisions\/1559"}],"up":[{"embeddable":true,"href":"https:\/\/blogs.crespel.me\/usa2009\/wp-json\/wp\/v2\/pages\/572"}],"wp:attachment":[{"href":"https:\/\/blogs.crespel.me\/usa2009\/wp-json\/wp\/v2\/media?parent=1547"}],"curies":[{"name":"wp","href":"https:\/\/api.w.org\/{rel}","templated":true}]}}