{"id":1447,"date":"2009-09-12T20:15:43","date_gmt":"2009-09-12T18:15:43","guid":{"rendered":"http:\/\/jean.crespel.me\/?page_id=1447"},"modified":"2009-09-13T12:56:39","modified_gmt":"2009-09-13T10:56:39","slug":"visitor-center-canyonlands-the-needles","status":"publish","type":"page","link":"https:\/\/blogs.crespel.me\/usa2009\/annexes\/visitor-center\/visitor-center-canyonlands-the-needles\/","title":{"rendered":"Visitor Center &#8211; Canyonlands The Needles"},"content":{"rendered":"<h3>Description<\/h3>\n<ul>\n<li>Le Visitor Center est ouvert de 8h00 \u00e0 17h00.<\/li>\n<li>Il est situ\u00e9 tout au bout de la route 211 \u00e0 50 miles de Monticello.<\/li>\n<li>Une Scenic Road, de 10 miles, m\u00e8ne ensuite vers le Nord Ouest \u00e0 Big Spring Canyon Overlook.<\/li>\n<li>Balades faciles pr\u00e8s du VC : Roadside Ruin et Cave Spring.<\/li>\n<li>Vers le Sud-Ouest, les randonn\u00e9es vers Chesler Park ou Elephant  Hill sont recommand\u00e9es.<\/li>\n<li>Tr\u00e8s peu de visiteurs dans cette partie de Canyonlands, il s&rsquo;en d\u00e9gage une grande s\u00e9r\u00e9nit\u00e9.<\/li>\n<\/ul>\n<h3>Photos<\/h3>\n<p style=\"text-align: center;\"><a href=\"\/usa2009\/files\/2009\/09\/DSCF8134.JPG\"><img loading=\"lazy\" decoding=\"async\" class=\"alignnone size-thumbnail wp-image-1450\" title=\"Le VC de Needles\" src=\"\/usa2009\/files\/2009\/09\/DSCF8134-150x150.jpg\" alt=\"Le VC de Needles\" width=\"150\" height=\"150\" \/><\/a> <a href=\"\/usa2009\/files\/2009\/09\/DSCF8156.JPG\"><img loading=\"lazy\" decoding=\"async\" class=\"alignnone size-thumbnail wp-image-1451\" title=\"Expo au VC des Needles\" src=\"\/usa2009\/files\/2009\/09\/DSCF8156-150x150.jpg\" alt=\"Expo au VC des Needles\" width=\"150\" height=\"150\" \/><\/a> <a href=\"\/usa2009\/files\/2009\/09\/DSCF8157.JPG\"><img loading=\"lazy\" decoding=\"async\" class=\"alignnone size-thumbnail wp-image-1452\" title=\"Expo au VC de Needles\" src=\"\/usa2009\/files\/2009\/09\/DSCF8157-150x150.jpg\" alt=\"Expo au VC de Needles\" width=\"150\" height=\"150\" \/><\/a><\/p>\n","protected":false},"excerpt":{"rendered":"<p>Description Le Visitor Center est ouvert de 8h00 \u00e0 17h00. Il est situ\u00e9 tout au bout de la route 211 \u00e0 50 miles de Monticello. Une Scenic Road, de 10 miles, m\u00e8ne ensuite vers le Nord Ouest \u00e0 Big Spring Canyon Overlook. Balades faciles pr\u00e8s du VC : Roadside Ruin et Cave Spring. Vers le [&hellip;]<\/p>\n","protected":false},"author":2,"featured_media":0,"parent":572,"menu_order":0,"comment_status":"open","ping_status":"open","template":"","meta":{"footnotes":""},"class_list":["post-1447","page","type-page","status-publish","hentry"],"_links":{"self":[{"href":"https:\/\/blogs.crespel.me\/usa2009\/wp-json\/wp\/v2\/pages\/1447","targetHints":{"allow":["GET"]}}],"collection":[{"href":"https:\/\/blogs.crespel.me\/usa2009\/wp-json\/wp\/v2\/pages"}],"about":[{"href":"https:\/\/blogs.crespel.me\/usa2009\/wp-json\/wp\/v2\/types\/page"}],"author":[{"embeddable":true,"href":"https:\/\/blogs.crespel.me\/usa2009\/wp-json\/wp\/v2\/users\/2"}],"replies":[{"embeddable":true,"href":"https:\/\/blogs.crespel.me\/usa2009\/wp-json\/wp\/v2\/comments?post=1447"}],"version-history":[{"count":5,"href":"https:\/\/blogs.crespel.me\/usa2009\/wp-json\/wp\/v2\/pages\/1447\/revisions"}],"predecessor-version":[{"id":1498,"href":"https:\/\/blogs.crespel.me\/usa2009\/wp-json\/wp\/v2\/pages\/1447\/revisions\/1498"}],"up":[{"embeddable":true,"href":"https:\/\/blogs.crespel.me\/usa2009\/wp-json\/wp\/v2\/pages\/572"}],"wp:attachment":[{"href":"https:\/\/blogs.crespel.me\/usa2009\/wp-json\/wp\/v2\/media?parent=1447"}],"curies":[{"name":"wp","href":"https:\/\/api.w.org\/{rel}","templated":true}]}}