{"id":1421,"date":"2009-09-12T19:37:26","date_gmt":"2009-09-12T17:37:26","guid":{"rendered":"http:\/\/jean.crespel.me\/?page_id=1421"},"modified":"2009-09-12T19:37:26","modified_gmt":"2009-09-12T17:37:26","slug":"visitor-center-canyonlands-island-in-the-sky","status":"publish","type":"page","link":"https:\/\/blogs.crespel.me\/usa2009\/annexes\/visitor-center\/visitor-center-canyonlands-island-in-the-sky\/","title":{"rendered":"Visitor Center &#8211; Canyonlands Island in the Sky"},"content":{"rendered":"<h3>Description<\/h3>\n<ul>\n<li>Le Visitor Center est ouvert de 8h00 \u00e0 17h00.<\/li>\n<li>Il est situ\u00e9 sur la 313 venant de Moab, \u00e0 l&rsquo;entr\u00e9e de Island in the Sky.<\/li>\n<li>La Scenic Road descend vers le Sud jusque Grand View Point Overlook (\u00e0 20km).<\/li>\n<li>Grandioses points de vues, mais surtout d&rsquo;int\u00e9ressantes balades (dont Mesa Arch).<\/li>\n<\/ul>\n<h3>Photos<\/h3>\n<p style=\"text-align: center;\"><a href=\"\/usa2009\/files\/2009\/09\/DSCF8047.JPG\"><img loading=\"lazy\" decoding=\"async\" class=\"alignnone size-thumbnail wp-image-1424\" title=\"Canyonlands Island in the Sky\" src=\"\/usa2009\/files\/2009\/09\/DSCF8047-150x150.jpg\" alt=\"Canyonlands Island in the Sky\" width=\"150\" height=\"150\" \/><\/a> <a href=\"\/usa2009\/files\/2009\/09\/IMG_8790.JPG\"><img loading=\"lazy\" decoding=\"async\" class=\"alignnone size-thumbnail wp-image-1425\" title=\"Green River Overlook\" src=\"\/usa2009\/files\/2009\/09\/IMG_8790-150x150.jpg\" alt=\"Green River Overlook\" width=\"150\" height=\"150\" \/><\/a> <a href=\"\/usa2009\/files\/2009\/09\/IMG_8773_fixed.jpg\"><img loading=\"lazy\" decoding=\"async\" class=\"alignnone size-thumbnail wp-image-1427\" title=\"Grand View Point Overlook\" src=\"\/usa2009\/files\/2009\/09\/IMG_8773_fixed-150x150.jpg\" alt=\"Grand View Point Overlook\" width=\"150\" height=\"150\" \/><\/a><\/p>\n","protected":false},"excerpt":{"rendered":"<p>Description Le Visitor Center est ouvert de 8h00 \u00e0 17h00. Il est situ\u00e9 sur la 313 venant de Moab, \u00e0 l&rsquo;entr\u00e9e de Island in the Sky. La Scenic Road descend vers le Sud jusque Grand View Point Overlook (\u00e0 20km). Grandioses points de vues, mais surtout d&rsquo;int\u00e9ressantes balades (dont Mesa Arch). Photos<\/p>\n","protected":false},"author":2,"featured_media":0,"parent":572,"menu_order":0,"comment_status":"open","ping_status":"open","template":"","meta":{"footnotes":""},"class_list":["post-1421","page","type-page","status-publish","hentry"],"_links":{"self":[{"href":"https:\/\/blogs.crespel.me\/usa2009\/wp-json\/wp\/v2\/pages\/1421","targetHints":{"allow":["GET"]}}],"collection":[{"href":"https:\/\/blogs.crespel.me\/usa2009\/wp-json\/wp\/v2\/pages"}],"about":[{"href":"https:\/\/blogs.crespel.me\/usa2009\/wp-json\/wp\/v2\/types\/page"}],"author":[{"embeddable":true,"href":"https:\/\/blogs.crespel.me\/usa2009\/wp-json\/wp\/v2\/users\/2"}],"replies":[{"embeddable":true,"href":"https:\/\/blogs.crespel.me\/usa2009\/wp-json\/wp\/v2\/comments?post=1421"}],"version-history":[{"count":4,"href":"https:\/\/blogs.crespel.me\/usa2009\/wp-json\/wp\/v2\/pages\/1421\/revisions"}],"predecessor-version":[{"id":1440,"href":"https:\/\/blogs.crespel.me\/usa2009\/wp-json\/wp\/v2\/pages\/1421\/revisions\/1440"}],"up":[{"embeddable":true,"href":"https:\/\/blogs.crespel.me\/usa2009\/wp-json\/wp\/v2\/pages\/572"}],"wp:attachment":[{"href":"https:\/\/blogs.crespel.me\/usa2009\/wp-json\/wp\/v2\/media?parent=1421"}],"curies":[{"name":"wp","href":"https:\/\/api.w.org\/{rel}","templated":true}]}}