{"id":1239,"date":"2009-09-06T15:43:44","date_gmt":"2009-09-06T13:43:44","guid":{"rendered":"http:\/\/jean.crespel.me\/?page_id=1239"},"modified":"2021-05-10T09:33:35","modified_gmt":"2021-05-10T07:33:35","slug":"wahweap-resort","status":"publish","type":"page","link":"https:\/\/blogs.crespel.me\/usa2009\/annexes\/campgrounds\/wahweap-resort\/","title":{"rendered":"Wahweap resort"},"content":{"rendered":"<h3>Description<\/h3>\n<ul>\n<li>Situ\u00e9 sur une hauteur, l&rsquo;accueil est \u00e0 1,5km apr\u00e8s la Marina du Resort.<\/li>\n<li>R\u00e9servable sur leur site.<\/li>\n<li>Prix 48$ pour un RV25 et 3 personnes.<\/li>\n<li>Full hookups.<\/li>\n<li><strong>Ao\u00fbt 2009: note 8\/10.<\/strong> Emplacement C5 avec vue sur le lac Powell.<\/li>\n<li>Ombrag\u00e9 (\u00e0 notre emplacement), vaste, l&rsquo;ensemble est tr\u00e8s clean&#8230;<\/li>\n<li>Au Resort, acc\u00e8s \u00e0 la piscine et possibilit\u00e9 de tours en bateaux, acc\u00e8s par l&rsquo;accueil.<\/li>\n<\/ul>\n<h3>Photos<\/h3>\n<p style=\"text-align: center\"><a href=\"\/usa2009\/files\/2009\/09\/DSCF8395.JPG\"><img loading=\"lazy\" decoding=\"async\" class=\"alignnone size-thumbnail wp-image-1243\" title=\"Wahweap resort campground\" src=\"\/usa2009\/files\/2009\/09\/DSCF8395-150x150.jpg\" alt=\"Wahweap resort campground\" width=\"150\" height=\"150\" \/><\/a> <a href=\"\/usa2009\/files\/2009\/09\/DSCF8396.JPG\"><img loading=\"lazy\" decoding=\"async\" class=\"alignnone size-thumbnail wp-image-1244\" title=\"Wahweap resort campground\" src=\"\/usa2009\/files\/2009\/09\/DSCF8396-150x150.jpg\" alt=\"Wahweap resort campground\" width=\"150\" height=\"150\" \/><\/a> <a href=\"\/usa2009\/files\/2009\/09\/DSCF8397.JPG\"><img loading=\"lazy\" decoding=\"async\" class=\"alignnone size-thumbnail wp-image-1245\" title=\"Vue vers le lac Powell\" src=\"\/usa2009\/files\/2009\/09\/DSCF8397-150x150.jpg\" alt=\"Vue vers le lac Powell\" width=\"150\" height=\"150\" \/><\/a><\/p>\n","protected":false},"excerpt":{"rendered":"<p>Description Situ\u00e9 sur une hauteur, l&rsquo;accueil est \u00e0 1,5km apr\u00e8s la Marina du Resort. R\u00e9servable sur leur site. Prix 48$ pour un RV25 et 3 personnes. Full hookups. Ao\u00fbt 2009: note 8\/10. Emplacement C5 avec vue sur le lac Powell. Ombrag\u00e9 (\u00e0 notre emplacement), vaste, l&rsquo;ensemble est tr\u00e8s clean&#8230; Au Resort, acc\u00e8s \u00e0 la piscine [&hellip;]<\/p>\n","protected":false},"author":2,"featured_media":0,"parent":561,"menu_order":0,"comment_status":"open","ping_status":"open","template":"","meta":{"footnotes":""},"class_list":["post-1239","page","type-page","status-publish","hentry"],"_links":{"self":[{"href":"https:\/\/blogs.crespel.me\/usa2009\/wp-json\/wp\/v2\/pages\/1239","targetHints":{"allow":["GET"]}}],"collection":[{"href":"https:\/\/blogs.crespel.me\/usa2009\/wp-json\/wp\/v2\/pages"}],"about":[{"href":"https:\/\/blogs.crespel.me\/usa2009\/wp-json\/wp\/v2\/types\/page"}],"author":[{"embeddable":true,"href":"https:\/\/blogs.crespel.me\/usa2009\/wp-json\/wp\/v2\/users\/2"}],"replies":[{"embeddable":true,"href":"https:\/\/blogs.crespel.me\/usa2009\/wp-json\/wp\/v2\/comments?post=1239"}],"version-history":[{"count":11,"href":"https:\/\/blogs.crespel.me\/usa2009\/wp-json\/wp\/v2\/pages\/1239\/revisions"}],"predecessor-version":[{"id":2335,"href":"https:\/\/blogs.crespel.me\/usa2009\/wp-json\/wp\/v2\/pages\/1239\/revisions\/2335"}],"up":[{"embeddable":true,"href":"https:\/\/blogs.crespel.me\/usa2009\/wp-json\/wp\/v2\/pages\/561"}],"wp:attachment":[{"href":"https:\/\/blogs.crespel.me\/usa2009\/wp-json\/wp\/v2\/media?parent=1239"}],"curies":[{"name":"wp","href":"https:\/\/api.w.org\/{rel}","templated":true}]}}