{"id":51,"date":"2010-08-11T17:22:48","date_gmt":"2010-08-11T15:22:48","guid":{"rendered":"http:\/\/texasbar.crespel.me\/"},"modified":"2010-12-04T11:24:22","modified_gmt":"2010-12-04T10:24:22","slug":"svalbardnature","status":"publish","type":"page","link":"https:\/\/blogs.crespel.me\/texasbar\/svalbardnature\/","title":{"rendered":"Svalbard Nature"},"content":{"rendered":"<p>Il y a 2 ans j&rsquo;avais fait la d\u00e9couverte de cette agence de voyage sp\u00e9cialis\u00e9e dans les voyages polaires.<\/p>\n<p>Apr\u00e8s un essai infructueux, cette ann\u00e9e fut la bonne et nous avons franchi le pas avec cette agence.<\/p>\n<p>Notre contact fut Gilles, vous trouverez toutes les informations sur cette agence sur le lien suivant <a href=\"http:\/\/www.svalbard-nature.com\/\">www.svalbard-nature.com<\/a><span style=\"font-size: 15.9722px;\"> <\/span><\/p>\n<p>Les conseils furent pr\u00e9cieux avant le voyage et l&rsquo;accueil une fois sur place de tr\u00e8s bonne qualit\u00e9.<\/p>\n<p>Pour plus d&rsquo;informations sur vous pouvez contacter au 04 78 92 30 88\u00a0<span style=\"font-size: 15.9722px;\"><strong>Pierre Fijalkowski.<\/strong><br \/>\n<\/span><\/p>\n","protected":false},"excerpt":{"rendered":"<p>Il y a 2 ans j&rsquo;avais fait la d\u00e9couverte de cette agence de voyage sp\u00e9cialis\u00e9e dans les voyages polaires. Apr\u00e8s un essai infructueux, cette ann\u00e9e fut la bonne et nous avons franchi le pas avec cette agence. Notre contact fut &hellip; <a href=\"https:\/\/blogs.crespel.me\/texasbar\/svalbardnature\/\">Continuer la lecture <span class=\"meta-nav\">&rarr;<\/span><\/a><\/p>\n","protected":false},"author":3,"featured_media":0,"parent":0,"menu_order":3,"comment_status":"open","ping_status":"closed","template":"","meta":{"footnotes":""},"class_list":["post-51","page","type-page","status-publish","hentry"],"_links":{"self":[{"href":"https:\/\/blogs.crespel.me\/texasbar\/wp-json\/wp\/v2\/pages\/51","targetHints":{"allow":["GET"]}}],"collection":[{"href":"https:\/\/blogs.crespel.me\/texasbar\/wp-json\/wp\/v2\/pages"}],"about":[{"href":"https:\/\/blogs.crespel.me\/texasbar\/wp-json\/wp\/v2\/types\/page"}],"author":[{"embeddable":true,"href":"https:\/\/blogs.crespel.me\/texasbar\/wp-json\/wp\/v2\/users\/3"}],"replies":[{"embeddable":true,"href":"https:\/\/blogs.crespel.me\/texasbar\/wp-json\/wp\/v2\/comments?post=51"}],"version-history":[{"count":9,"href":"https:\/\/blogs.crespel.me\/texasbar\/wp-json\/wp\/v2\/pages\/51\/revisions"}],"predecessor-version":[{"id":391,"href":"https:\/\/blogs.crespel.me\/texasbar\/wp-json\/wp\/v2\/pages\/51\/revisions\/391"}],"wp:attachment":[{"href":"https:\/\/blogs.crespel.me\/texasbar\/wp-json\/wp\/v2\/media?parent=51"}],"curies":[{"name":"wp","href":"https:\/\/api.w.org\/{rel}","templated":true}]}}