{"id":12,"date":"2010-08-10T23:57:07","date_gmt":"2010-08-10T21:57:07","guid":{"rendered":"http:\/\/texasbar.crespel.me\/"},"modified":"2010-12-04T16:02:03","modified_gmt":"2010-12-04T15:02:03","slug":"lexpedition-au-jour-le-jour","status":"publish","type":"page","link":"https:\/\/blogs.crespel.me\/texasbar\/","title":{"rendered":"Pr\u00e9sentation"},"content":{"rendered":"<p style=\"text-align: justify;\">Bienvenue sur le blog de notre voyage au Spitzberg du <strong>1<\/strong><strong>8 juillet au 9   ao\u00fbt 2010<\/strong>. Vous y trouverez tout le parcours de notre exp\u00e9dition au jour   le jour, ainsi qu&rsquo;un panorama de la flore et de la faune du grand  nord.<\/p>\n<p style=\"text-align: justify;\">Ce voyage traduit une nouvelle fois la r\u00e9alisation d&rsquo;un r\u00eave. Celui-ci fut solitaire pour arnaud et finalement s&rsquo;est construit puis r\u00e9alis\u00e9 \u00e0 deux. Nouvelle fois, oui, car nous sommes des ultra privil\u00e9gi\u00e9s. Je ne pourrais d\u00e9crire ici l&rsquo;ensemble des \u00e9motions v\u00e9cues durant ce voyage, tr\u00e8s intense, tr\u00e8s fort, tr\u00e8s d\u00e9cal\u00e9.<\/p>\n<p style=\"text-align: justify;\">La pr\u00e9paration de ce voyage fut une \u00e9tape en soit, imaginer, deviner, esp\u00e9rer&#8230; Et puis finalement un jour cela arrive et vous voil\u00e0 \u00e0 atterrir en quelques secondes en passant&#8230; d&rsquo;un monde&#8230; au Spitzberg.<\/p>\n<p style=\"text-align: justify;\">Une de mes impressions au retour, parmi environ quelques milliers, fut de qualifier cet archipel de \u00ab\u00a0nature brute\u00a0\u00bb. Nous pourrions en parler ensemble pendant des heures et des heures, mais nous vous invitons \u00e0 parcourir ces quelques pages.<\/p>\n<p style=\"text-align: justify;\">Si celles-ci peuvent susciter quelques envies, motivations, plaisirs, \u00e9motions, alors vous savez ce qu&rsquo;il vous reste \u00e0 faire, une agence de voyage sp\u00e9cialis\u00e9e, un peu de pr\u00e9paration physique, un training fortement conseill\u00e9 pour apprendre les rudiments du Kayak de mer et la chance de tomber sur un excellent guide.<\/p>\n<p style=\"text-align: justify;\">A bient\u00f4t<\/p>\n<p style=\"text-align: justify;\">Delphine et Arnaud<\/p>\n<div id=\"attachment_424\" style=\"width: 310px\" class=\"wp-caption aligncenter\"><a href=\"\/texasbar\/files\/2010\/08\/NousDeux3.gif\"><img loading=\"lazy\" decoding=\"async\" aria-describedby=\"caption-attachment-424\" class=\"size-medium wp-image-424\" title=\"ArnaudDelphine\" src=\"\/texasbar\/files\/2010\/08\/NousDeux3-300x225.gif\" alt=\"\" width=\"300\" height=\"225\" srcset=\"https:\/\/blogs.crespel.me\/texasbar\/wp-content\/uploads\/sites\/3\/2010\/08\/NousDeux3-300x225.gif 300w, https:\/\/blogs.crespel.me\/texasbar\/wp-content\/uploads\/sites\/3\/2010\/08\/NousDeux3.gif 500w\" sizes=\"auto, (max-width: 300px) 100vw, 300px\" \/><\/a><p id=\"caption-attachment-424\" class=\"wp-caption-text\">Nous deux<\/p><\/div>\n<p style=\"text-align: center;\">\n<p style=\"text-align: left;\">Pour vous situer ce lieu \u00e9trange :<\/p>\n<p style=\"text-align: left;\">\n<div id=\"attachment_427\" style=\"width: 310px\" class=\"wp-caption aligncenter\"><a href=\"\/texasbar\/files\/2010\/08\/localisation.gif\"><img loading=\"lazy\" decoding=\"async\" aria-describedby=\"caption-attachment-427\" class=\"size-medium wp-image-427\" title=\"localisation\" src=\"\/texasbar\/files\/2010\/08\/localisation-300x300.gif\" alt=\"\" width=\"300\" height=\"300\" srcset=\"https:\/\/blogs.crespel.me\/texasbar\/wp-content\/uploads\/sites\/3\/2010\/08\/localisation-300x300.gif 300w, https:\/\/blogs.crespel.me\/texasbar\/wp-content\/uploads\/sites\/3\/2010\/08\/localisation-150x150.gif 150w, https:\/\/blogs.crespel.me\/texasbar\/wp-content\/uploads\/sites\/3\/2010\/08\/localisation.gif 600w\" sizes=\"auto, (max-width: 300px) 100vw, 300px\" \/><\/a><p id=\"caption-attachment-427\" class=\"wp-caption-text\">O\u00f9 se trouve le Svalbard<\/p><\/div>\n<p style=\"text-align: center;\">\n<p style=\"text-align: justify;\">\n<p style=\"text-align: justify;\">\n","protected":false},"excerpt":{"rendered":"<p>Bienvenue sur le blog de notre voyage au Spitzberg du 18 juillet au 9 ao\u00fbt 2010. Vous y trouverez tout le parcours de notre exp\u00e9dition au jour le jour, ainsi qu&rsquo;un panorama de la flore et de la faune du &hellip; <a href=\"https:\/\/blogs.crespel.me\/texasbar\/\">Continuer la lecture <span class=\"meta-nav\">&rarr;<\/span><\/a><\/p>\n","protected":false},"author":3,"featured_media":0,"parent":0,"menu_order":2,"comment_status":"open","ping_status":"closed","template":"","meta":{"footnotes":""},"class_list":["post-12","page","type-page","status-publish","hentry"],"_links":{"self":[{"href":"https:\/\/blogs.crespel.me\/texasbar\/wp-json\/wp\/v2\/pages\/12","targetHints":{"allow":["GET"]}}],"collection":[{"href":"https:\/\/blogs.crespel.me\/texasbar\/wp-json\/wp\/v2\/pages"}],"about":[{"href":"https:\/\/blogs.crespel.me\/texasbar\/wp-json\/wp\/v2\/types\/page"}],"author":[{"embeddable":true,"href":"https:\/\/blogs.crespel.me\/texasbar\/wp-json\/wp\/v2\/users\/3"}],"replies":[{"embeddable":true,"href":"https:\/\/blogs.crespel.me\/texasbar\/wp-json\/wp\/v2\/comments?post=12"}],"version-history":[{"count":23,"href":"https:\/\/blogs.crespel.me\/texasbar\/wp-json\/wp\/v2\/pages\/12\/revisions"}],"predecessor-version":[{"id":486,"href":"https:\/\/blogs.crespel.me\/texasbar\/wp-json\/wp\/v2\/pages\/12\/revisions\/486"}],"wp:attachment":[{"href":"https:\/\/blogs.crespel.me\/texasbar\/wp-json\/wp\/v2\/media?parent=12"}],"curies":[{"name":"wp","href":"https:\/\/api.w.org\/{rel}","templated":true}]}}