{"id":5,"date":"2021-09-09T21:30:07","date_gmt":"2021-09-09T19:30:07","guid":{"rendered":"https:\/\/blogs.crespel.me\/normandie\/?page_id=5"},"modified":"2021-09-19T16:24:55","modified_gmt":"2021-09-19T14:24:55","slug":"presentation","status":"publish","type":"page","link":"https:\/\/blogs.crespel.me\/normandie\/","title":{"rendered":"Pr\u00e9sentation"},"content":{"rendered":"<p><strong>Ce blog est le compte rendu d\u2019un court voyage de 6\/8 jours (depuis le \u00ab 59 \u00bb), en voiture, vers la Normandie (Honfleur) et la \u00ab\u00a0c\u00f4te fleurie\u00a0\u00bb depuis notre base de Cabourg.<br \/>\n<\/strong><\/p>\n<p>La photo ci-dessus prise \u00e0 <span style=\"color: #ff0000\"><strong>Caen<\/strong><\/span>\/h\u00f4tel de ville et Abbaye aux Hommes, haut lieu historique et chef-lieu du Calvados\u2026 sous un soleil constant !<\/p>\n<ul>\n<li><strong>Qui<\/strong> : 3 adultes (parents 73\/69 ans et fils 34 ans).<\/li>\n<\/ul>\n<ul>\n<li><strong>Y aller<\/strong> : en voiture depuis Valenciennes, le chemin est \u00ab court \u00bb (moins de 400km) et rapide par l\u2019autoroute (via Amiens et le Pont de Normandie), il nous a suffit d&rsquo;une demi-journ\u00e9e des samedi 04\/09 et samedi 11\/09. Au total 1225km.<\/li>\n<\/ul>\n<ul>\n<li><strong>La route<\/strong> : bon r\u00e9seau d\u2019autoroutes, routes secondaires en plut\u00f4t bon \u00e9tat, mais une profusion de ronds points et ralentisseurs (quelquefois tr\u00e8s\/trop s\u00e9v\u00e8res\u2026) aux abords et dans les villes\/villages\/bourgs.<\/li>\n<\/ul>\n<ul>\n<li><strong>La conduite <\/strong>: plut\u00f4t cool \u00e0 cette p\u00e9riode de rentr\u00e9e des classes, mais quelques camping-cars en vadrouille ! <strong><br \/>\n<\/strong><\/li>\n<\/ul>\n<ul>\n<li><strong>Le logement <\/strong>:\u00a0 7 nuits devant la Grande plage de Cabourg (r\u00e9sidence La Caravelle B, 25 Av Foch \u00e0 300m au Sud du Casino), 2\u00e8me \u00e9tage, tr\u00e8s bel appartement de 55m2 pour 834\u20ac la sem.<strong><br \/>\n<\/strong><\/li>\n<\/ul>\n<ul>\n<li><strong>La nourriture<\/strong> : copieux petits d\u00e9jeuners, en-cas le midi (chips\/tomates\/fruits, ou pr\u00e9paration froide maison), 2 restos et cuisine simple maison le soir.<\/li>\n<\/ul>\n<ul>\n<li><strong>Les visites<\/strong>: voir le d\u00e9tail au jour le jour, dont 6 payantes: M\u00e9morial et Abbaye aux hommes \u00e0 Caen, les Franciscaines \u00e0 Deauville, Pegasus Bridge et Grand bunker \u00e0 Ouistreham, les jardins de Cambremer.<\/li>\n<\/ul>\n<ul>\n<li><strong>De nombreux avis<\/strong> (25) sont d\u00e9pos\u00e9s sur <em>Tripadvisor<\/em>, vous les retrouverez dans les textes du blog \u00ab en soulign\u00e9 \u00bb.<\/li>\n<\/ul>\n<ul>\n<li><strong>Le budget global<\/strong> de 1500.\u20ac dans NOS conditions choisies et assum\u00e9es, soit 500.\u20ac\/adulte. Bien s\u00fbr il est possible de r\u00e9duire ce budget pour l\u2019adapter \u00e0 d\u2019autres choix. En d\u00e9tail pour 3 adultes: h\u00e9bergements 834\u20ac, alimentation\/restos 267\u20ac, visites 155\u20ac, parkings\/p\u00e9ages 77\u20ac, essence 170\u20ac.<\/li>\n<\/ul>\n<ul>\n<li><strong>La pr\u00e9paration<\/strong> : r\u00e9gion d\u00e9j\u00e0 abord\u00e9e il y a pr\u00e8s de 25\/30 ans\u2026 donc retour aux sources avec nos archives, consultations internet et Google Maps, et un programme de 6 courtes escapades de 45 \u00e0 100km depuis Cabourg. Vous remarquerez que ces circuits et visites \u00ab tiennent \u00bb dans un rectangle de 30km x 20km.<\/li>\n<\/ul>\n<ul>\n<li><strong>Les \u00ab\u00a0bons points\u00a0\u00bb<\/strong> : Tout ! une m\u00e9t\u00e9o tr\u00e8s favorable, ciel bleu et 20\/24\u00b0C, des paysages photog\u00e9niques, des sites int\u00e9ressants et non satur\u00e9s, et la plage de Cabourg devant les yeux matin et soir\u2026<\/li>\n<\/ul>\n<ul>\n<li>Pr\u00e8s de 870 photos, avec un reflex Sony Alpha 68 (pour Fabien) dont quelques unes prises par moi avec un compact Canon SX620HS (zoom de x25). Aucune retouche effectu\u00e9e sur les photos du blog et du CR. Environ 245 sont en ligne sur ces pages.<\/li>\n<\/ul>\n<p>Bonne lecture. <em>Fabien et Jean.<\/em><\/p>\n<ul>\n<li>Quelques photos: Honfleur, H\u00f4tel\/Casino de Cabourg, Programme c\u00f4te Fleurie.<\/li>\n<\/ul>\n\n\t\t<style type=\"text\/css\">\n\t\t\t#gallery-1 {\n\t\t\t\tmargin: auto;\n\t\t\t}\n\t\t\t#gallery-1 .gallery-item {\n\t\t\t\tfloat: left;\n\t\t\t\tmargin-top: 10px;\n\t\t\t\ttext-align: center;\n\t\t\t\twidth: 33%;\n\t\t\t}\n\t\t\t#gallery-1 img {\n\t\t\t\tborder: 2px solid #cfcfcf;\n\t\t\t}\n\t\t\t#gallery-1 .gallery-caption {\n\t\t\t\tmargin-left: 0;\n\t\t\t}\n\t\t\t\/* see gallery_shortcode() in wp-includes\/media.php *\/\n\t\t<\/style>\n\t\t<div id='gallery-1' class='gallery galleryid-5 gallery-columns-3 gallery-size-thumbnail'><dl class='gallery-item'>\n\t\t\t<dt class='gallery-icon landscape'>\n\t\t\t\t<a href='https:\/\/blogs.crespel.me\/normandie\/wp-content\/uploads\/sites\/16\/2021\/09\/DSC04250-scaled.jpg'><img loading=\"lazy\" decoding=\"async\" width=\"150\" height=\"150\" src=\"https:\/\/blogs.crespel.me\/normandie\/wp-content\/uploads\/sites\/16\/2021\/09\/DSC04250-150x150.jpg\" class=\"attachment-thumbnail size-thumbnail\" alt=\"\" aria-describedby=\"gallery-1-22\" \/><\/a>\n\t\t\t<\/dt>\n\t\t\t\t<dd class='wp-caption-text gallery-caption' id='gallery-1-22'>\n\t\t\t\tLe Vieux bassin de Honfleur\n\t\t\t\t<\/dd><\/dl><dl class='gallery-item'>\n\t\t\t<dt class='gallery-icon landscape'>\n\t\t\t\t<a href='https:\/\/blogs.crespel.me\/normandie\/wp-content\/uploads\/sites\/16\/2021\/09\/DSC04285-scaled.jpg'><img loading=\"lazy\" decoding=\"async\" width=\"150\" height=\"150\" src=\"https:\/\/blogs.crespel.me\/normandie\/wp-content\/uploads\/sites\/16\/2021\/09\/DSC04285-150x150.jpg\" class=\"attachment-thumbnail size-thumbnail\" alt=\"\" aria-describedby=\"gallery-1-23\" \/><\/a>\n\t\t\t<\/dt>\n\t\t\t\t<dd class='wp-caption-text gallery-caption' id='gallery-1-23'>\n\t\t\t\tLe Grand H\u00f4tel de Cabourg\n\t\t\t\t<\/dd><\/dl><dl class='gallery-item'>\n\t\t\t<dt class='gallery-icon landscape'>\n\t\t\t\t<a href='https:\/\/blogs.crespel.me\/normandie\/wp-content\/uploads\/sites\/16\/2021\/09\/carte-google-des-circuits-2-1-scaled.jpg'><img loading=\"lazy\" decoding=\"async\" width=\"150\" height=\"150\" src=\"https:\/\/blogs.crespel.me\/normandie\/wp-content\/uploads\/sites\/16\/2021\/09\/carte-google-des-circuits-2-1-150x150.jpg\" class=\"attachment-thumbnail size-thumbnail\" alt=\"\" aria-describedby=\"gallery-1-27\" \/><\/a>\n\t\t\t<\/dt>\n\t\t\t\t<dd class='wp-caption-text gallery-caption' id='gallery-1-27'>\n\t\t\t\tCircuits c\u00f4te fleurie\n\t\t\t\t<\/dd><\/dl><br style=\"clear: both\" \/>\n\t\t<\/div>\n\n","protected":false},"excerpt":{"rendered":"<p>Ce blog est le compte rendu d\u2019un court voyage de 6\/8 jours (depuis le \u00ab 59 \u00bb), en voiture, vers la Normandie (Honfleur) et la \u00ab\u00a0c\u00f4te fleurie\u00a0\u00bb depuis notre base de Cabourg. La photo ci-dessus prise \u00e0 Caen\/h\u00f4tel de ville et Abbaye aux Hommes, haut lieu historique et chef-lieu du Calvados\u2026 sous un soleil constant [&hellip;]<\/p>\n","protected":false},"author":1,"featured_media":19,"parent":0,"menu_order":0,"comment_status":"closed","ping_status":"closed","template":"","meta":{"footnotes":""},"class_list":["post-5","page","type-page","status-publish","has-post-thumbnail","hentry"],"_links":{"self":[{"href":"https:\/\/blogs.crespel.me\/normandie\/wp-json\/wp\/v2\/pages\/5","targetHints":{"allow":["GET"]}}],"collection":[{"href":"https:\/\/blogs.crespel.me\/normandie\/wp-json\/wp\/v2\/pages"}],"about":[{"href":"https:\/\/blogs.crespel.me\/normandie\/wp-json\/wp\/v2\/types\/page"}],"author":[{"embeddable":true,"href":"https:\/\/blogs.crespel.me\/normandie\/wp-json\/wp\/v2\/users\/1"}],"replies":[{"embeddable":true,"href":"https:\/\/blogs.crespel.me\/normandie\/wp-json\/wp\/v2\/comments?post=5"}],"version-history":[{"count":16,"href":"https:\/\/blogs.crespel.me\/normandie\/wp-json\/wp\/v2\/pages\/5\/revisions"}],"predecessor-version":[{"id":403,"href":"https:\/\/blogs.crespel.me\/normandie\/wp-json\/wp\/v2\/pages\/5\/revisions\/403"}],"wp:featuredmedia":[{"embeddable":true,"href":"https:\/\/blogs.crespel.me\/normandie\/wp-json\/wp\/v2\/media\/19"}],"wp:attachment":[{"href":"https:\/\/blogs.crespel.me\/normandie\/wp-json\/wp\/v2\/media?parent=5"}],"curies":[{"name":"wp","href":"https:\/\/api.w.org\/{rel}","templated":true}]}}