{"id":1117,"date":"2025-09-21T18:08:37","date_gmt":"2025-09-21T16:08:37","guid":{"rendered":"https:\/\/blogs.crespel.me\/gr20\/?page_id=1117"},"modified":"2025-09-25T23:01:52","modified_gmt":"2025-09-25T21:01:52","slug":"le-materiel","status":"publish","type":"page","link":"https:\/\/blogs.crespel.me\/gr20\/infos-pratiques\/le-materiel\/","title":{"rendered":"Le mat\u00e9riel"},"content":{"rendered":"\n<p>Voici ci-dessous une liste quasi-exhaustive de notre \u00e9quipement pour le GR20 effectu\u00e9 fin ao\u00fbt \/ d\u00e9but septembre, class\u00e9e par cat\u00e9gorie.<\/p>\n\n\n\n<p>La plupart des articles ont \u00e9t\u00e9 achet\u00e9s chez Decathlon et nous ont apport\u00e9 satisfaction. Des liens sont fournis lorsqu&#8217;ils sont disponibles pour les produits exacts ou similaires (non affili\u00e9s, et susceptibles de ne plus fonctionner \u00e0 l&#8217;avenir).<\/p>\n\n\n\n<p>L&#8217;objectif de poids vis\u00e9 pour nos sacs \u00e9tait de 10 kg sans l&#8217;eau, soit entre 12 et 13 kg environ avec l&#8217;eau. Nous avons trouv\u00e9 ce poids tout \u00e0 fait supportable.<\/p>\n\n\n\n<hr class=\"wp-block-separator has-alpha-channel-opacity\" style=\"margin-top:var(--wp--preset--spacing--50);margin-bottom:var(--wp--preset--spacing--50)\"\/>\n\n\n\n<h2 class=\"wp-block-heading\">\ud83d\udc55 V\u00eatements<\/h2>\n\n\n\n<ul class=\"wp-block-list\">\n<li>1 <a href=\"https:\/\/www.decathlon.fr\/p\/pantalon-de-randonnee-homme-mh500-vert\/_\/R-p-325496?mc=8587372&amp;c=gris-carbone\">pantalon rando<\/a> ou <a href=\"https:\/\/www.decathlon.fr\/p\/collant-legging-sous-vetement-en-laine-merinos-de-trek-montagne-homme-mt500\/_\/R-p-301655?mc=8501932\">legging<\/a> ou <a href=\"https:\/\/www.decathlon.fr\/p\/pantalon-de-trek-modulable-2-en-1-et-resistant-homme-mt500\/_\/R-p-351289?mc=8853742\">pantalon 2 en 1<\/a><\/li>\n\n\n\n<li>1 <a href=\"https:\/\/www.decathlon.fr\/p\/short-de-trek-resistant-homme-mt500-orange\/_\/R-p-351375?mc=8853412&amp;c=noir_gris\">short rando<\/a><\/li>\n\n\n\n<li>2 <a href=\"https:\/\/www.decathlon.fr\/p\/t-shirt-de-trek-voyage-manches-courtes-laine-merinos-homme-travel-500-bleu\/_\/R-p-106265?mc=8493310\">t-shirts manches courtes<\/a> (laine merinos)<\/li>\n\n\n\n<li>1 <a href=\"https:\/\/www.decathlon.fr\/p\/t-shirt-100percent-laine-merinos-manche-longue-mt500-homme\/_\/R-p-11829\">t-shirt manches longues<\/a> (laine merinos)<\/li>\n\n\n\n<li>1 <a href=\"https:\/\/www.decathlon.fr\/p\/veste-legere-impermeable-de-randonnee-mh500-homme\/_\/R-p-301681\">veste pluie<\/a> ou <a href=\"https:\/\/www.decathlon.fr\/p\/veste-3en1-de-randonnee-10degc-impermeable-homme-mh500-mountain-gris\/_\/R-p-147553?mc=8540394&amp;c=gris-carbone\">veste 3 en 1<\/a> (indispensable)<\/li>\n\n\n\n<li>1 <a href=\"https:\/\/www.decathlon.fr\/p\/polaire-de-randonnee-montagne-homme-mh100-full-zip-vert\/_\/R-p-333908\">veste polaire<\/a> ou doudoune de la <a href=\"https:\/\/www.decathlon.fr\/p\/veste-3en1-de-randonnee-10degc-impermeable-homme-mh500-mountain-gris\/_\/R-p-147553?mc=8540394&amp;c=gris-carbone\">veste 3 en 1<\/a> (indispensable)<\/li>\n\n\n\n<li>3 <a href=\"https:\/\/www.decathlon.fr\/p\/chaussettes-de-running-run900-fines-mid\/_\/R-p-352967?mc=8901351&amp;c=blanc-ultra\">paires de chaussettes<\/a><\/li>\n\n\n\n<li>3 boxers<\/li>\n\n\n\n<li>En option : maillot de bain, gants et tour de cou selon saison<\/li>\n<\/ul>\n\n\n\n<hr class=\"wp-block-separator has-alpha-channel-opacity\" style=\"margin-top:var(--wp--preset--spacing--50);margin-bottom:var(--wp--preset--spacing--50)\"\/>\n\n\n\n<h2 class=\"wp-block-heading\">\ud83e\udd7e Randonn\u00e9e<\/h2>\n\n\n\n<ul class=\"wp-block-list\">\n<li><a href=\"https:\/\/www.decathlon.fr\/p\/sac-a-dos-de-trekking-homme-50-10-l-mt500-air\/_\/R-p-324407?mc=8581388\">Sac \u00e0 dos 50+10 L<\/a><\/li>\n\n\n\n<li><a href=\"https:\/\/www.decathlon.fr\/p\/1-baton-ultra-compact-de-trek-mt900-noir\/_\/R-p-172316?mc=8810536&amp;c=noir_vert\">B\u00e2tons de marche<\/a><\/li>\n\n\n\n<li><a href=\"https:\/\/www.decathlon.fr\/p\/chaussures-de-randonnee-montagne-impermeables-homme-mh500-noires\/_\/R-p-330812?mc=8618759&amp;c=bleu-abysse\">Chaussures rando<\/a><\/li>\n\n\n\n<li><a href=\"https:\/\/www.decathlon.fr\/p\/casquette-de-randonnee-mt500-gris\/_\/R-p-353902?mc=8916423&amp;c=gris-lunaire\">Casquette<\/a> ou bob<\/li>\n\n\n\n<li><a href=\"https:\/\/www.decathlon.fr\/p\/lunettes-de-soleil-randonnee-mh570-adulte-categorie-4-polarisante\/_\/R-p-330063?mc=8615921\">Lunettes de soleil<\/a><\/li>\n\n\n\n<li>Barres de c\u00e9r\u00e9ales, fruits secs, etc.<\/li>\n\n\n\n<li><a href=\"https:\/\/www.decathlon.fr\/p\/poche-a-eau-3-litres-mt500\/_\/R-p-306517?mc=8542254&amp;c=bleu\">Poche \u00e0 eau 3 L<\/a><\/li>\n\n\n\n<li><a href=\"https:\/\/www.decathlon.fr\/p\/bidon-velo-fastflow-m-650ml\/_\/R-p-168920?mc=8487261&amp;c=noir_gris\">Gourde classique<\/a><\/li>\n\n\n\n<li><a href=\"https:\/\/www.decathlon.fr\/p\/comprimes-purificateurs-eau-trekking-randonnee-bivouac-micropur-forte-x100\/_\/R-p-X8343721\">Pastilles purification eau<\/a><\/li>\n\n\n\n<li>En option : gourde filtrante<\/li>\n<\/ul>\n\n\n\n<hr class=\"wp-block-separator has-alpha-channel-opacity\" style=\"margin-top:var(--wp--preset--spacing--50);margin-bottom:var(--wp--preset--spacing--50)\"\/>\n\n\n\n<h2 class=\"wp-block-heading\">\u26fa Bivouac<\/h2>\n\n\n\n<ul class=\"wp-block-list\">\n<li><a href=\"https:\/\/www.decathlon.fr\/p\/tente-dome-de-trekking-1-place-mt900-legere-et-autoportante\/_\/R-p-305777?mc=8882673\">Tente 1 personne<\/a><\/li>\n\n\n\n<li><a href=\"https:\/\/www.decathlon.fr\/p\/matelas-gonflable-de-trekking-mt500-air-l-180-x-52-cm-1-personne\/_\/R-p-189392?mc=8799965&amp;c=incolore\">Matelas gonflable<\/a> (facile \u00e0 gonfler, pas besoin d&#8217;un autogonflant)<\/li>\n\n\n\n<li><a href=\"https:\/\/www.decathlon.fr\/p\/sac-de-couchage-de-trekking-mt500-5degc-synthetique\/_\/R-p-346446?mc=8799899\">Sac de couchage<\/a> (confort 5\u00b0C)<\/li>\n\n\n\n<li><a href=\"https:\/\/www.decathlon.fr\/p\/drap-de-sac-de-trekking-en-soie-mt500\/_\/R-p-323651\">Drap de sac<\/a><\/li>\n\n\n\n<li>Boules Qui\u00e8s<\/li>\n\n\n\n<li>Lampe frontale<\/li>\n\n\n\n<li><a href=\"https:\/\/www.decathlon.fr\/p\/slap-500-m-new-bleu-blanc\/_\/R-p-340191?mc=8797336&amp;c=blanc_bleu\">Sandales<\/a> (indispensables, chaussures interdites pr\u00e8s des douches)<\/li>\n\n\n\n<li>En option : oreiller gonflable (mais un v\u00eatement suffit)<\/li>\n<\/ul>\n\n\n\n<hr class=\"wp-block-separator has-alpha-channel-opacity\" style=\"margin-top:var(--wp--preset--spacing--50);margin-bottom:var(--wp--preset--spacing--50)\"\/>\n\n\n\n<h2 class=\"wp-block-heading\">\ud83d\udebf Toilette<\/h2>\n\n\n\n<ul class=\"wp-block-list\">\n<li><a href=\"https:\/\/www.decathlon.fr\/p\/serviette-de-bain-microfibre-vert-kaki-taille-l-80-x-130-cm\/_\/R-p-158325?mc=8584433&amp;c=bleu-de-prusse\">Serviette compacte<\/a><\/li>\n\n\n\n<li>Savon de Marseille ou \u00e9quivalent<\/li>\n\n\n\n<li>Cr\u00e8me solaire<\/li>\n\n\n\n<li><a href=\"https:\/\/www.decathlon.fr\/p\/creme-anti-friction-100-ml\/_\/R-p-119690?mc=8335449\">Cr\u00e8me anti-irritations<\/a><\/li>\n\n\n\n<li>Brosse \u00e0 dents<\/li>\n\n\n\n<li>Dentifrice classique ou en pastilles<\/li>\n\n\n\n<li>Mouchoirs<\/li>\n\n\n\n<li>Papier toilette<\/li>\n\n\n\n<li>En option : d\u00e9odorant (mais on n&#8217;en a pas pris)<\/li>\n<\/ul>\n\n\n\n<hr class=\"wp-block-separator has-alpha-channel-opacity\" style=\"margin-top:var(--wp--preset--spacing--50);margin-bottom:var(--wp--preset--spacing--50)\"\/>\n\n\n\n<h2 class=\"wp-block-heading\">\ud83d\udcf1 Electronique<\/h2>\n\n\n\n<ul class=\"wp-block-list\">\n<li><a href=\"https:\/\/www.boulanger.com\/ref\/1211812\">Batterie portable<\/a> (20000 mAh ou plus)<\/li>\n\n\n\n<li>Chargeur multiprise USB (prises limit\u00e9es aux refuges)<\/li>\n\n\n\n<li>T\u00e9l\u00e9phone (utiliser le mode \u00e9conomie d&#8217;\u00e9nergie \/ avion)<\/li>\n\n\n\n<li>Montre GPS (idem)<\/li>\n\n\n\n<li>Appareil photo compact<\/li>\n\n\n\n<li>En option : GoPro (on l&#8217;avait prise mais peu utilis\u00e9e), appareil photo reflex (mais plus lourd et encombrant)<\/li>\n<\/ul>\n\n\n\n<hr class=\"wp-block-separator has-alpha-channel-opacity\" style=\"margin-top:var(--wp--preset--spacing--50);margin-bottom:var(--wp--preset--spacing--50)\"\/>\n\n\n\n<h2 class=\"wp-block-heading\">\ud83c\udd98 M\u00e9dical &amp; S\u00e9curit\u00e9<\/h2>\n\n\n\n<ul class=\"wp-block-list\">\n<li><a href=\"https:\/\/www.decathlon.fr\/p\/trousse-de-1er-secours-100-41-pieces\/_\/R-p-324531?mc=8581562&amp;c=rouge\">Trousse m\u00e9dicale<\/a> (d\u00e9sinfectant, compresses, pansements, etc.)<\/li>\n\n\n\n<li>M\u00e9dicaments de base (Doliprane, Imodium), patchs ampoules Compeed, etc.<\/li>\n\n\n\n<li><a href=\"https:\/\/www.decathlon.fr\/p\/couverture-de-survie-mono-usage\/_\/R-p-12837?mc=8572360\">Couverture de survie<\/a><\/li>\n\n\n\n<li><a href=\"https:\/\/www.decathlon.fr\/p\/sifflet-en-plastique-noir\/_\/R-p-2861?mc=8027254\">Sifflet<\/a><\/li>\n<\/ul>\n\n\n\n<hr class=\"wp-block-separator has-alpha-channel-opacity\" style=\"margin-top:var(--wp--preset--spacing--50);margin-bottom:var(--wp--preset--spacing--50)\"\/>\n\n\n\n<h2 class=\"wp-block-heading\">\ud83d\udee0\ufe0f Utilitaires<\/h2>\n\n\n\n<ul class=\"wp-block-list\">\n<li>Sacs plastiques (pour v\u00eatements, articles de toilette, d\u00e9chets, etc.)<\/li>\n\n\n\n<li>Topoguide<\/li>\n\n\n\n<li>Traces GPX sur t\u00e9l\u00e9phone\/montre<\/li>\n\n\n\n<li>R\u00e9servations imprim\u00e9es (au cas o\u00f9, pas demand\u00e9es)<\/li>\n\n\n\n<li>Argent liquide (700 \u20ac dans notre cas mais pas tout d\u00e9pens\u00e9)<\/li>\n\n\n\n<li>Couteau suisse<\/li>\n\n\n\n<li><a href=\"https:\/\/www.decathlon.fr\/p\/couvert-pliant-plastique-fourchette-cuillere-mt500\/_\/R-p-159037?mc=8486874&amp;c=bleu\">Fourchette \/ cuill\u00e8re de camping<\/a><\/li>\n\n\n\n<li><a href=\"https:\/\/www.decathlon.fr\/p\/patchs-de-reparation-pour-produits-gonflables-et-ou-etanches-transparent\/_\/R-p-354638?mc=8882145\">Rustines<\/a> ou gros scotch (pour r\u00e9parer la tente ou le matelas)<\/li>\n\n\n\n<li>Corde (pour le linge ou attacher la tente par grand vent)<\/li>\n\n\n\n<li><a href=\"https:\/\/www.amazon.fr\/dp\/B08N5YSL4S?ref=ppx_yo2ov_dt_b_fed_asin_title\">Echiquier portatif<\/a> ou autres jeux pour s&#8217;occuper<\/li>\n\n\n\n<li><a href=\"https:\/\/www.decathlon.fr\/p\/sac-banane-compact-de-trek-voyage-travel-2l-noir\/_\/R-p-309871?mc=8560408&amp;c=noir-fume\">Sac banane compact<\/a> (pratique pour l&#8217;avion et aux refuges)<\/li>\n\n\n\n<li>En option : livre (un peu lourd), papier\/stylo<\/li>\n<\/ul>\n","protected":false},"excerpt":{"rendered":"<p>Voici ci-dessous une liste quasi-exhaustive de notre \u00e9quipement pour le GR20 effectu\u00e9 fin ao\u00fbt \/ d\u00e9but septembre, class\u00e9e par cat\u00e9gorie. La plupart des articles ont \u00e9t\u00e9 achet\u00e9s chez Decathlon et nous ont apport\u00e9 satisfaction. Des liens sont fournis lorsqu&#8217;ils sont disponibles pour les produits exacts ou similaires (non affili\u00e9s, et susceptibles de ne plus fonctionner [&hellip;]<\/p>\n","protected":false},"author":1,"featured_media":0,"parent":1101,"menu_order":0,"comment_status":"closed","ping_status":"closed","template":"","meta":{"footnotes":""},"class_list":["post-1117","page","type-page","status-publish","hentry"],"_links":{"self":[{"href":"https:\/\/blogs.crespel.me\/gr20\/wp-json\/wp\/v2\/pages\/1117","targetHints":{"allow":["GET"]}}],"collection":[{"href":"https:\/\/blogs.crespel.me\/gr20\/wp-json\/wp\/v2\/pages"}],"about":[{"href":"https:\/\/blogs.crespel.me\/gr20\/wp-json\/wp\/v2\/types\/page"}],"author":[{"embeddable":true,"href":"https:\/\/blogs.crespel.me\/gr20\/wp-json\/wp\/v2\/users\/1"}],"replies":[{"embeddable":true,"href":"https:\/\/blogs.crespel.me\/gr20\/wp-json\/wp\/v2\/comments?post=1117"}],"version-history":[{"count":21,"href":"https:\/\/blogs.crespel.me\/gr20\/wp-json\/wp\/v2\/pages\/1117\/revisions"}],"predecessor-version":[{"id":1226,"href":"https:\/\/blogs.crespel.me\/gr20\/wp-json\/wp\/v2\/pages\/1117\/revisions\/1226"}],"up":[{"embeddable":true,"href":"https:\/\/blogs.crespel.me\/gr20\/wp-json\/wp\/v2\/pages\/1101"}],"wp:attachment":[{"href":"https:\/\/blogs.crespel.me\/gr20\/wp-json\/wp\/v2\/media?parent=1117"}],"curies":[{"name":"wp","href":"https:\/\/api.w.org\/{rel}","templated":true}]}}