{"id":1104,"date":"2025-09-21T17:54:31","date_gmt":"2025-09-21T15:54:31","guid":{"rendered":"https:\/\/blogs.crespel.me\/gr20\/?page_id=1104"},"modified":"2025-09-22T09:29:52","modified_gmt":"2025-09-22T07:29:52","slug":"le-parcours","status":"publish","type":"page","link":"https:\/\/blogs.crespel.me\/gr20\/infos-pratiques\/le-parcours\/","title":{"rendered":"Le parcours"},"content":{"rendered":"\n<p>Voici le r\u00e9capitulatif du parcours que nous avons r\u00e9alis\u00e9 en 12 jours.<\/p>\n\n\n\n<p>Les statistiques de distance, d\u00e9nivel\u00e9 positif et dur\u00e9e sont celles que nous avons relev\u00e9es sur Strava, elles peuvent \u00eatre approximatives. La dur\u00e9e indiqu\u00e9e inclut \u00e9galement les pauses.<\/p>\n\n\n\n<div style=\"height:20px\" aria-hidden=\"true\" class=\"wp-block-spacer\"><\/div>\n\n\n\n<div class=\"wp-block-columns alignwide is-layout-flex wp-container-core-columns-is-layout-a85f4655 wp-block-columns-is-layout-flex\">\n<div class=\"wp-block-column is-layout-flow wp-block-column-is-layout-flow\">\n<figure class=\"wp-block-image size-large\"><img loading=\"lazy\" decoding=\"async\" width=\"724\" height=\"1024\" src=\"https:\/\/blogs.crespel.me\/gr20\/files\/2025\/09\/Plan-GR20-724x1024.jpg\" alt=\"\" class=\"wp-image-1106\" srcset=\"https:\/\/blogs.crespel.me\/gr20\/wp-content\/uploads\/sites\/24\/2025\/09\/Plan-GR20-724x1024.jpg 724w, https:\/\/blogs.crespel.me\/gr20\/wp-content\/uploads\/sites\/24\/2025\/09\/Plan-GR20-212x300.jpg 212w, https:\/\/blogs.crespel.me\/gr20\/wp-content\/uploads\/sites\/24\/2025\/09\/Plan-GR20-768x1086.jpg 768w, https:\/\/blogs.crespel.me\/gr20\/wp-content\/uploads\/sites\/24\/2025\/09\/Plan-GR20-1086x1536.jpg 1086w, https:\/\/blogs.crespel.me\/gr20\/wp-content\/uploads\/sites\/24\/2025\/09\/Plan-GR20-1449x2048.jpg 1449w, https:\/\/blogs.crespel.me\/gr20\/wp-content\/uploads\/sites\/24\/2025\/09\/Plan-GR20-scaled.jpg 1811w\" sizes=\"auto, (max-width: 724px) 100vw, 724px\" \/><\/figure>\n<\/div>\n\n\n\n<div class=\"wp-block-column is-layout-flow wp-block-column-is-layout-flow\">\n<figure class=\"wp-block-table is-style-stripes has-medium-font-size\"><table><thead><tr><th class=\"has-text-align-right\" data-align=\"right\">Jour<\/th><th class=\"has-text-align-left\" data-align=\"left\">D\u00e9part &#8211; Arriv\u00e9e<\/th><th class=\"has-text-align-right\" data-align=\"right\">Distance<\/th><th class=\"has-text-align-right\" data-align=\"right\">D+<\/th><th class=\"has-text-align-right\" data-align=\"right\">Dur\u00e9e<\/th><\/tr><\/thead><tbody><tr><td class=\"has-text-align-right\" data-align=\"right\">1<\/td><td class=\"has-text-align-left\" data-align=\"left\"><a href=\"https:\/\/blogs.crespel.me\/gr20\/2025\/08\/23\/jour-01-calenzana-a-ortu-di-u-piobbu\/\" data-type=\"post\" data-id=\"13\">Calenzana \u2013 Ortu di U Piobbu<\/a><\/td><td class=\"has-text-align-right\" data-align=\"right\">12,80<\/td><td class=\"has-text-align-right\" data-align=\"right\">1182<\/td><td class=\"has-text-align-right\" data-align=\"right\">7h26<\/td><\/tr><tr><td class=\"has-text-align-right\" data-align=\"right\">2<\/td><td class=\"has-text-align-left\" data-align=\"left\"><a href=\"https:\/\/blogs.crespel.me\/gr20\/2025\/08\/24\/jour-02-ortu-di-u-piobbu-a-carrozzu\/\" data-type=\"post\" data-id=\"18\">Ortu di U Piobbu \u2013 Carrozzu<\/a><\/td><td class=\"has-text-align-right\" data-align=\"right\">9,19<\/td><td class=\"has-text-align-right\" data-align=\"right\">654<\/td><td class=\"has-text-align-right\" data-align=\"right\">8h16<\/td><\/tr><tr><td class=\"has-text-align-right\" data-align=\"right\">3<\/td><td class=\"has-text-align-left\" data-align=\"left\"><a href=\"https:\/\/blogs.crespel.me\/gr20\/2025\/08\/25\/jour-03-carrozzu-a-asco\/\" data-type=\"post\" data-id=\"22\">Carrozzu \u2013 Asco<\/a><\/td><td class=\"has-text-align-right\" data-align=\"right\">6,29<\/td><td class=\"has-text-align-right\" data-align=\"right\">704<\/td><td class=\"has-text-align-right\" data-align=\"right\">6h16<\/td><\/tr><tr><td class=\"has-text-align-right\" data-align=\"right\">4<\/td><td class=\"has-text-align-left\" data-align=\"left\"><a href=\"https:\/\/blogs.crespel.me\/gr20\/2025\/08\/26\/jour-04-asco-a-tighjettu\/\" data-type=\"post\" data-id=\"26\">Asco \u2013 Tighjettu<\/a><\/td><td class=\"has-text-align-right\" data-align=\"right\">9,95<\/td><td class=\"has-text-align-right\" data-align=\"right\">1182<\/td><td class=\"has-text-align-right\" data-align=\"right\">9h26<\/td><\/tr><tr><td class=\"has-text-align-right\" data-align=\"right\">5<\/td><td class=\"has-text-align-left\" data-align=\"left\"><a href=\"https:\/\/blogs.crespel.me\/gr20\/2025\/08\/27\/jour-05-tighjettu-au-castel-di-vergio\/\" data-type=\"post\" data-id=\"31\">Tighjettu \u2013 Castel di Vergio<\/a><\/td><td class=\"has-text-align-right\" data-align=\"right\">16,28<\/td><td class=\"has-text-align-right\" data-align=\"right\">838<\/td><td class=\"has-text-align-right\" data-align=\"right\">8h27<\/td><\/tr><tr><td class=\"has-text-align-right\" data-align=\"right\">6<\/td><td class=\"has-text-align-left\" data-align=\"left\"><a href=\"https:\/\/blogs.crespel.me\/gr20\/2025\/08\/28\/jour-06-castel-di-vergio-a-manganu\/\" data-type=\"post\" data-id=\"40\">Castel di Vergio \u2013 Manganu<\/a><\/td><td class=\"has-text-align-right\" data-align=\"right\">17,18<\/td><td class=\"has-text-align-right\" data-align=\"right\">681<\/td><td class=\"has-text-align-right\" data-align=\"right\">6h47<\/td><\/tr><tr><td class=\"has-text-align-right\" data-align=\"right\">7<\/td><td class=\"has-text-align-left\" data-align=\"left\"><a href=\"https:\/\/blogs.crespel.me\/gr20\/2025\/08\/29\/jour-07-manganu-a-petra-piana\/\" data-type=\"post\" data-id=\"42\">Manganu \u2013 Petra Piana<\/a><\/td><td class=\"has-text-align-right\" data-align=\"right\">9,88<\/td><td class=\"has-text-align-right\" data-align=\"right\">954<\/td><td class=\"has-text-align-right\" data-align=\"right\">6h31<\/td><\/tr><tr><td class=\"has-text-align-right\" data-align=\"right\">8<\/td><td class=\"has-text-align-left\" data-align=\"left\"><a href=\"https:\/\/blogs.crespel.me\/gr20\/2025\/08\/30\/jour-08-petra-piana-a-vizzavona\/\" data-type=\"post\" data-id=\"48\">Petra Piana \u2013 Vizzavona<\/a><\/td><td class=\"has-text-align-right\" data-align=\"right\">16,31<\/td><td class=\"has-text-align-right\" data-align=\"right\">423<\/td><td class=\"has-text-align-right\" data-align=\"right\">5h33<\/td><\/tr><tr><td class=\"has-text-align-right\" data-align=\"right\">9<\/td><td class=\"has-text-align-left\" data-align=\"left\"><a href=\"https:\/\/blogs.crespel.me\/gr20\/2025\/08\/31\/jour-09-vizzavona-au-col-de-verde\/\" data-type=\"post\" data-id=\"54\">Vizzavona \u2013 Col de Verde<\/a><\/td><td class=\"has-text-align-right\" data-align=\"right\">29,01<\/td><td class=\"has-text-align-right\" data-align=\"right\">1384<\/td><td class=\"has-text-align-right\" data-align=\"right\">10h43<\/td><\/tr><tr><td class=\"has-text-align-right\" data-align=\"right\">10<\/td><td class=\"has-text-align-left\" data-align=\"left\"><a href=\"https:\/\/blogs.crespel.me\/gr20\/2025\/09\/01\/jour-10-col-de-verde-a-usciolu\/\" data-type=\"post\" data-id=\"56\">Col de Verde \u2013 Usciolu<\/a><\/td><td class=\"has-text-align-right\" data-align=\"right\">16,73<\/td><td class=\"has-text-align-right\" data-align=\"right\">1394<\/td><td class=\"has-text-align-right\" data-align=\"right\">9h11<\/td><\/tr><tr><td class=\"has-text-align-right\" data-align=\"right\">11<\/td><td class=\"has-text-align-left\" data-align=\"left\"><a href=\"https:\/\/blogs.crespel.me\/gr20\/2025\/09\/02\/jour-11-usciolu-a-asinau\/\" data-type=\"post\" data-id=\"59\">Usciolu \u2013 Asinau<\/a><\/td><td class=\"has-text-align-right\" data-align=\"right\">21,89<\/td><td class=\"has-text-align-right\" data-align=\"right\">1303<\/td><td class=\"has-text-align-right\" data-align=\"right\">9h35<\/td><\/tr><tr><td class=\"has-text-align-right\" data-align=\"right\">12<\/td><td class=\"has-text-align-left\" data-align=\"left\"><a href=\"https:\/\/blogs.crespel.me\/gr20\/2025\/09\/03\/jour-12-asinau-a-conca\/\" data-type=\"post\" data-id=\"61\">Asinau \u2013 Conca<\/a><\/td><td class=\"has-text-align-right\" data-align=\"right\">29,94<\/td><td class=\"has-text-align-right\" data-align=\"right\">1123<\/td><td class=\"has-text-align-right\" data-align=\"right\">12h34<\/td><\/tr><\/tbody><\/table><\/figure>\n\n\n\n<p class=\"has-medium-font-size\">Remarque : le lien Strava, le fichier GPX et une carte interactive sont disponibles dans chaque article.<\/p>\n<\/div>\n<\/div>\n","protected":false},"excerpt":{"rendered":"<p>Voici le r\u00e9capitulatif du parcours que nous avons r\u00e9alis\u00e9 en 12 jours. Les statistiques de distance, d\u00e9nivel\u00e9 positif et dur\u00e9e sont celles que nous avons relev\u00e9es sur Strava, elles peuvent \u00eatre approximatives. La dur\u00e9e indiqu\u00e9e inclut \u00e9galement les pauses. Jour D\u00e9part &#8211; Arriv\u00e9e Distance D+ Dur\u00e9e 1 Calenzana \u2013 Ortu di U Piobbu 12,80 1182 [&hellip;]<\/p>\n","protected":false},"author":1,"featured_media":0,"parent":1101,"menu_order":0,"comment_status":"closed","ping_status":"closed","template":"","meta":{"footnotes":""},"class_list":["post-1104","page","type-page","status-publish","hentry"],"_links":{"self":[{"href":"https:\/\/blogs.crespel.me\/gr20\/wp-json\/wp\/v2\/pages\/1104","targetHints":{"allow":["GET"]}}],"collection":[{"href":"https:\/\/blogs.crespel.me\/gr20\/wp-json\/wp\/v2\/pages"}],"about":[{"href":"https:\/\/blogs.crespel.me\/gr20\/wp-json\/wp\/v2\/types\/page"}],"author":[{"embeddable":true,"href":"https:\/\/blogs.crespel.me\/gr20\/wp-json\/wp\/v2\/users\/1"}],"replies":[{"embeddable":true,"href":"https:\/\/blogs.crespel.me\/gr20\/wp-json\/wp\/v2\/comments?post=1104"}],"version-history":[{"count":8,"href":"https:\/\/blogs.crespel.me\/gr20\/wp-json\/wp\/v2\/pages\/1104\/revisions"}],"predecessor-version":[{"id":1148,"href":"https:\/\/blogs.crespel.me\/gr20\/wp-json\/wp\/v2\/pages\/1104\/revisions\/1148"}],"up":[{"embeddable":true,"href":"https:\/\/blogs.crespel.me\/gr20\/wp-json\/wp\/v2\/pages\/1101"}],"wp:attachment":[{"href":"https:\/\/blogs.crespel.me\/gr20\/wp-json\/wp\/v2\/media?parent=1104"}],"curies":[{"name":"wp","href":"https:\/\/api.w.org\/{rel}","templated":true}]}}