{"id":2,"date":"2011-04-25T11:33:46","date_gmt":"2011-04-25T09:33:46","guid":{"rendered":"http:\/\/blogs.crespel.me\/badminton\/?page_id=2"},"modified":"2023-02-26T11:13:50","modified_gmt":"2023-02-26T10:13:50","slug":"presentation","status":"publish","type":"page","link":"https:\/\/blogs.crespel.me\/badminton\/","title":{"rendered":"Pr\u00e9sentation"},"content":{"rendered":"<h2 style=\"text-align: center\"><strong>Blog sur Badminton Horse Trials puis Burghley<br \/>\n<\/strong><\/h2>\n<h3><span style=\"text-decoration: underline\">Qu\u2019est-ce, et Pourquoi\u00a0?<\/span><\/h3>\n<ul>\n<li>Le concours complet d\u2019\u00e9quitation de Badminton (GBR: <a href=\"http:\/\/www.badminton-horse.co.uk\/\">suivre ce lien pour le site officiel<\/a>) est un des 6 concours majeurs au monde (c\u2019est \u00e0 l&rsquo;origine un 4* puis requalifi\u00e9 en 5*) et surtout c\u2019est le plus renomm\u00e9 ; une sorte de Graal pour les cavaliers de haut niveau pouvant y participer, un spectacle unique pour les passionn\u00e9s.<\/li>\n<\/ul>\n<ul>\n<li>Cavalier de petit niveau (galop7 en 1973), mais d\u00e9j\u00e0 passionn\u00e9 par les chevaux, l\u2019\u00e9quitation sportive, et en particulier le concours complet, j\u2019ai d\u00fb attendre pr\u00e8s de 30 ans pour avoir l\u2019opportunit\u00e9 de m\u2019y rendre.<\/li>\n<\/ul>\n<ul>\n<li>Depuis 2004 (merci \u00e0 Caroline qui nous a organis\u00e9 cette premi\u00e8re sortie\u2026), nous attendons avec impatience d\u00e9but mai pour continuer ce p\u00e8lerinage\u2026 donc <strong>en 2023 ce sera notre 15\u00e8me voyage<\/strong>, (nous y avions, en 2019, f\u00eat\u00e9 les 70 ans de l&rsquo;\u00e9v\u00e8nement et le dernier de l&rsquo;\u00e8re Mitsubishi) et de 2004 \u00e0 2019 nous avons foul\u00e9 d&rsquo;autres terrains de Complet: Burghley (4 fois), les JEM 2006 et 2014 (Aachen-Normandie), Championnat d&rsquo;Europe 2009 (Fontainebleau), CIC \u00e0 Aachen (4 fois), Arville 2018. Compi\u00e8gne (2 fois)&#8230; et nous attendons 2024 pour le cross des JO \u00e0 Paris\/ch\u00e2teau de Versailles !<\/li>\n<\/ul>\n<ul>\n<li>Badminton \u00e0 lieu depuis 1949 sur les terres du <strong>Duc de Beaufort<\/strong>, pr\u00e8s de Bristol\/Bath, soit \u00e0 300km vers l\u2019Ouest depuis Folkestone. Grandiose organisation de \u00ab\u00a0l&rsquo;Event Director\u00a0\u00bb (depuis pr\u00e8s de 30 ans) <strong>Hugh Thomas<\/strong>, des\u00a0 \u00ab\u00a0Course Designer\u00a0\u00bbqui lui ont succ\u00e9d\u00e9, et de ceux qui prendront le relais. Forte implication du sponsor <strong>Mitsubishi Motors <\/strong>(pendant 28 ans), pour recevoir plus de 160.000 spectateurs pour le cross, et les 85 couples cavaliers\/chevaux. Pour la petite histoire, seuls 3 continentaux ( !) y ont gagn\u00e9 le prestigieux troph\u00e9e : un capitaine Suisse en 1951, notre <strong>Nicolas Touzaint<\/strong> en 2008, et l&rsquo;exceptionnel <strong>Michael Jung<\/strong> en 2016. La domination des Grands Bretons\/Australiens ou N\u00e9o-Z\u00e9landais et Am\u00e9ricains est totale (enfin presque&#8230;).<\/li>\n<\/ul>\n<ul>\n<li>Il faut noter la particuli\u00e8re disponibilit\u00e9 des cavaliers internationaux de concours complet (ce que l\u2019on retrouve tr\u00e8s peu dans d\u2019autres disciplines\u2026 ou autres sports\u00a0!). J\u2019ai eu le grand plaisir d\u2019en rencontrer quelques uns, dont Mark Todd (NZL), Paul Tapner (AUS), Mary King (GB), William Fox-Pitt (GB), Karin Donckers (B), Franck Ostholt (GER), et nos Fran\u00e7ais Jean Teul\u00e8re, Nicolas Touzaint, Bruno Bouvier, Rodolphe Scherer, Pascal Leroy etc\u2026 j\u2019en limite l\u2019\u00e9num\u00e9ration\u2026<\/li>\n<\/ul>\n<ul>\n<li>Le record de parcours termin\u00e9s est la propri\u00e9t\u00e9 d\u2019<strong>Andrew Nicholson<\/strong> (NZL) avec un score incroyable de 38, et enfin&#8230;en 2017, il d\u00e9croche la victoire avec N\u00e9r\u00e9o. Ce m\u00eame Andrew a \u00e9t\u00e9 le groom de Mark Todd lors de sa premi\u00e8re victoire en 1980.<\/li>\n<\/ul>\n<ul>\n<li>Le record de victoires est d\u00e9tenu par <strong>Lucinda Green<\/strong> (GB-n\u00e9e Prior-Palmer) avec un score de 6 entre 1973 et 1984 (plus 2x 2<sup>\u00e8mes <\/sup>places et 1x 3<sup>\u00e8me<\/sup> place).<\/li>\n<\/ul>\n<ul>\n<li><strong>Mark Todd<\/strong>, \u00e9lu cavalier du 20<sup>\u00e8me<\/sup> si\u00e8cle, et vainqueur en 2011, \u00e0 55 ans, pour la 4<sup>\u00e8me<\/sup> fois, \u00e0 pris une retraite provisoire en 2000 (apr\u00e8s les J.O. de Sydney) pour revenir \u00e0 la comp\u00e9tition en 2008 (pour les J.O).<\/li>\n<\/ul>\n<ul>\n<li>J&rsquo;ai une pens\u00e9e particuli\u00e8re, et une grande admiration pour <strong>Mary King, n\u00e9e Thomson<\/strong> (GB) qui est une exceptionnelle cavali\u00e8re (de 60 ans), l&rsquo;idole d&rsquo;une nation, et qui apr\u00e8s tous les titres et victoires diverses (Badminton-J.O.- championnats du monde, etc&#8230;), a fait en 2011 un magistral doubl\u00e9 au CCI **** de Lexington (1\u00e8re et 2\u00e8me place).<\/li>\n<li><\/li>\n<li>NOTA: cette pr\u00e9sentation <span style=\"text-decoration: underline\">a \u00e9t\u00e9 mise \u00e0 jour le 01\/03\/2023<\/span>. Merci pour vos 7850 clics !<\/li>\n<li><em><strong>et sur les pages de 2015 \u00e0 2018, le concours**** de Burghley est \u00e9voqu\u00e9.<\/strong><\/em><\/li>\n<\/ul>\n<p style=\"text-align: center\"><span style=\"color: #ff0000\"><strong><em>Vous pouvez suivre les moments forts de chaque ann\u00e9e (de 2004 \u00e0 2022) sur les pages suivantes et \u00e0 travers pr\u00e8s de 300 photos (cliquer dessus pour agrandir).<\/em><\/strong><\/span><\/p>\n<p><span style=\"color: #ff0000\">NEWS d\u00e9cembre 2022 : et si vous pr\u00e9f\u00e9rez une pr\u00e9sentation plus \u00ab\u00a0ludique\u00a0\u00bb des Concours complets Anglais et continentaux de haut niveau, vous pouvez consulter mon autre blog, ici :<\/span> <a href=\"https:\/\/blogs.crespel.me\/concours-complet\/\">https:\/\/blogs.crespel.me\/concours-complet\/<\/a><\/p>\n<div id='gallery-1' class='gallery galleryid-2 gallery-columns-3 gallery-size-thumbnail'><dl class='gallery-item'>\n\t\t\t<dt class='gallery-icon portrait'>\n\t\t\t\t<a href='https:\/\/blogs.crespel.me\/badminton\/wp-content\/uploads\/sites\/6\/2011\/04\/Mark-Todd-Bad2010.jpg'><img loading=\"lazy\" decoding=\"async\" width=\"150\" height=\"150\" src=\"https:\/\/blogs.crespel.me\/badminton\/wp-content\/uploads\/sites\/6\/2011\/04\/Mark-Todd-Bad2010-150x150.jpg\" class=\"attachment-thumbnail size-thumbnail\" alt=\"\" \/><\/a>\n\t\t\t<\/dt><\/dl><dl class='gallery-item'>\n\t\t\t<dt class='gallery-icon landscape'>\n\t\t\t\t<a href='https:\/\/blogs.crespel.me\/badminton\/wp-content\/uploads\/sites\/6\/2011\/04\/2008-Merci-Mary-The-Queen-Mary.jpg'><img loading=\"lazy\" decoding=\"async\" width=\"150\" height=\"150\" src=\"https:\/\/blogs.crespel.me\/badminton\/wp-content\/uploads\/sites\/6\/2011\/04\/2008-Merci-Mary-The-Queen-Mary-150x150.jpg\" class=\"attachment-thumbnail size-thumbnail\" alt=\"\" \/><\/a>\n\t\t\t<\/dt><\/dl><dl class='gallery-item'>\n\t\t\t<dt class='gallery-icon landscape'>\n\t\t\t\t<a href='https:\/\/blogs.crespel.me\/badminton\/wp-content\/uploads\/sites\/6\/2011\/04\/2008-Nicolas-The-Best.jpg'><img loading=\"lazy\" decoding=\"async\" width=\"150\" height=\"150\" src=\"https:\/\/blogs.crespel.me\/badminton\/wp-content\/uploads\/sites\/6\/2011\/04\/2008-Nicolas-The-Best-150x150.jpg\" class=\"attachment-thumbnail size-thumbnail\" alt=\"\" \/><\/a>\n\t\t\t<\/dt><\/dl><br style=\"clear: both\" \/><dl class='gallery-item'>\n\t\t\t<dt class='gallery-icon landscape'>\n\t\t\t\t<a href='https:\/\/blogs.crespel.me\/badminton\/wp-content\/uploads\/sites\/6\/2011\/05\/juge2-au-N\u00b022-la-vie-est-belle.jpg'><img loading=\"lazy\" decoding=\"async\" width=\"150\" height=\"150\" src=\"https:\/\/blogs.crespel.me\/badminton\/wp-content\/uploads\/sites\/6\/2011\/05\/juge2-au-N\u00b022-la-vie-est-belle-150x150.jpg\" class=\"attachment-thumbnail size-thumbnail\" alt=\"\" \/><\/a>\n\t\t\t<\/dt><\/dl><dl class='gallery-item'>\n\t\t\t<dt class='gallery-icon landscape'>\n\t\t\t\t<a href='https:\/\/blogs.crespel.me\/badminton\/wp-content\/uploads\/sites\/6\/2011\/05\/obs25-28-pique-nique1.jpg'><img loading=\"lazy\" decoding=\"async\" width=\"150\" height=\"150\" src=\"https:\/\/blogs.crespel.me\/badminton\/wp-content\/uploads\/sites\/6\/2011\/05\/obs25-28-pique-nique1-150x150.jpg\" class=\"attachment-thumbnail size-thumbnail\" alt=\"\" \/><\/a>\n\t\t\t<\/dt><\/dl><dl class='gallery-item'>\n\t\t\t<dt class='gallery-icon landscape'>\n\t\t\t\t<a href='https:\/\/blogs.crespel.me\/badminton\/wp-content\/uploads\/sites\/6\/2011\/05\/obs22-chariot-juge-pench\u00e9-.jpg'><img loading=\"lazy\" decoding=\"async\" width=\"150\" height=\"150\" src=\"https:\/\/blogs.crespel.me\/badminton\/wp-content\/uploads\/sites\/6\/2011\/05\/obs22-chariot-juge-pench\u00e9--150x150.jpg\" class=\"attachment-thumbnail size-thumbnail\" alt=\"\" \/><\/a>\n\t\t\t<\/dt><\/dl><br style=\"clear: both\" \/>\n\t\t<\/div>\n\n<p style=\"text-align: center\"><strong><em>\u00a0<\/em><\/strong><\/p>\n","protected":false},"excerpt":{"rendered":"<p>Blog sur Badminton Horse Trials puis Burghley Qu\u2019est-ce, et Pourquoi\u00a0? Le concours complet d\u2019\u00e9quitation de Badminton (GBR: suivre ce lien pour le site officiel) est un des 6 concours majeurs au monde (c\u2019est \u00e0 l&rsquo;origine un 4* puis requalifi\u00e9 en &hellip; <a href=\"https:\/\/blogs.crespel.me\/badminton\/\">Continuer la lecture <span class=\"meta-nav\">&rarr;<\/span><\/a><\/p>\n","protected":false},"author":2,"featured_media":0,"parent":0,"menu_order":0,"comment_status":"open","ping_status":"closed","template":"","meta":{"footnotes":""},"class_list":["post-2","page","type-page","status-publish","hentry"],"_links":{"self":[{"href":"https:\/\/blogs.crespel.me\/badminton\/wp-json\/wp\/v2\/pages\/2","targetHints":{"allow":["GET"]}}],"collection":[{"href":"https:\/\/blogs.crespel.me\/badminton\/wp-json\/wp\/v2\/pages"}],"about":[{"href":"https:\/\/blogs.crespel.me\/badminton\/wp-json\/wp\/v2\/types\/page"}],"author":[{"embeddable":true,"href":"https:\/\/blogs.crespel.me\/badminton\/wp-json\/wp\/v2\/users\/2"}],"replies":[{"embeddable":true,"href":"https:\/\/blogs.crespel.me\/badminton\/wp-json\/wp\/v2\/comments?post=2"}],"version-history":[{"count":63,"href":"https:\/\/blogs.crespel.me\/badminton\/wp-json\/wp\/v2\/pages\/2\/revisions"}],"predecessor-version":[{"id":740,"href":"https:\/\/blogs.crespel.me\/badminton\/wp-json\/wp\/v2\/pages\/2\/revisions\/740"}],"wp:attachment":[{"href":"https:\/\/blogs.crespel.me\/badminton\/wp-json\/wp\/v2\/media?parent=2"}],"curies":[{"name":"wp","href":"https:\/\/api.w.org\/{rel}","templated":true}]}}