{"id":4,"date":"2016-05-31T19:33:24","date_gmt":"2016-05-31T17:33:24","guid":{"rendered":"http:\/\/blogs.crespel.me\/andalousie\/?page_id=4"},"modified":"2016-07-24T13:29:23","modified_gmt":"2016-07-24T11:29:23","slug":"presentation","status":"publish","type":"page","link":"https:\/\/blogs.crespel.me\/andalousie\/","title":{"rendered":"Pr\u00e9sentation"},"content":{"rendered":"<p><strong>Ce blog est le compte rendu d\u2019un voyage de 18 jours en Andalousie \u00e0 compter du Vendredi 13\u2026 Mai 2016\u00a0: villes \u00e9tapes d\u00e9taill\u00e9es en partie.2 (en boucle sens horaire\u00a0: Malaga-Ronda-Cadix-S\u00e9ville-Cordoue-Baeza-Tabernas-Grenade-Orgiva-Malaga).<\/strong><\/p>\n<p style=\"text-align: center\"><em>Carte 1 de Malaga \u00e0 Cordoue: PdF non d\u00e9taill\u00e9e<br \/>\n<\/em><\/p>\n<p style=\"text-align: center\"><em>Carte 2 de Cordoue \u00e0 Malaga: PdF non d\u00e9taill\u00e9e<br \/>\n<\/em><\/p>\n<p style=\"text-align: center\"><span style=\"color: #0000ff\"><a style=\"color: #0000ff\" href=\"http:\/\/blogs.crespel.me\/andalousie\/files\/2016\/07\/Carte-de-Malaga-\u00e0-Cordoue.pdf\">Carte de Malaga \u00e0 Cordoue \u00a0 \u00a0\u00a0<\/a> <a style=\"color: #0000ff\" href=\"http:\/\/blogs.crespel.me\/andalousie\/files\/2016\/07\/Carte-de-Cordoue-\u00e0-Malaga.pdf\">Carte de Cordoue \u00e0 Malaga<\/a><\/span><\/p>\n<ul>\n<li><strong>Qui<\/strong>\u00a0: 3 adultes (parents 68\/64 ans et fils 28 ans).<\/li>\n<\/ul>\n<ul>\n<li><strong>Y aller<\/strong>\u00a0: vols Brussels Airlines, Bruxelles\/Malaga en 2h45 sur Airbus A320 (262\u20ac\/pers. achet\u00e9s en d\u00e9but novembre 2015- bagages soute inclus etc&#8230;).<\/li>\n<\/ul>\n<ul>\n<li><strong>Se d\u00e9placer<\/strong>\u00a0: location voiture sur Internet\/Carigami (ex locationdevoiture.fr ) d\u00e9part\/retour Malaga \u00e0 288\u20ac\/16 jours (achet\u00e9s d\u00e9but novembre 2015- loueur Budget\/Avis). Mod\u00e8le SEAT ibiza break TDI105. Consommation 5,3.L\/100km, soit 80.L\/85\u20ac pour 1500km.<\/li>\n<\/ul>\n<ul>\n<li><strong>La route<\/strong>\u00a0: excellent r\u00e9seau d\u2019autoroutes et voies rapides (limit\u00e9es \u00e0 100\/120km\/h), idem pour les autres routes\u00a0! par contre, certains centre-ville sont inabordables (interdits aux non-r\u00e9sidents\/pas de place ou pas de parkings, et compliqu\u00e9s). Rues tr\u00e8s \u00e9troites et \u00e0 90\u00b0 r\u00e9serv\u00e9es aux conducteurs aguerris et aux petites voitures). Les parkings priv\u00e9s\/publics gard\u00e9s sont chers (20\/25\u20ac pour 24.H).<\/li>\n<\/ul>\n<ul>\n<li><strong>Les 17 nuits d\u2019h\u00f4tels<\/strong>, consult\u00e9es sur tripadvisor.com, et r\u00e9serv\u00e9es d\u00e9but novembre 2015 sur Booking.com (annulables sans frais) sauf 2 en direct. Chambre triple, petits d\u00e9jeuners inclus pour 3= 126\u20ac par nuit en moyenne, mais tous situ\u00e9s dans l\u2019hyper centre des villes pr\u00e8s des sites \u00e0 visiter.<\/li>\n<\/ul>\n<ul>\n<li><strong>La nourriture<\/strong>\u00a0: copieux petits d\u00e9jeuners \u00e0 l\u2019h\u00f4tel, en-cas le midi (chips\/tomates\/fruits- ou ros\u00e9\/tapas \u00e0 10\u20ac\/3 pers.), restos le soir (43\u20ac\/3 pers. en moyenne), tr\u00e8s bonne surprise surtout avec 2 v\u00e9g\u00e9tariens\u00a0!<\/li>\n<\/ul>\n<ul>\n<li><strong>Les 3 visites majeures<\/strong> r\u00e9serv\u00e9es sur internet 2 mois avant\u00a0: Alcazar de S\u00e9ville (46,5\u20ac pour 3), Mezquita de Cordoue (36\u20ac pour 3, de nuit***), Alhambra de Grenade (41,2\u20ac pour 3), tarif senior si + de 65 ans. Budget global toutes visites \u00e0 161\u20ac\/pers.<\/li>\n<\/ul>\n<ul>\n<li><strong>Le budget global<\/strong> de 5040.\u20ac dans NOS conditions, soit 1680.\u20ac\/adulte.<\/li>\n<\/ul>\n<ul>\n<li><strong>La pr\u00e9paration<\/strong>\u00a0: s\u00e9rieusement depuis 07\/2015 avec cartes routi\u00e8res, guide \u00ab\u00a0Voir\u00a0\u00bb de Hachette, internet et \u00ab\u00a0voyage forum.com\u00a0\u00bb, avis publics ou priv\u00e9s.<\/li>\n<\/ul>\n<ul>\n<li><strong>La Non pr\u00e9paration<\/strong>\u00a0: Mai est aussi un mois de f\u00eates en Andalousie (surprises et d\u00e9couvertes)\u00a0: Nuit en Blanc\/musique-animations le samedi 14 \u00e0 Malaga, F\u00eate du quartier\/flamenco amateur le vendredi 20 devant l\u2019appartement Las Cruces \u00e0 S\u00e9ville, d\u00e9but de la F\u00e9ria de Cordoue le samedi 21, Corpus Christi avec procession, et c\u2019est un jour f\u00e9ri\u00e9 le jeudi 26 \u00e0 Grenade, procession le dimanche 29 \u00e0 Malaga.<\/li>\n<\/ul>\n<ul>\n<li><strong>Les \u00ab\u00a0bons points\u00a0\u00bb<\/strong>\u00a0: Soleil et ciel bleu tous les jours avec 22\u00b0C en arrivant, puis 26\/27\u00b0C et pointe (1 fois) \u00e0 32\u00b0C en arrivant \u00e0 Cordoue. Les Espagnols avec bonne humeur et disponibilit\u00e9, d\u00e9bit de paroles pas toujours capt\u00e9es\u00a0! La nature et les fleurs \u00e0 cette saison. Les villages blancs. L\u2019histoire, l\u2019architecture, les monuments majeurs dont la sublime <span style=\"color: #ff0000\">Mezquita<span style=\"color: #000000\">\/Mosqu\u00e9e-Cath\u00e9drale de Cordoue<\/span> <\/span>de nuit*** puis de jour (photo ci-dessus).<\/li>\n<\/ul>\n<ul>\n<li>Plus de 3600 photos avec un reflex Konica Minolta Dynax 5D (pour Fabien) et quelques autres prises par moi avec un compact Canon SX220HS \u2013 zoom de x14). Aucune retouche effectu\u00e9e sur les photos du blog et du CR. Pr\u00e8s de 370 sont en ligne, donc ce n&rsquo;est qu&rsquo;une s\u00e9lection pour vous attirer &#8230;<\/li>\n<\/ul>\n<p>Bonne lecture. <em>Fabien et Jean.<\/em><\/p>\n","protected":false},"excerpt":{"rendered":"<p>Ce blog est le compte rendu d\u2019un voyage de 18 jours en Andalousie \u00e0 compter du Vendredi 13\u2026 Mai 2016\u00a0: villes \u00e9tapes d\u00e9taill\u00e9es en partie.2 (en boucle sens horaire\u00a0: Malaga-Ronda-Cadix-S\u00e9ville-Cordoue-Baeza-Tabernas-Grenade-Orgiva-Malaga). Carte 1 de Malaga \u00e0 Cordoue: PdF non d\u00e9taill\u00e9e Carte 2 de Cordoue \u00e0 Malaga: PdF non d\u00e9taill\u00e9e Carte de Malaga \u00e0 Cordoue \u00a0 \u00a0\u00a0 [&hellip;]<\/p>\n","protected":false},"author":2,"featured_media":114,"parent":0,"menu_order":0,"comment_status":"closed","ping_status":"closed","template":"","meta":{"footnotes":""},"class_list":["post-4","page","type-page","status-publish","has-post-thumbnail","hentry"],"_links":{"self":[{"href":"https:\/\/blogs.crespel.me\/andalousie\/wp-json\/wp\/v2\/pages\/4","targetHints":{"allow":["GET"]}}],"collection":[{"href":"https:\/\/blogs.crespel.me\/andalousie\/wp-json\/wp\/v2\/pages"}],"about":[{"href":"https:\/\/blogs.crespel.me\/andalousie\/wp-json\/wp\/v2\/types\/page"}],"author":[{"embeddable":true,"href":"https:\/\/blogs.crespel.me\/andalousie\/wp-json\/wp\/v2\/users\/2"}],"replies":[{"embeddable":true,"href":"https:\/\/blogs.crespel.me\/andalousie\/wp-json\/wp\/v2\/comments?post=4"}],"version-history":[{"count":17,"href":"https:\/\/blogs.crespel.me\/andalousie\/wp-json\/wp\/v2\/pages\/4\/revisions"}],"predecessor-version":[{"id":582,"href":"https:\/\/blogs.crespel.me\/andalousie\/wp-json\/wp\/v2\/pages\/4\/revisions\/582"}],"wp:featuredmedia":[{"embeddable":true,"href":"https:\/\/blogs.crespel.me\/andalousie\/wp-json\/wp\/v2\/media\/114"}],"wp:attachment":[{"href":"https:\/\/blogs.crespel.me\/andalousie\/wp-json\/wp\/v2\/media?parent=4"}],"curies":[{"name":"wp","href":"https:\/\/api.w.org\/{rel}","templated":true}]}}